{"id":7626,"date":"2024-12-30T21:22:13","date_gmt":"2024-12-30T20:22:13","guid":{"rendered":"http:\/\/meblek88.webd.pro\/meblekuchenne\/?post_type=product&#038;p=7626"},"modified":"2026-04-07T17:13:04","modified_gmt":"2026-04-07T15:13:04","slug":"zestaw-220-1","status":"publish","type":"product","link":"https:\/\/meblekuchenne.pl\/sklep\/product\/zestaw-220-1\/","title":{"rendered":"Zestaw mebli kuchennych <br>220 cm Nr 3"},"content":{"rendered":"<h2><strong>Zestaw mebli kuchennych 220 cm Nr 3<\/strong><\/h2>\n<p>Zestaw mebli kuchennych renomowanego polskiego producenta Kam o d\u0142ugo\u015bci 220 cm w dw\u00f3ch kolorach. Pierwszy to bia\u0142a platyna, a drugi to d\u0105b z\u0142oty. Mo\u017cesz dowolnie miesza\u0107 te kolory, tak jak jest to pokazane na zdj\u0119ciach lub postawi\u0107 na kuchni\u0119 w eleganckiej bieli. To warta uwagi propozycja je\u015bli szukasz taniej kuchni. Tymi meblami zaaran\u017cujesz niewielk\u0105 przestrze\u0144 zar\u00f3wno w stylu nowoczesnym jak i klasycznym.<\/p>\n<p>W sk\u0142ad zestawu kuchennego wchodzi 7 szafek. Meble te ze wzgl\u0119du na swoj\u0105 wielko\u015b\u0107 przeznaczone s\u0105 zdecydowanie do ma\u0142ych kuchni. To tani zestaw mebli do pomieszcze\u0144 w kt\u00f3rych ka\u017cdy centymetr ma znaczenie, a jednak r\u00f3wnie wa\u017cna jest funkcjonalno\u015b\u0107 i nowoczesno\u015b\u0107. Podsumowuj\u0105c, ten konkretny zestaw tanich mebli kuchennych Kam bez w\u0105tpienia znajdzie zastosowanie w wielu r\u00f3\u017cnych pomieszczeniach.<\/p>\n<h3><strong>Zestaw mebli kuchennych 220 cm Nr 3<\/strong><\/h3>\n<p>zawiera szafki dolne i szafki wisz\u0105ce, w tym r\u00f3wnie\u017c szafk\u0119 zlewow\u0105 60 cm. Ponadto szafk\u0119 do zabudowy piekarnika, \u017ceby kuchnia wygl\u0105da\u0142a jeszcze nowocze\u015bniej. Blat nie wchodzi w sk\u0142ad prezentowanego zestawu, ale istnieje mo\u017cliwo\u015b\u0107 dokupienia go w naszym sklepie.<\/p>\n<p>SET DZ60.1 &#8211; szafka zlewowa<br \/>\nSET D50.1 &#8211; szafka dolna o szeroko\u015bci 50 cm<br \/>\nSET DS50\/1 &#8211; szafka dolna szer. 50 cm z jedn\u0105 szuflad\u0105<br \/>\nSET DP60 &#8211; szafka pod zabudow\u0119 piekarnika<\/p>\n<p>SET W60.1\/71 &#8211; szafka wisz\u0105ca otwierana podchwytem<br \/>\nSET W50.1\/71 &#8211; szafka wisz\u0105ca otwierana podchwytem<br \/>\nSET W50.1\/71 &#8211; szafka wisz\u0105ca otwierana podchwytem<\/p>\n<p>SET COK\u00d3\u0141 200 o d\u0142ugo\u015bci 200 i wysoko\u015bci 10 cm<br \/>\nSET COK\u00d3\u0141 200 o d\u0142ugo\u015bci 200 i wysoko\u015bci 10 cm<\/p>\n<h3>Materia\u0142 wykonania prezentowanych mebli kuchennych:<\/h3>\n<ol>\n<li>fronty laminowane o grubo\u015bci 18 mm w kolorze d\u0105b z\u0142oty lub bia\u0142y platynowy<\/li>\n<li>korpus bia\u0142y o grubo\u015bci 16 mm<\/li>\n<li>uchwyt metalowy w szafkach dolnych i s\u0142upkach<\/li>\n<li>szafki wisz\u0105ce bez uchwytu ze sp\u0142yconym wie\u0144cem &#8211; otwieranie podchwytem<\/li>\n<\/ol>\n","protected":false},"excerpt":{"rendered":"<p>Zestaw mebli kuchennych Kam 220 cm to doskona\u0142a propozycja dla ma\u0142ych kuchni. Meble w kolorze bia\u0142a platyna i d\u0105b z\u0142oty mog\u0105 by\u0107 dowolnie mieszane. W sk\u0142ad zestawu wchodzi 7 szafek, w tym szafka zlewowa 60 cm i szafka pod zabudow\u0119 piekarnika. Fronty laminowane o grubo\u015bci 18 mm, korpusy bia\u0142e o grubo\u015bci 16 mm, metalowe uchwyty. Idealne do nowoczesnych aran\u017cacji ma\u0142ych przestrzeni. Cena nie uwzgl\u0119dnia blatu.<\/p>\n","protected":false},"featured_media":7631,"template":"","meta":[],"product_brand":[710],"product_cat":[15,455,458,462],"product_tag":[91,82,83,80,92,81,87,90,79,84,89,88,86,78],"class_list":{"0":"post-7626","1":"product","2":"type-product","3":"status-publish","4":"has-post-thumbnail","6":"product_brand-meble-kam","7":"product_cat-uncategorized","8":"product_cat-tanie-kuchnie","9":"product_cat-kam-set","10":"product_cat-zestaw-mebli-kuchennych-220-cm","11":"product_tag-aranzacja-kuchni","12":"product_tag-biala-platyna","13":"product_tag-dab-zloty","14":"product_tag-kuchnia-220-cm","15":"product_tag-laminowane-fronty-kuchenne","16":"product_tag-male-kuchnie","17":"product_tag-meble-do-kuchni","18":"product_tag-meble-kuchenne-do-malych-pomieszczen","19":"product_tag-meble-kuchenne-kam","20":"product_tag-nowoczesne-meble-kuchenne","21":"product_tag-szafka-pod-zabudowe-piekarnika","22":"product_tag-szafka-zlewowa","23":"product_tag-tani-zestaw-mebli","24":"product_tag-zestaw-mebli-kuchennych","25":"product_shipping_class-zestawy","27":"first","28":"instock","29":"shipping-taxable","30":"purchasable","31":"product-type-variable"},"yoast_head":"<!-- This site is optimized with the Yoast SEO Premium plugin v25.0 (Yoast SEO v25.0) - https:\/\/yoast.com\/wordpress\/plugins\/seo\/ -->\n<title>Zestaw mebli kuchennych 220 cm Nr 3 - MebleKuchenne.PL - SKLEP<\/title>\n<meta name=\"description\" content=\"Zestaw mebli kuchennych 220 cm w kolorze bia\u0142a platyna lub d\u0105b z\u0142oty. Idealny do ma\u0142ych, nowoczesnych kuchni, zawiera 7 szafek w tym zlewow\u0105 i pod piekarnik\" \/>\n<meta name=\"robots\" content=\"index, follow, max-snippet:-1, max-image-preview:large, max-video-preview:-1\" \/>\n<link rel=\"canonical\" href=\"https:\/\/meblekuchenne.pl\/sklep\/product\/zestaw-220-1\/\" \/>\n<meta property=\"og:locale\" content=\"pl_PL\" \/>\n<meta property=\"og:type\" content=\"article\" \/>\n<meta property=\"og:title\" content=\"Zestaw mebli kuchennych 220 cm Nr 3\" \/>\n<meta property=\"og:description\" content=\"Zestaw mebli kuchennych 220 cm w kolorze bia\u0142a platyna lub d\u0105b z\u0142oty. Idealny do ma\u0142ych, nowoczesnych kuchni, zawiera 7 szafek w tym zlewow\u0105 i pod piekarnik\" \/>\n<meta property=\"og:url\" content=\"https:\/\/meblekuchenne.pl\/sklep\/product\/zestaw-220-1\/\" \/>\n<meta property=\"og:site_name\" content=\"MebleKuchenne.PL - SKLEP\" \/>\n<meta property=\"article:modified_time\" content=\"2026-04-07T15:13:04+00:00\" \/>\n<meta property=\"og:image\" content=\"https:\/\/meblekuchenne.pl\/sklep\/wp-content\/uploads\/2024\/12\/zestaw-2203-_w.webp\" \/>\n\t<meta property=\"og:image:width\" content=\"1920\" \/>\n\t<meta property=\"og:image:height\" content=\"1080\" \/>\n\t<meta property=\"og:image:type\" content=\"image\/webp\" \/>\n<meta name=\"twitter:card\" content=\"summary_large_image\" \/>\n<meta name=\"twitter:label1\" content=\"Dost\u0119pno\u015b\u0107\" \/>\n\t<meta name=\"twitter:data1\" content=\"Dost\u0119pny\" \/>\n<script type=\"application\/ld+json\" class=\"yoast-schema-graph\">{\"@context\":\"https:\/\/schema.org\",\"@graph\":[{\"@type\":\"WebPage\",\"@id\":\"https:\/\/meblekuchenne.pl\/sklep\/product\/zestaw-220-1\/\",\"url\":\"https:\/\/meblekuchenne.pl\/sklep\/product\/zestaw-220-1\/\",\"name\":\"Zestaw mebli kuchennych 220 cm Nr 3 - MebleKuchenne.PL - SKLEP\",\"isPartOf\":{\"@id\":\"https:\/\/meblekuchenne.pl\/sklep\/#website\"},\"primaryImageOfPage\":{\"@id\":\"https:\/\/meblekuchenne.pl\/sklep\/product\/zestaw-220-1\/#primaryimage\"},\"image\":{\"@id\":\"https:\/\/meblekuchenne.pl\/sklep\/product\/zestaw-220-1\/#primaryimage\"},\"thumbnailUrl\":\"https:\/\/meblekuchenne.pl\/sklep\/wp-content\/uploads\/2024\/12\/zestaw-2203-_w.webp\",\"datePublished\":\"2024-12-30T20:22:13+00:00\",\"dateModified\":\"2026-04-07T15:13:04+00:00\",\"description\":\"Zestaw mebli kuchennych 220 cm w kolorze bia\u0142a platyna lub d\u0105b z\u0142oty. Idealny do ma\u0142ych, nowoczesnych kuchni, zawiera 7 szafek w tym zlewow\u0105 i pod piekarnik\",\"breadcrumb\":{\"@id\":\"https:\/\/meblekuchenne.pl\/sklep\/product\/zestaw-220-1\/#breadcrumb\"},\"inLanguage\":\"pl-PL\",\"potentialAction\":[{\"@type\":\"ReadAction\",\"target\":[\"https:\/\/meblekuchenne.pl\/sklep\/product\/zestaw-220-1\/\"]}]},{\"@type\":\"ImageObject\",\"inLanguage\":\"pl-PL\",\"@id\":\"https:\/\/meblekuchenne.pl\/sklep\/product\/zestaw-220-1\/#primaryimage\",\"url\":\"https:\/\/meblekuchenne.pl\/sklep\/wp-content\/uploads\/2024\/12\/zestaw-2203-_w.webp\",\"contentUrl\":\"https:\/\/meblekuchenne.pl\/sklep\/wp-content\/uploads\/2024\/12\/zestaw-2203-_w.webp\",\"width\":1920,\"height\":1080},{\"@type\":\"BreadcrumbList\",\"@id\":\"https:\/\/meblekuchenne.pl\/sklep\/product\/zestaw-220-1\/#breadcrumb\",\"itemListElement\":[{\"@type\":\"ListItem\",\"position\":1,\"name\":\"Strona g\u0142\u00f3wna\",\"item\":\"https:\/\/meblekuchenne.pl\/sklep\/\"},{\"@type\":\"ListItem\",\"position\":2,\"name\":\"Sklep\",\"item\":\"https:\/\/meblekuchenne.pl\/sklep\/sklep\/\"},{\"@type\":\"ListItem\",\"position\":3,\"name\":\"Zestaw mebli kuchennych 220 cm Nr 3\"}]},{\"@type\":\"WebSite\",\"@id\":\"https:\/\/meblekuchenne.pl\/sklep\/#website\",\"url\":\"https:\/\/meblekuchenne.pl\/sklep\/\",\"name\":\"MebleKuchenne.PL - SKLEP\",\"description\":\"\",\"publisher\":{\"@id\":\"https:\/\/meblekuchenne.pl\/sklep\/#organization\"},\"potentialAction\":[{\"@type\":\"SearchAction\",\"target\":{\"@type\":\"EntryPoint\",\"urlTemplate\":\"https:\/\/meblekuchenne.pl\/sklep\/?s={search_term_string}\"},\"query-input\":{\"@type\":\"PropertyValueSpecification\",\"valueRequired\":true,\"valueName\":\"search_term_string\"}}],\"inLanguage\":\"pl-PL\"},{\"@type\":\"Organization\",\"@id\":\"https:\/\/meblekuchenne.pl\/sklep\/#organization\",\"name\":\"MebleKuchenne.PL - SKLEP\",\"url\":\"https:\/\/meblekuchenne.pl\/sklep\/\",\"logo\":{\"@type\":\"ImageObject\",\"inLanguage\":\"pl-PL\",\"@id\":\"https:\/\/meblekuchenne.pl\/sklep\/#\/schema\/logo\/image\/\",\"url\":\"https:\/\/meblekuchenne.pl\/sklep\/wp-content\/uploads\/2025\/06\/cropped-cropped-logo.webp\",\"contentUrl\":\"https:\/\/meblekuchenne.pl\/sklep\/wp-content\/uploads\/2025\/06\/cropped-cropped-logo.webp\",\"width\":735,\"height\":715,\"caption\":\"MebleKuchenne.PL - SKLEP\"},\"image\":{\"@id\":\"https:\/\/meblekuchenne.pl\/sklep\/#\/schema\/logo\/image\/\"}}]}<\/script>\n<meta property=\"og:availability\" content=\"instock\" \/>\n<meta property=\"product:availability\" content=\"instock\" \/>\n<meta property=\"product:retailer_item_id\" content=\"Zes220-3\" \/>\n<meta property=\"product:condition\" content=\"new\" \/>\n<!-- \/ Yoast SEO Premium plugin. -->","yoast_head_json":{"title":"Zestaw mebli kuchennych 220 cm Nr 3 - MebleKuchenne.PL - SKLEP","description":"Zestaw mebli kuchennych 220 cm w kolorze bia\u0142a platyna lub d\u0105b z\u0142oty. Idealny do ma\u0142ych, nowoczesnych kuchni, zawiera 7 szafek w tym zlewow\u0105 i pod piekarnik","robots":{"index":"index","follow":"follow","max-snippet":"max-snippet:-1","max-image-preview":"max-image-preview:large","max-video-preview":"max-video-preview:-1"},"canonical":"https:\/\/meblekuchenne.pl\/sklep\/product\/zestaw-220-1\/","og_locale":"pl_PL","og_type":"article","og_title":"Zestaw mebli kuchennych 220 cm Nr 3","og_description":"Zestaw mebli kuchennych 220 cm w kolorze bia\u0142a platyna lub d\u0105b z\u0142oty. Idealny do ma\u0142ych, nowoczesnych kuchni, zawiera 7 szafek w tym zlewow\u0105 i pod piekarnik","og_url":"https:\/\/meblekuchenne.pl\/sklep\/product\/zestaw-220-1\/","og_site_name":"MebleKuchenne.PL - SKLEP","article_modified_time":"2026-04-07T15:13:04+00:00","og_image":[{"width":1920,"height":1080,"url":"https:\/\/meblekuchenne.pl\/sklep\/wp-content\/uploads\/2024\/12\/zestaw-2203-_w.webp","type":"image\/webp"}],"twitter_card":"summary_large_image","twitter_misc":{"Dost\u0119pno\u015b\u0107":"Dost\u0119pny"},"schema":{"@context":"https:\/\/schema.org","@graph":[{"@type":"WebPage","@id":"https:\/\/meblekuchenne.pl\/sklep\/product\/zestaw-220-1\/","url":"https:\/\/meblekuchenne.pl\/sklep\/product\/zestaw-220-1\/","name":"Zestaw mebli kuchennych 220 cm Nr 3 - MebleKuchenne.PL - SKLEP","isPartOf":{"@id":"https:\/\/meblekuchenne.pl\/sklep\/#website"},"primaryImageOfPage":{"@id":"https:\/\/meblekuchenne.pl\/sklep\/product\/zestaw-220-1\/#primaryimage"},"image":{"@id":"https:\/\/meblekuchenne.pl\/sklep\/product\/zestaw-220-1\/#primaryimage"},"thumbnailUrl":"https:\/\/meblekuchenne.pl\/sklep\/wp-content\/uploads\/2024\/12\/zestaw-2203-_w.webp","datePublished":"2024-12-30T20:22:13+00:00","dateModified":"2026-04-07T15:13:04+00:00","description":"Zestaw mebli kuchennych 220 cm w kolorze bia\u0142a platyna lub d\u0105b z\u0142oty. Idealny do ma\u0142ych, nowoczesnych kuchni, zawiera 7 szafek w tym zlewow\u0105 i pod piekarnik","breadcrumb":{"@id":"https:\/\/meblekuchenne.pl\/sklep\/product\/zestaw-220-1\/#breadcrumb"},"inLanguage":"pl-PL","potentialAction":[{"@type":"ReadAction","target":["https:\/\/meblekuchenne.pl\/sklep\/product\/zestaw-220-1\/"]}]},{"@type":"ImageObject","inLanguage":"pl-PL","@id":"https:\/\/meblekuchenne.pl\/sklep\/product\/zestaw-220-1\/#primaryimage","url":"https:\/\/meblekuchenne.pl\/sklep\/wp-content\/uploads\/2024\/12\/zestaw-2203-_w.webp","contentUrl":"https:\/\/meblekuchenne.pl\/sklep\/wp-content\/uploads\/2024\/12\/zestaw-2203-_w.webp","width":1920,"height":1080},{"@type":"BreadcrumbList","@id":"https:\/\/meblekuchenne.pl\/sklep\/product\/zestaw-220-1\/#breadcrumb","itemListElement":[{"@type":"ListItem","position":1,"name":"Strona g\u0142\u00f3wna","item":"https:\/\/meblekuchenne.pl\/sklep\/"},{"@type":"ListItem","position":2,"name":"Sklep","item":"https:\/\/meblekuchenne.pl\/sklep\/sklep\/"},{"@type":"ListItem","position":3,"name":"Zestaw mebli kuchennych 220 cm Nr 3"}]},{"@type":"WebSite","@id":"https:\/\/meblekuchenne.pl\/sklep\/#website","url":"https:\/\/meblekuchenne.pl\/sklep\/","name":"MebleKuchenne.PL - SKLEP","description":"","publisher":{"@id":"https:\/\/meblekuchenne.pl\/sklep\/#organization"},"potentialAction":[{"@type":"SearchAction","target":{"@type":"EntryPoint","urlTemplate":"https:\/\/meblekuchenne.pl\/sklep\/?s={search_term_string}"},"query-input":{"@type":"PropertyValueSpecification","valueRequired":true,"valueName":"search_term_string"}}],"inLanguage":"pl-PL"},{"@type":"Organization","@id":"https:\/\/meblekuchenne.pl\/sklep\/#organization","name":"MebleKuchenne.PL - SKLEP","url":"https:\/\/meblekuchenne.pl\/sklep\/","logo":{"@type":"ImageObject","inLanguage":"pl-PL","@id":"https:\/\/meblekuchenne.pl\/sklep\/#\/schema\/logo\/image\/","url":"https:\/\/meblekuchenne.pl\/sklep\/wp-content\/uploads\/2025\/06\/cropped-cropped-logo.webp","contentUrl":"https:\/\/meblekuchenne.pl\/sklep\/wp-content\/uploads\/2025\/06\/cropped-cropped-logo.webp","width":735,"height":715,"caption":"MebleKuchenne.PL - SKLEP"},"image":{"@id":"https:\/\/meblekuchenne.pl\/sklep\/#\/schema\/logo\/image\/"}}]},"og_availability":"instock","product_availability":"instock","product_retailer_item_id":"Zes220-3","product_condition":"new"},"_links":{"self":[{"href":"https:\/\/meblekuchenne.pl\/sklep\/wp-json\/wp\/v2\/product\/7626","targetHints":{"allow":["GET"]}}],"collection":[{"href":"https:\/\/meblekuchenne.pl\/sklep\/wp-json\/wp\/v2\/product"}],"about":[{"href":"https:\/\/meblekuchenne.pl\/sklep\/wp-json\/wp\/v2\/types\/product"}],"wp:featuredmedia":[{"embeddable":true,"href":"https:\/\/meblekuchenne.pl\/sklep\/wp-json\/wp\/v2\/media\/7631"}],"wp:attachment":[{"href":"https:\/\/meblekuchenne.pl\/sklep\/wp-json\/wp\/v2\/media?parent=7626"}],"wp:term":[{"taxonomy":"product_brand","embeddable":true,"href":"https:\/\/meblekuchenne.pl\/sklep\/wp-json\/wp\/v2\/product_brand?post=7626"},{"taxonomy":"product_cat","embeddable":true,"href":"https:\/\/meblekuchenne.pl\/sklep\/wp-json\/wp\/v2\/product_cat?post=7626"},{"taxonomy":"product_tag","embeddable":true,"href":"https:\/\/meblekuchenne.pl\/sklep\/wp-json\/wp\/v2\/product_tag?post=7626"}],"curies":[{"name":"wp","href":"https:\/\/api.w.org\/{rel}","templated":true}]}}