{"id":53137,"date":"2025-02-21T20:30:58","date_gmt":"2025-02-21T19:30:58","guid":{"rendered":"https:\/\/meblekuchenne.pl\/sklep\/?post_type=product&#038;p=53137"},"modified":"2026-04-01T13:39:08","modified_gmt":"2026-04-01T11:39:08","slug":"polka-wiszaca-gleboka-bwb20uni18-100-w-kolorze-frontow-z-grupy-p2-meble-kam","status":"publish","type":"product","link":"https:\/\/meblekuchenne.pl\/sklep\/product\/polka-wiszaca-gleboka-bwb20uni18-100-w-kolorze-frontow-z-grupy-p2-meble-kam\/","title":{"rendered":"P\u00f3\u0142ka wisz\u0105ca g\u0142\u0119boka BWB20UNI18\/100 w kolorze front\u00f3w z grupy P2 &#8211; meble Kam"},"content":{"rendered":"<h2 data-start=\"0\" data-end=\"81\">P\u00f3\u0142ka wisz\u0105ca g\u0142\u0119boka BWB20UNI18\/100 w kolorze front\u00f3w z grupy P2<\/h2>\n<h3 data-start=\"0\" data-end=\"81\">Szafka BWB20UNI18\/100 \u2013 g\u0142\u0119boka p\u00f3\u0142ka wisz\u0105ca mebli Kam<\/h3>\n<p data-start=\"83\" data-end=\"500\">Szafka <strong data-start=\"90\" data-end=\"108\">BWB20UNI18\/100<\/strong> to nowoczesna p\u00f3\u0142ka wisz\u0105ca bez frontu, kt\u00f3ra \u0142\u0105czy funkcjonalno\u015b\u0107 z eleganckim designem. Produkt z serii BWB..UNI18\/.. wyr\u00f3\u017cnia si\u0119 g\u0142\u0119boko\u015bci\u0105 <strong data-start=\"253\" data-end=\"262\">36 cm<\/strong>, co zapewnia dodatkow\u0105 przestrze\u0144 do przechowywania, oraz kompaktow\u0105 szeroko\u015bci\u0105 <strong data-start=\"344\" data-end=\"353\">20 cm<\/strong>. Jej imponuj\u0105ca wysoko\u015b\u0107 <strong data-start=\"379\" data-end=\"389\">100 cm<\/strong> sprawia, \u017ce idealnie nadaje si\u0119 do zabudowy mebli Kam, oferuj\u0105c praktyczne rozwi\u0105zanie do organizacji wn\u0119trza.<\/p>\n<h3 data-start=\"502\" data-end=\"547\">Idealnie dopasowane meble kuchenne<\/h3>\n<p data-start=\"549\" data-end=\"992\">Dzi\u0119ki systemowi modu\u0142owemu, szafka BWB20UNI18\/100 mo\u017cna \u0142atwo zintegrowa\u0107 z reszt\u0105 zabudowy kuchennej. Produkt zosta\u0142 zaprojektowany z my\u015bl\u0105 o nowoczesnych aran\u017cacjach, gdzie liczy si\u0119 zar\u00f3wno estetyka, jak i funkcjonalno\u015b\u0107. Szafka jest dost\u0119pna w wielu wariantach kolorystycznych z grupy <strong data-start=\"845\" data-end=\"851\">P2<\/strong> \u2013 wyb\u00f3r kolor\u00f3w odbywa si\u0119 z menu, co pozwala idealnie dopasowa\u0107 go do wybranego stylu mebli, bez konieczno\u015bci kompromisu w kwestii designu.<\/p>\n<h3 data-start=\"994\" data-end=\"1012\">Cechy produktu<\/h3>\n<p data-start=\"1014\" data-end=\"1638\">\u2714 <strong data-start=\"1016\" data-end=\"1030\">Szeroko\u015b\u0107:<\/strong> 20 cm \u2013 kompaktowy rozmiar do w\u0105skich przestrzeni<br data-start=\"1080\" data-end=\"1083\" \/>\u2714 <strong data-start=\"1085\" data-end=\"1098\">Wysoko\u015b\u0107:<\/strong> 100 cm \u2013 wysoka p\u00f3\u0142ka do przechowywania wi\u0119kszych przedmiot\u00f3w<br data-start=\"1160\" data-end=\"1163\" \/>\u2714 <strong data-start=\"1165\" data-end=\"1179\">G\u0142\u0119boko\u015b\u0107:<\/strong> 36 cm \u2013 dodatkowa przestrze\u0144 wewn\u0119trzna<br data-start=\"1219\" data-end=\"1222\" \/>\u2714 <strong data-start=\"1224\" data-end=\"1249\">Kolor:<\/strong> dost\u0119pny w wariantach kolorystycznych z grupy P2 (m.in. d\u0105b hikora, d\u0105b nebraska, d\u0105b z\u0142oty, d\u0105b arlington, d\u0105b estana, d\u0105b belmont, d\u0105b vicenza, jode\u0142ka, san sebastian, marmur crystal, marmur calacatta, kaszmir, bia\u0142y platynowy, cappuccino) \u2013 wybierz idealny odcie\u0144 dla swojej zabudowy<br data-start=\"1536\" data-end=\"1539\" data-is-only-node=\"\" \/>\u2714 <strong data-start=\"1541\" data-end=\"1569\">Bezfrontowa konstrukcja<\/strong><\/p>\n<h3 data-start=\"1640\" data-end=\"1688\">Dlaczego warto wybra\u0107 szafk\u0119?<\/h3>\n<p data-start=\"1690\" data-end=\"1763\">Te meble kuchenne to doskona\u0142e rozwi\u0105zanie dla os\u00f3b, kt\u00f3re poszukuj\u0105:<\/p>\n<ul data-start=\"1764\" data-end=\"2126\">\n<li data-start=\"1764\" data-end=\"1858\"><strong data-start=\"1766\" data-end=\"1796\">Funkcjonalnego rozwi\u0105zania<\/strong> \u2013 optymalna organizacja przestrzeni dzi\u0119ki g\u0142\u0119boko\u015bci 36 cm<\/li>\n<li data-start=\"1859\" data-end=\"1984\"><strong data-start=\"1861\" data-end=\"1896\">Estetyki i nowoczesnego designu<\/strong> \u2013korpus dost\u0119pny w wielu kolorach z grupy P2, \u0142atwo dopasowuje si\u0119 do ka\u017cdej zabudowy<\/li>\n<li data-start=\"1985\" data-end=\"2126\"><strong data-start=\"1987\" data-end=\"2018\">Uniwersalno\u015bci zastosowania<\/strong> \u2013 produkt idealny do kuchni, jadalni czy biura, gdzie potrzebna jest dodatkowa przestrze\u0144 na przechowywanie<\/li>\n<\/ul>\n<p data-start=\"2128\" data-end=\"2293\" data-is-last-node=\"\" data-is-only-node=\"\">Wybierz <strong data-start=\"2136\" data-end=\"2161\">szafk\u0119 BWB20UNI18\/100<\/strong> z kolekcji meble Kam i ciesz si\u0119 eleganckim oraz praktycznym rozwi\u0105zaniem, kt\u00f3re doskonale komponuje si\u0119 z Twoj\u0105 aran\u017cacj\u0105 wn\u0119trza!<\/p>\n","protected":false},"excerpt":{"rendered":"<h2 data-start=\"0\" data-end=\"81\">P\u00f3\u0142ka wisz\u0105ca g\u0142\u0119boka BWB20UNI18\/100 w kolorze front\u00f3w z grupy P2<\/h2>\n<h3 data-start=\"0\" data-end=\"81\">Szafka BWB20UNI18\/100 \u2013 g\u0142\u0119boka p\u00f3\u0142ka wisz\u0105ca<\/h3>\n<p data-start=\"83\" data-end=\"500\">Szafka <strong data-start=\"90\" data-end=\"108\">BWB20UNI18\/100<\/strong> to nowoczesna p\u00f3\u0142ka wisz\u0105ca, kt\u00f3ra \u0142\u0105czy funkcjonalno\u015b\u0107 z eleganckim designem.<\/p>\n","protected":false},"featured_media":60210,"template":"","meta":[],"product_brand":[710],"product_cat":[799,801,778,775,454,474,498,551],"product_tag":[],"class_list":{"0":"post-53137","1":"product","2":"type-product","3":"status-publish","4":"has-post-thumbnail","6":"product_brand-meble-kam","7":"product_cat-elementy-wykonczeniowe-sklep","8":"product_cat-polki-scienne-sklep","9":"product_cat-szafki-kuchenne-wiszace-sklep","10":"product_cat-wszystko","11":"product_cat-meble-kam-mono","12":"product_cat-szafki-wiszace","13":"product_cat-szafki-wiszace-100","14":"product_cat-polki-otwarte-szafki-wiszace-100","15":"product_shipping_class-szafka-wiszaca-kam","17":"first","18":"instock","19":"shipping-taxable","20":"purchasable","21":"product-type-simple"},"yoast_head":"<!-- This site is optimized with the Yoast SEO Premium plugin v25.0 (Yoast SEO v25.0) - https:\/\/yoast.com\/wordpress\/plugins\/seo\/ -->\n<title>P\u00f3\u0142ka wisz\u0105ca g\u0142\u0119boka BWB20UNI18\/100<\/title>\n<meta name=\"description\" content=\"P\u00f3\u0142ka wisz\u0105ca g\u0142\u0119boka BWB20UNI18\/100 w kolorze front\u00f3w z grupy P2 to nowoczesna p\u00f3\u0142ka wisz\u0105ca z frontem, kt\u00f3ra \u0142\u0105czy funkcjonalno\u015b\u0107 z eleganckim designem.\" \/>\n<meta name=\"robots\" content=\"index, follow, max-snippet:-1, max-image-preview:large, max-video-preview:-1\" \/>\n<link rel=\"canonical\" href=\"https:\/\/meblekuchenne.pl\/sklep\/product\/polka-wiszaca-gleboka-bwb20uni18-100-w-kolorze-frontow-z-grupy-p2-meble-kam\/\" \/>\n<meta property=\"og:locale\" content=\"pl_PL\" \/>\n<meta property=\"og:type\" content=\"article\" \/>\n<meta property=\"og:title\" content=\"P\u00f3\u0142ka wisz\u0105ca g\u0142\u0119boka BWB20UNI18\/100 w kolorze front\u00f3w z grupy P2 - meble Kam\" \/>\n<meta property=\"og:description\" content=\"P\u00f3\u0142ka wisz\u0105ca g\u0142\u0119boka BWB20UNI18\/100 w kolorze front\u00f3w z grupy P2 to nowoczesna p\u00f3\u0142ka wisz\u0105ca z frontem, kt\u00f3ra \u0142\u0105czy funkcjonalno\u015b\u0107 z eleganckim designem.\" \/>\n<meta property=\"og:url\" content=\"https:\/\/meblekuchenne.pl\/sklep\/product\/polka-wiszaca-gleboka-bwb20uni18-100-w-kolorze-frontow-z-grupy-p2-meble-kam\/\" \/>\n<meta property=\"og:site_name\" content=\"MebleKuchenne.PL - SKLEP\" \/>\n<meta property=\"article:modified_time\" content=\"2026-04-01T11:39:08+00:00\" \/>\n<meta property=\"og:image\" content=\"https:\/\/meblekuchenne.pl\/sklep\/wp-content\/uploads\/2025\/02\/WB20UNI18-100.webp\" \/>\n\t<meta property=\"og:image:width\" content=\"1600\" \/>\n\t<meta property=\"og:image:height\" content=\"1080\" \/>\n\t<meta property=\"og:image:type\" content=\"image\/webp\" \/>\n<meta name=\"twitter:card\" content=\"summary_large_image\" \/>\n<meta name=\"twitter:label1\" content=\"Cena\" \/>\n\t<meta name=\"twitter:data1\" content=\"266,00&nbsp;&#122;&#322;\" \/>\n\t<meta name=\"twitter:label2\" content=\"Dost\u0119pno\u015b\u0107\" \/>\n\t<meta name=\"twitter:data2\" content=\"Dost\u0119pny\" \/>\n<script type=\"application\/ld+json\" class=\"yoast-schema-graph\">{\"@context\":\"https:\/\/schema.org\",\"@graph\":[{\"@type\":\"WebPage\",\"@id\":\"https:\/\/meblekuchenne.pl\/sklep\/product\/polka-wiszaca-gleboka-bwb20uni18-100-w-kolorze-frontow-z-grupy-p2-meble-kam\/\",\"url\":\"https:\/\/meblekuchenne.pl\/sklep\/product\/polka-wiszaca-gleboka-bwb20uni18-100-w-kolorze-frontow-z-grupy-p2-meble-kam\/\",\"name\":\"P\u00f3\u0142ka wisz\u0105ca g\u0142\u0119boka BWB20UNI18\/100\",\"isPartOf\":{\"@id\":\"https:\/\/meblekuchenne.pl\/sklep\/#website\"},\"primaryImageOfPage\":{\"@id\":\"https:\/\/meblekuchenne.pl\/sklep\/product\/polka-wiszaca-gleboka-bwb20uni18-100-w-kolorze-frontow-z-grupy-p2-meble-kam\/#primaryimage\"},\"image\":{\"@id\":\"https:\/\/meblekuchenne.pl\/sklep\/product\/polka-wiszaca-gleboka-bwb20uni18-100-w-kolorze-frontow-z-grupy-p2-meble-kam\/#primaryimage\"},\"thumbnailUrl\":\"https:\/\/meblekuchenne.pl\/sklep\/wp-content\/uploads\/2025\/02\/WB20UNI18-100.webp\",\"datePublished\":\"2025-02-21T19:30:58+00:00\",\"dateModified\":\"2026-04-01T11:39:08+00:00\",\"description\":\"P\u00f3\u0142ka wisz\u0105ca g\u0142\u0119boka BWB20UNI18\/100 w kolorze front\u00f3w z grupy P2 to nowoczesna p\u00f3\u0142ka wisz\u0105ca z frontem, kt\u00f3ra \u0142\u0105czy funkcjonalno\u015b\u0107 z eleganckim designem.\",\"breadcrumb\":{\"@id\":\"https:\/\/meblekuchenne.pl\/sklep\/product\/polka-wiszaca-gleboka-bwb20uni18-100-w-kolorze-frontow-z-grupy-p2-meble-kam\/#breadcrumb\"},\"inLanguage\":\"pl-PL\",\"potentialAction\":[{\"@type\":\"ReadAction\",\"target\":[\"https:\/\/meblekuchenne.pl\/sklep\/product\/polka-wiszaca-gleboka-bwb20uni18-100-w-kolorze-frontow-z-grupy-p2-meble-kam\/\"]}]},{\"@type\":\"ImageObject\",\"inLanguage\":\"pl-PL\",\"@id\":\"https:\/\/meblekuchenne.pl\/sklep\/product\/polka-wiszaca-gleboka-bwb20uni18-100-w-kolorze-frontow-z-grupy-p2-meble-kam\/#primaryimage\",\"url\":\"https:\/\/meblekuchenne.pl\/sklep\/wp-content\/uploads\/2025\/02\/WB20UNI18-100.webp\",\"contentUrl\":\"https:\/\/meblekuchenne.pl\/sklep\/wp-content\/uploads\/2025\/02\/WB20UNI18-100.webp\",\"width\":1600,\"height\":1080},{\"@type\":\"BreadcrumbList\",\"@id\":\"https:\/\/meblekuchenne.pl\/sklep\/product\/polka-wiszaca-gleboka-bwb20uni18-100-w-kolorze-frontow-z-grupy-p2-meble-kam\/#breadcrumb\",\"itemListElement\":[{\"@type\":\"ListItem\",\"position\":1,\"name\":\"Strona g\u0142\u00f3wna\",\"item\":\"https:\/\/meblekuchenne.pl\/sklep\/\"},{\"@type\":\"ListItem\",\"position\":2,\"name\":\"Sklep\",\"item\":\"https:\/\/meblekuchenne.pl\/sklep\/sklep\/\"},{\"@type\":\"ListItem\",\"position\":3,\"name\":\"P\u00f3\u0142ka wisz\u0105ca g\u0142\u0119boka BWB20UNI18\/100 w kolorze front\u00f3w z grupy P2 &#8211; meble Kam\"}]},{\"@type\":\"WebSite\",\"@id\":\"https:\/\/meblekuchenne.pl\/sklep\/#website\",\"url\":\"https:\/\/meblekuchenne.pl\/sklep\/\",\"name\":\"MebleKuchenne.PL - SKLEP\",\"description\":\"\",\"publisher\":{\"@id\":\"https:\/\/meblekuchenne.pl\/sklep\/#organization\"},\"potentialAction\":[{\"@type\":\"SearchAction\",\"target\":{\"@type\":\"EntryPoint\",\"urlTemplate\":\"https:\/\/meblekuchenne.pl\/sklep\/?s={search_term_string}\"},\"query-input\":{\"@type\":\"PropertyValueSpecification\",\"valueRequired\":true,\"valueName\":\"search_term_string\"}}],\"inLanguage\":\"pl-PL\"},{\"@type\":\"Organization\",\"@id\":\"https:\/\/meblekuchenne.pl\/sklep\/#organization\",\"name\":\"MebleKuchenne.PL - SKLEP\",\"url\":\"https:\/\/meblekuchenne.pl\/sklep\/\",\"logo\":{\"@type\":\"ImageObject\",\"inLanguage\":\"pl-PL\",\"@id\":\"https:\/\/meblekuchenne.pl\/sklep\/#\/schema\/logo\/image\/\",\"url\":\"https:\/\/meblekuchenne.pl\/sklep\/wp-content\/uploads\/2025\/06\/cropped-cropped-logo.webp\",\"contentUrl\":\"https:\/\/meblekuchenne.pl\/sklep\/wp-content\/uploads\/2025\/06\/cropped-cropped-logo.webp\",\"width\":735,\"height\":715,\"caption\":\"MebleKuchenne.PL - SKLEP\"},\"image\":{\"@id\":\"https:\/\/meblekuchenne.pl\/sklep\/#\/schema\/logo\/image\/\"}}]}<\/script>\n<meta property=\"product:price:amount\" content=\"266.00\" \/>\n<meta property=\"product:price:currency\" content=\"PLN\" \/>\n<meta property=\"og:availability\" content=\"instock\" \/>\n<meta property=\"product:availability\" content=\"instock\" \/>\n<meta property=\"product:condition\" content=\"new\" \/>\n<!-- \/ Yoast SEO Premium plugin. -->","yoast_head_json":{"title":"P\u00f3\u0142ka wisz\u0105ca g\u0142\u0119boka BWB20UNI18\/100","description":"P\u00f3\u0142ka wisz\u0105ca g\u0142\u0119boka BWB20UNI18\/100 w kolorze front\u00f3w z grupy P2 to nowoczesna p\u00f3\u0142ka wisz\u0105ca z frontem, kt\u00f3ra \u0142\u0105czy funkcjonalno\u015b\u0107 z eleganckim designem.","robots":{"index":"index","follow":"follow","max-snippet":"max-snippet:-1","max-image-preview":"max-image-preview:large","max-video-preview":"max-video-preview:-1"},"canonical":"https:\/\/meblekuchenne.pl\/sklep\/product\/polka-wiszaca-gleboka-bwb20uni18-100-w-kolorze-frontow-z-grupy-p2-meble-kam\/","og_locale":"pl_PL","og_type":"article","og_title":"P\u00f3\u0142ka wisz\u0105ca g\u0142\u0119boka BWB20UNI18\/100 w kolorze front\u00f3w z grupy P2 - meble Kam","og_description":"P\u00f3\u0142ka wisz\u0105ca g\u0142\u0119boka BWB20UNI18\/100 w kolorze front\u00f3w z grupy P2 to nowoczesna p\u00f3\u0142ka wisz\u0105ca z frontem, kt\u00f3ra \u0142\u0105czy funkcjonalno\u015b\u0107 z eleganckim designem.","og_url":"https:\/\/meblekuchenne.pl\/sklep\/product\/polka-wiszaca-gleboka-bwb20uni18-100-w-kolorze-frontow-z-grupy-p2-meble-kam\/","og_site_name":"MebleKuchenne.PL - SKLEP","article_modified_time":"2026-04-01T11:39:08+00:00","og_image":[{"width":1600,"height":1080,"url":"https:\/\/meblekuchenne.pl\/sklep\/wp-content\/uploads\/2025\/02\/WB20UNI18-100.webp","type":"image\/webp"}],"twitter_card":"summary_large_image","twitter_misc":{"Cena":"266,00&nbsp;&#122;&#322;","Dost\u0119pno\u015b\u0107":"Dost\u0119pny"},"schema":{"@context":"https:\/\/schema.org","@graph":[{"@type":"WebPage","@id":"https:\/\/meblekuchenne.pl\/sklep\/product\/polka-wiszaca-gleboka-bwb20uni18-100-w-kolorze-frontow-z-grupy-p2-meble-kam\/","url":"https:\/\/meblekuchenne.pl\/sklep\/product\/polka-wiszaca-gleboka-bwb20uni18-100-w-kolorze-frontow-z-grupy-p2-meble-kam\/","name":"P\u00f3\u0142ka wisz\u0105ca g\u0142\u0119boka BWB20UNI18\/100","isPartOf":{"@id":"https:\/\/meblekuchenne.pl\/sklep\/#website"},"primaryImageOfPage":{"@id":"https:\/\/meblekuchenne.pl\/sklep\/product\/polka-wiszaca-gleboka-bwb20uni18-100-w-kolorze-frontow-z-grupy-p2-meble-kam\/#primaryimage"},"image":{"@id":"https:\/\/meblekuchenne.pl\/sklep\/product\/polka-wiszaca-gleboka-bwb20uni18-100-w-kolorze-frontow-z-grupy-p2-meble-kam\/#primaryimage"},"thumbnailUrl":"https:\/\/meblekuchenne.pl\/sklep\/wp-content\/uploads\/2025\/02\/WB20UNI18-100.webp","datePublished":"2025-02-21T19:30:58+00:00","dateModified":"2026-04-01T11:39:08+00:00","description":"P\u00f3\u0142ka wisz\u0105ca g\u0142\u0119boka BWB20UNI18\/100 w kolorze front\u00f3w z grupy P2 to nowoczesna p\u00f3\u0142ka wisz\u0105ca z frontem, kt\u00f3ra \u0142\u0105czy funkcjonalno\u015b\u0107 z eleganckim designem.","breadcrumb":{"@id":"https:\/\/meblekuchenne.pl\/sklep\/product\/polka-wiszaca-gleboka-bwb20uni18-100-w-kolorze-frontow-z-grupy-p2-meble-kam\/#breadcrumb"},"inLanguage":"pl-PL","potentialAction":[{"@type":"ReadAction","target":["https:\/\/meblekuchenne.pl\/sklep\/product\/polka-wiszaca-gleboka-bwb20uni18-100-w-kolorze-frontow-z-grupy-p2-meble-kam\/"]}]},{"@type":"ImageObject","inLanguage":"pl-PL","@id":"https:\/\/meblekuchenne.pl\/sklep\/product\/polka-wiszaca-gleboka-bwb20uni18-100-w-kolorze-frontow-z-grupy-p2-meble-kam\/#primaryimage","url":"https:\/\/meblekuchenne.pl\/sklep\/wp-content\/uploads\/2025\/02\/WB20UNI18-100.webp","contentUrl":"https:\/\/meblekuchenne.pl\/sklep\/wp-content\/uploads\/2025\/02\/WB20UNI18-100.webp","width":1600,"height":1080},{"@type":"BreadcrumbList","@id":"https:\/\/meblekuchenne.pl\/sklep\/product\/polka-wiszaca-gleboka-bwb20uni18-100-w-kolorze-frontow-z-grupy-p2-meble-kam\/#breadcrumb","itemListElement":[{"@type":"ListItem","position":1,"name":"Strona g\u0142\u00f3wna","item":"https:\/\/meblekuchenne.pl\/sklep\/"},{"@type":"ListItem","position":2,"name":"Sklep","item":"https:\/\/meblekuchenne.pl\/sklep\/sklep\/"},{"@type":"ListItem","position":3,"name":"P\u00f3\u0142ka wisz\u0105ca g\u0142\u0119boka BWB20UNI18\/100 w kolorze front\u00f3w z grupy P2 &#8211; meble Kam"}]},{"@type":"WebSite","@id":"https:\/\/meblekuchenne.pl\/sklep\/#website","url":"https:\/\/meblekuchenne.pl\/sklep\/","name":"MebleKuchenne.PL - SKLEP","description":"","publisher":{"@id":"https:\/\/meblekuchenne.pl\/sklep\/#organization"},"potentialAction":[{"@type":"SearchAction","target":{"@type":"EntryPoint","urlTemplate":"https:\/\/meblekuchenne.pl\/sklep\/?s={search_term_string}"},"query-input":{"@type":"PropertyValueSpecification","valueRequired":true,"valueName":"search_term_string"}}],"inLanguage":"pl-PL"},{"@type":"Organization","@id":"https:\/\/meblekuchenne.pl\/sklep\/#organization","name":"MebleKuchenne.PL - SKLEP","url":"https:\/\/meblekuchenne.pl\/sklep\/","logo":{"@type":"ImageObject","inLanguage":"pl-PL","@id":"https:\/\/meblekuchenne.pl\/sklep\/#\/schema\/logo\/image\/","url":"https:\/\/meblekuchenne.pl\/sklep\/wp-content\/uploads\/2025\/06\/cropped-cropped-logo.webp","contentUrl":"https:\/\/meblekuchenne.pl\/sklep\/wp-content\/uploads\/2025\/06\/cropped-cropped-logo.webp","width":735,"height":715,"caption":"MebleKuchenne.PL - SKLEP"},"image":{"@id":"https:\/\/meblekuchenne.pl\/sklep\/#\/schema\/logo\/image\/"}}]},"product_price_amount":"266.00","product_price_currency":"PLN","og_availability":"instock","product_availability":"instock","product_condition":"new"},"_links":{"self":[{"href":"https:\/\/meblekuchenne.pl\/sklep\/wp-json\/wp\/v2\/product\/53137","targetHints":{"allow":["GET"]}}],"collection":[{"href":"https:\/\/meblekuchenne.pl\/sklep\/wp-json\/wp\/v2\/product"}],"about":[{"href":"https:\/\/meblekuchenne.pl\/sklep\/wp-json\/wp\/v2\/types\/product"}],"wp:featuredmedia":[{"embeddable":true,"href":"https:\/\/meblekuchenne.pl\/sklep\/wp-json\/wp\/v2\/media\/60210"}],"wp:attachment":[{"href":"https:\/\/meblekuchenne.pl\/sklep\/wp-json\/wp\/v2\/media?parent=53137"}],"wp:term":[{"taxonomy":"product_brand","embeddable":true,"href":"https:\/\/meblekuchenne.pl\/sklep\/wp-json\/wp\/v2\/product_brand?post=53137"},{"taxonomy":"product_cat","embeddable":true,"href":"https:\/\/meblekuchenne.pl\/sklep\/wp-json\/wp\/v2\/product_cat?post=53137"},{"taxonomy":"product_tag","embeddable":true,"href":"https:\/\/meblekuchenne.pl\/sklep\/wp-json\/wp\/v2\/product_tag?post=53137"}],"curies":[{"name":"wp","href":"https:\/\/api.w.org\/{rel}","templated":true}]}}