{"id":53087,"date":"2025-02-21T20:29:28","date_gmt":"2025-02-21T19:29:28","guid":{"rendered":"https:\/\/meblekuchenne.pl\/sklep\/?post_type=product&#038;p=53087"},"modified":"2026-04-10T10:42:05","modified_gmt":"2026-04-10T08:42:05","slug":"stol-do-kuchni-jadalni-110x60-cm-rozne-kolory-meble-kam","status":"publish","type":"product","link":"https:\/\/meblekuchenne.pl\/sklep\/product\/stol-do-kuchni-jadalni-110x60-cm-rozne-kolory-meble-kam\/","title":{"rendered":"St\u00f3\u0142  do kuchni\/jadalni &#8211; 110&#215;60 cm &#8211; r\u00f3\u017cne kolory &#8211; meble Kam"},"content":{"rendered":"<h2>St\u00f3\u0142 do Kuchni \/ Jadalni 110 x 60 cm &#8211; KAM<\/h2>\n<p>St\u00f3\u0142 &#8211; szer. 60 cm, d\u0142. 110 cm, wys. 75 cm<\/p>\n<div class=\"text-base my-auto mx-auto py-5 px-6\">\n<div class=\"mx-auto flex flex-1 text-base gap-4 md:gap-5 lg:gap-6 md:max-w-3xl lg:max-w-[40rem] xl:max-w-[48rem] group\/turn-messages focus-visible:outline-none\">\n<div class=\"group\/conversation-turn relative flex w-full min-w-0 flex-col agent-turn @xs\/thread:px-0 @sm\/thread:px-1.5 @md\/thread:px-4\">\n<div class=\"relative flex-col gap-1 md:gap-3\">\n<div class=\"flex max-w-full flex-col flex-grow\">\n<div class=\"min-h-8 text-message relative flex w-full flex-col items-end gap-2 whitespace-normal break-words text-start [.text-message+&amp;]:mt-5\" dir=\"auto\" data-message-author-role=\"assistant\" data-message-id=\"9a5c6b15-6954-4523-b61f-c5bcb4cd1812\" data-message-model-slug=\"gpt-4o-mini\">\n<div class=\"flex w-full flex-col gap-1 empty:hidden first:pt-[3px]\">\n<div class=\"markdown prose w-full break-words dark:prose-invert light\">\n<p class=\"\" data-start=\"44\" data-end=\"402\">St\u00f3\u0142 <strong data-start=\"49\" data-end=\"56\">Kam<\/strong> o wymiarach 110&#215;60 cm to funkcjonalny i elegancki wyb\u00f3r do kuchni lub jadalni. Jego kompaktowe wymiary sprawiaj\u0105, \u017ce doskonale pasuje do mniejszych przestrzeni, jednocze\u015bnie oferuj\u0105c wygodne miejsce do spo\u017cywania posi\u0142k\u00f3w. Dzi\u0119ki prostej, ale nowoczesnej konstrukcji, st\u00f3\u0142 \u0142atwo wkomponuje si\u0119 w r\u00f3\u017cne style wn\u0119trz, od klasycznych po nowoczesne.<\/p>\n<h4 class=\"\" data-start=\"404\" data-end=\"423\">Wymiary Sto\u0142u:<\/h4>\n<ul data-start=\"424\" data-end=\"490\">\n<li class=\"\" data-start=\"424\" data-end=\"445\">\n<p class=\"\" data-start=\"426\" data-end=\"445\"><strong data-start=\"426\" data-end=\"438\">Wysoko\u015b\u0107<\/strong>: 75 cm<\/p>\n<\/li>\n<li class=\"\" data-start=\"446\" data-end=\"468\">\n<p class=\"\" data-start=\"448\" data-end=\"468\"><strong data-start=\"448\" data-end=\"461\">Szeroko\u015b\u0107<\/strong>: 60 cm<\/p>\n<\/li>\n<li class=\"\" data-start=\"469\" data-end=\"490\">\n<p class=\"\" data-start=\"471\" data-end=\"490\"><strong data-start=\"471\" data-end=\"482\">D\u0142ugo\u015b\u0107<\/strong>: 110 cm<\/p>\n<\/li>\n<\/ul>\n<h3 data-start=\"492\" data-end=\"508\">Kolorystyka<\/h3>\n<p class=\"\" data-start=\"509\" data-end=\"662\">St\u00f3\u0142 <strong data-start=\"514\" data-end=\"521\">Kam<\/strong> dost\u0119pny jest w szerokiej gamie wybarwie\u0144 p\u0142yty P2, co umo\u017cliwia dopasowanie go do r\u00f3\u017cnych aran\u017cacji. Wybierz spo\u015br\u00f3d nast\u0119puj\u0105cych kolor\u00f3w:<\/p>\n<ul data-start=\"664\" data-end=\"927\">\n<li class=\"\" data-start=\"664\" data-end=\"683\">\n<p class=\"\" data-start=\"666\" data-end=\"683\"><strong data-start=\"666\" data-end=\"683\">San Sebastian<\/strong><\/p>\n<\/li>\n<li class=\"\" data-start=\"684\" data-end=\"702\">\n<p class=\"\" data-start=\"686\" data-end=\"702\"><strong data-start=\"686\" data-end=\"702\">D\u0105b Nebraska<\/strong><\/p>\n<\/li>\n<li class=\"\" data-start=\"703\" data-end=\"716\">\n<p class=\"\" data-start=\"705\" data-end=\"716\"><strong data-start=\"705\" data-end=\"716\">Jode\u0142ka<\/strong><\/p>\n<\/li>\n<li class=\"\" data-start=\"717\" data-end=\"740\">\n<p class=\"\" data-start=\"719\" data-end=\"740\"><strong data-start=\"719\" data-end=\"740\">Beton Ciemnoszary<\/strong><\/p>\n<\/li>\n<li class=\"\" data-start=\"741\" data-end=\"763\">\n<p class=\"\" data-start=\"743\" data-end=\"763\"><strong data-start=\"743\" data-end=\"763\">Beton Jasnoszary<\/strong><\/p>\n<\/li>\n<li class=\"\" data-start=\"764\" data-end=\"780\">\n<p class=\"\" data-start=\"766\" data-end=\"780\"><strong data-start=\"766\" data-end=\"780\">D\u0105b Estana<\/strong><\/p>\n<\/li>\n<li class=\"\" data-start=\"781\" data-end=\"796\">\n<p class=\"\" data-start=\"783\" data-end=\"796\"><strong data-start=\"783\" data-end=\"796\">D\u0105b Z\u0142oty<\/strong><\/p>\n<\/li>\n<li class=\"\" data-start=\"797\" data-end=\"813\">\n<p class=\"\" data-start=\"799\" data-end=\"813\"><strong data-start=\"799\" data-end=\"813\">D\u0105b Hikora<\/strong><\/p>\n<\/li>\n<li class=\"\" data-start=\"814\" data-end=\"833\">\n<p class=\"\" data-start=\"816\" data-end=\"833\"><strong data-start=\"816\" data-end=\"833\">D\u0105b Arlington<\/strong><\/p>\n<\/li>\n<li class=\"\" data-start=\"834\" data-end=\"856\">\n<p class=\"\" data-start=\"836\" data-end=\"856\"><strong data-start=\"836\" data-end=\"856\">Marmur Calacatta<\/strong><\/p>\n<\/li>\n<li class=\"\" data-start=\"857\" data-end=\"874\">\n<p class=\"\" data-start=\"859\" data-end=\"874\"><strong data-start=\"859\" data-end=\"874\">D\u0105b Belmont<\/strong><\/p>\n<\/li>\n<li class=\"\" data-start=\"875\" data-end=\"892\">\n<p class=\"\" data-start=\"877\" data-end=\"892\"><strong data-start=\"877\" data-end=\"892\">D\u0105b Vicenza<\/strong><\/p>\n<\/li>\n<li class=\"\" data-start=\"893\" data-end=\"906\">\n<p class=\"\" data-start=\"895\" data-end=\"906\"><strong data-start=\"895\" data-end=\"906\">Kaszmir<\/strong><\/p>\n<\/li>\n<li class=\"\" data-start=\"907\" data-end=\"927\">\n<p class=\"\" data-start=\"909\" data-end=\"927\"><strong data-start=\"909\" data-end=\"927\">Marmur Crystal<\/strong><\/p>\n<\/li>\n<\/ul>\n<h3 data-start=\"909\" data-end=\"927\">Nogi Sto\u0142u<\/h3>\n<p data-start=\"909\" data-end=\"927\"><span style=\"font-size: 16px\">Nogi sto\u0142u maj\u0105 nowoczesny design, a ozdobne wype\u0142nienie n\u00f3g dost\u0119pne jest w kolorach do wyboru, co pozwala na dopasowanie sto\u0142u do reszty wyposa\u017cenia. Wybierz z opcji: <\/span><\/p>\n<ul>\n<li data-start=\"909\" data-end=\"927\"><strong style=\"font-size: 16px\" data-start=\"2076\" data-end=\"2085\">Bia\u0142e<\/strong><\/li>\n<li data-start=\"909\" data-end=\"927\"><strong style=\"font-size: 16px\" data-start=\"2088\" data-end=\"2098\">Czarne<\/strong><\/li>\n<li data-start=\"909\" data-end=\"927\"><strong style=\"font-size: 16px\" data-start=\"2101\" data-end=\"2110\">Szare<\/strong><\/li>\n<li data-start=\"909\" data-end=\"927\"><strong style=\"font-size: 16px\" data-start=\"2113\" data-end=\"2128\">Kolor sto\u0142u<\/strong><\/li>\n<\/ul>\n<h3 data-start=\"929\" data-end=\"964\">Wysoka Funkcjonalno\u015b\u0107 i Design<\/h3>\n<p class=\"\" data-start=\"965\" data-end=\"1264\">St\u00f3\u0142 <strong data-start=\"970\" data-end=\"977\">Kam<\/strong> wyr\u00f3\u017cnia si\u0119 solidn\u0105 konstrukcj\u0105 oraz eleganckim wygl\u0105dem. Jest idealny do codziennego u\u017cytku, zapewniaj\u0105c wygodn\u0105 powierzchni\u0119 do posi\u0142k\u00f3w w mniejszych pomieszczeniach. Nogi sto\u0142u s\u0105 stabilne, co zapewnia trwa\u0142o\u015b\u0107, a prosty design umo\u017cliwia \u0142atwe dopasowanie do wn\u0119trz o r\u00f3\u017cnym stylu.<\/p>\n<p class=\"\" data-start=\"1284\" data-end=\"1535\">Dzi\u0119ki kompaktowym wymiarom, st\u00f3\u0142 <strong data-start=\"1318\" data-end=\"1325\">Kam<\/strong> jest idealnym rozwi\u0105zaniem do niewielkich kuchni, jadalni, a tak\u017ce jako st\u00f3\u0142 biurowy w mniejszych przestrzeniach. Sprawdzi si\u0119 zar\u00f3wno w codziennym u\u017cytkowaniu, jak i na spotkaniach z rodzin\u0105 czy przyjaci\u00f3\u0142mi.<\/p>\n<p class=\"\" data-start=\"1542\" data-end=\"1769\">St\u00f3\u0142 do Kuchni \/ Jadalni to doskona\u0142y wyb\u00f3r do ka\u017cdej kuchni czy jadalni, szczeg\u00f3lnie w przypadku mniejszych przestrzeni. Jego funkcjonalno\u015b\u0107, elegancki wygl\u0105d oraz dost\u0119pno\u015b\u0107 w r\u00f3\u017cnych kolorach pozwol\u0105 Ci dopasowa\u0107 go do swojego wn\u0119trza.<\/p>\n<\/div>\n<\/div>\n<\/div>\n<\/div>\n<\/div>\n<\/div>\n<\/div>\n<\/div>\n","protected":false},"excerpt":{"rendered":"<p>St\u00f3\u0142 <strong data-start=\"49\" data-end=\"56\">Kam<\/strong> o wymiarach 110&#215;60 cm to funkcjonalny i elegancki wyb\u00f3r do kuchni lub jadalni. Jego kompaktowe wymiary sprawiaj\u0105, \u017ce doskonale pasuje do mniejszych przestrzeni, jednocze\u015bnie oferuj\u0105c wygodne miejsce do spo\u017cywania posi\u0142k\u00f3w. Dzi\u0119ki prostej, ale nowoczesnej konstrukcji, st\u00f3\u0142 \u0142atwo wkomponuje si\u0119 w r\u00f3\u017cne style wn\u0119trz, od klasycznych po nowoczesne.<\/p>\n","protected":false},"featured_media":40047,"template":"","meta":[],"product_brand":[710],"product_cat":[798,759,775,454,479,505,564],"product_tag":[],"class_list":{"0":"post-53087","1":"product","2":"type-product","3":"status-publish","4":"has-post-thumbnail","6":"product_brand-meble-kam","7":"product_cat-stoly-kuchenne-sklep","8":"product_cat-stoly-prostokatne","9":"product_cat-wszystko","10":"product_cat-meble-kam-mono","11":"product_cat-elementy-wykonczeniowe","12":"product_cat-stoly-kuchenne","13":"product_cat-stol","14":"product_shipping_class-wyspy-kam","16":"first","17":"instock","18":"shipping-taxable","19":"purchasable","20":"product-type-simple"},"yoast_head":"<!-- This site is optimized with the Yoast SEO Premium plugin v25.0 (Yoast SEO v25.0) - https:\/\/yoast.com\/wordpress\/plugins\/seo\/ -->\n<title>St\u00f3\u0142 do Kuchni \/ Jadalni<\/title>\n<meta name=\"description\" content=\"St\u00f3\u0142 do Kuchni \/ Jadalni - jego wymiary sprawiaj\u0105, \u017ce doskonale pasuje do mniejszych przestrzeni, oferuj\u0105c wygodne miejsce do spo\u017cywania posi\u0142k\u00f3w\" \/>\n<meta name=\"robots\" content=\"index, follow, max-snippet:-1, max-image-preview:large, max-video-preview:-1\" \/>\n<link rel=\"canonical\" href=\"https:\/\/meblekuchenne.pl\/sklep\/product\/stol-do-kuchni-jadalni-110x60-cm-rozne-kolory-meble-kam\/\" \/>\n<meta property=\"og:locale\" content=\"pl_PL\" \/>\n<meta property=\"og:type\" content=\"article\" \/>\n<meta property=\"og:title\" content=\"St\u00f3\u0142 do kuchni\/jadalni - 110x60 cm - r\u00f3\u017cne kolory - meble Kam\" \/>\n<meta property=\"og:description\" content=\"St\u00f3\u0142 do Kuchni \/ Jadalni - jego wymiary sprawiaj\u0105, \u017ce doskonale pasuje do mniejszych przestrzeni, oferuj\u0105c wygodne miejsce do spo\u017cywania posi\u0142k\u00f3w\" \/>\n<meta property=\"og:url\" content=\"https:\/\/meblekuchenne.pl\/sklep\/product\/stol-do-kuchni-jadalni-110x60-cm-rozne-kolory-meble-kam\/\" \/>\n<meta property=\"og:site_name\" content=\"MebleKuchenne.PL - SKLEP\" \/>\n<meta property=\"article:modified_time\" content=\"2026-04-10T08:42:05+00:00\" \/>\n<meta property=\"og:image\" content=\"https:\/\/meblekuchenne.pl\/sklep\/wp-content\/uploads\/2025\/02\/page46_img2_1_w-2.webp\" \/>\n\t<meta property=\"og:image:width\" content=\"856\" \/>\n\t<meta property=\"og:image:height\" content=\"476\" \/>\n\t<meta property=\"og:image:type\" content=\"image\/webp\" \/>\n<meta name=\"twitter:card\" content=\"summary_large_image\" \/>\n<meta name=\"twitter:label1\" content=\"Cena\" \/>\n\t<meta name=\"twitter:data1\" content=\"497,00&nbsp;&#122;&#322;\" \/>\n\t<meta name=\"twitter:label2\" content=\"Dost\u0119pno\u015b\u0107\" \/>\n\t<meta name=\"twitter:data2\" content=\"Dost\u0119pny\" \/>\n<script type=\"application\/ld+json\" class=\"yoast-schema-graph\">{\"@context\":\"https:\/\/schema.org\",\"@graph\":[{\"@type\":\"WebPage\",\"@id\":\"https:\/\/meblekuchenne.pl\/sklep\/product\/stol-do-kuchni-jadalni-110x60-cm-rozne-kolory-meble-kam\/\",\"url\":\"https:\/\/meblekuchenne.pl\/sklep\/product\/stol-do-kuchni-jadalni-110x60-cm-rozne-kolory-meble-kam\/\",\"name\":\"St\u00f3\u0142 do Kuchni \/ Jadalni\",\"isPartOf\":{\"@id\":\"https:\/\/meblekuchenne.pl\/sklep\/#website\"},\"primaryImageOfPage\":{\"@id\":\"https:\/\/meblekuchenne.pl\/sklep\/product\/stol-do-kuchni-jadalni-110x60-cm-rozne-kolory-meble-kam\/#primaryimage\"},\"image\":{\"@id\":\"https:\/\/meblekuchenne.pl\/sklep\/product\/stol-do-kuchni-jadalni-110x60-cm-rozne-kolory-meble-kam\/#primaryimage\"},\"thumbnailUrl\":\"https:\/\/meblekuchenne.pl\/sklep\/wp-content\/uploads\/2025\/02\/page46_img2_1_w-2.webp\",\"datePublished\":\"2025-02-21T19:29:28+00:00\",\"dateModified\":\"2026-04-10T08:42:05+00:00\",\"description\":\"St\u00f3\u0142 do Kuchni \/ Jadalni - jego wymiary sprawiaj\u0105, \u017ce doskonale pasuje do mniejszych przestrzeni, oferuj\u0105c wygodne miejsce do spo\u017cywania posi\u0142k\u00f3w\",\"breadcrumb\":{\"@id\":\"https:\/\/meblekuchenne.pl\/sklep\/product\/stol-do-kuchni-jadalni-110x60-cm-rozne-kolory-meble-kam\/#breadcrumb\"},\"inLanguage\":\"pl-PL\",\"potentialAction\":[{\"@type\":\"ReadAction\",\"target\":[\"https:\/\/meblekuchenne.pl\/sklep\/product\/stol-do-kuchni-jadalni-110x60-cm-rozne-kolory-meble-kam\/\"]}]},{\"@type\":\"ImageObject\",\"inLanguage\":\"pl-PL\",\"@id\":\"https:\/\/meblekuchenne.pl\/sklep\/product\/stol-do-kuchni-jadalni-110x60-cm-rozne-kolory-meble-kam\/#primaryimage\",\"url\":\"https:\/\/meblekuchenne.pl\/sklep\/wp-content\/uploads\/2025\/02\/page46_img2_1_w-2.webp\",\"contentUrl\":\"https:\/\/meblekuchenne.pl\/sklep\/wp-content\/uploads\/2025\/02\/page46_img2_1_w-2.webp\",\"width\":856,\"height\":476},{\"@type\":\"BreadcrumbList\",\"@id\":\"https:\/\/meblekuchenne.pl\/sklep\/product\/stol-do-kuchni-jadalni-110x60-cm-rozne-kolory-meble-kam\/#breadcrumb\",\"itemListElement\":[{\"@type\":\"ListItem\",\"position\":1,\"name\":\"Strona g\u0142\u00f3wna\",\"item\":\"https:\/\/meblekuchenne.pl\/sklep\/\"},{\"@type\":\"ListItem\",\"position\":2,\"name\":\"Sklep\",\"item\":\"https:\/\/meblekuchenne.pl\/sklep\/sklep\/\"},{\"@type\":\"ListItem\",\"position\":3,\"name\":\"St\u00f3\u0142 do kuchni\/jadalni &#8211; 110&#215;60 cm &#8211; r\u00f3\u017cne kolory &#8211; meble Kam\"}]},{\"@type\":\"WebSite\",\"@id\":\"https:\/\/meblekuchenne.pl\/sklep\/#website\",\"url\":\"https:\/\/meblekuchenne.pl\/sklep\/\",\"name\":\"MebleKuchenne.PL - SKLEP\",\"description\":\"\",\"publisher\":{\"@id\":\"https:\/\/meblekuchenne.pl\/sklep\/#organization\"},\"potentialAction\":[{\"@type\":\"SearchAction\",\"target\":{\"@type\":\"EntryPoint\",\"urlTemplate\":\"https:\/\/meblekuchenne.pl\/sklep\/?s={search_term_string}\"},\"query-input\":{\"@type\":\"PropertyValueSpecification\",\"valueRequired\":true,\"valueName\":\"search_term_string\"}}],\"inLanguage\":\"pl-PL\"},{\"@type\":\"Organization\",\"@id\":\"https:\/\/meblekuchenne.pl\/sklep\/#organization\",\"name\":\"MebleKuchenne.PL - SKLEP\",\"url\":\"https:\/\/meblekuchenne.pl\/sklep\/\",\"logo\":{\"@type\":\"ImageObject\",\"inLanguage\":\"pl-PL\",\"@id\":\"https:\/\/meblekuchenne.pl\/sklep\/#\/schema\/logo\/image\/\",\"url\":\"https:\/\/meblekuchenne.pl\/sklep\/wp-content\/uploads\/2025\/06\/cropped-cropped-logo.webp\",\"contentUrl\":\"https:\/\/meblekuchenne.pl\/sklep\/wp-content\/uploads\/2025\/06\/cropped-cropped-logo.webp\",\"width\":735,\"height\":715,\"caption\":\"MebleKuchenne.PL - SKLEP\"},\"image\":{\"@id\":\"https:\/\/meblekuchenne.pl\/sklep\/#\/schema\/logo\/image\/\"}}]}<\/script>\n<meta property=\"product:price:amount\" content=\"497.00\" \/>\n<meta property=\"product:price:currency\" content=\"PLN\" \/>\n<meta property=\"og:availability\" content=\"instock\" \/>\n<meta property=\"product:availability\" content=\"instock\" \/>\n<meta property=\"product:condition\" content=\"new\" \/>\n<!-- \/ Yoast SEO Premium plugin. -->","yoast_head_json":{"title":"St\u00f3\u0142 do Kuchni \/ Jadalni","description":"St\u00f3\u0142 do Kuchni \/ Jadalni - jego wymiary sprawiaj\u0105, \u017ce doskonale pasuje do mniejszych przestrzeni, oferuj\u0105c wygodne miejsce do spo\u017cywania posi\u0142k\u00f3w","robots":{"index":"index","follow":"follow","max-snippet":"max-snippet:-1","max-image-preview":"max-image-preview:large","max-video-preview":"max-video-preview:-1"},"canonical":"https:\/\/meblekuchenne.pl\/sklep\/product\/stol-do-kuchni-jadalni-110x60-cm-rozne-kolory-meble-kam\/","og_locale":"pl_PL","og_type":"article","og_title":"St\u00f3\u0142 do kuchni\/jadalni - 110x60 cm - r\u00f3\u017cne kolory - meble Kam","og_description":"St\u00f3\u0142 do Kuchni \/ Jadalni - jego wymiary sprawiaj\u0105, \u017ce doskonale pasuje do mniejszych przestrzeni, oferuj\u0105c wygodne miejsce do spo\u017cywania posi\u0142k\u00f3w","og_url":"https:\/\/meblekuchenne.pl\/sklep\/product\/stol-do-kuchni-jadalni-110x60-cm-rozne-kolory-meble-kam\/","og_site_name":"MebleKuchenne.PL - SKLEP","article_modified_time":"2026-04-10T08:42:05+00:00","og_image":[{"width":856,"height":476,"url":"https:\/\/meblekuchenne.pl\/sklep\/wp-content\/uploads\/2025\/02\/page46_img2_1_w-2.webp","type":"image\/webp"}],"twitter_card":"summary_large_image","twitter_misc":{"Cena":"497,00&nbsp;&#122;&#322;","Dost\u0119pno\u015b\u0107":"Dost\u0119pny"},"schema":{"@context":"https:\/\/schema.org","@graph":[{"@type":"WebPage","@id":"https:\/\/meblekuchenne.pl\/sklep\/product\/stol-do-kuchni-jadalni-110x60-cm-rozne-kolory-meble-kam\/","url":"https:\/\/meblekuchenne.pl\/sklep\/product\/stol-do-kuchni-jadalni-110x60-cm-rozne-kolory-meble-kam\/","name":"St\u00f3\u0142 do Kuchni \/ Jadalni","isPartOf":{"@id":"https:\/\/meblekuchenne.pl\/sklep\/#website"},"primaryImageOfPage":{"@id":"https:\/\/meblekuchenne.pl\/sklep\/product\/stol-do-kuchni-jadalni-110x60-cm-rozne-kolory-meble-kam\/#primaryimage"},"image":{"@id":"https:\/\/meblekuchenne.pl\/sklep\/product\/stol-do-kuchni-jadalni-110x60-cm-rozne-kolory-meble-kam\/#primaryimage"},"thumbnailUrl":"https:\/\/meblekuchenne.pl\/sklep\/wp-content\/uploads\/2025\/02\/page46_img2_1_w-2.webp","datePublished":"2025-02-21T19:29:28+00:00","dateModified":"2026-04-10T08:42:05+00:00","description":"St\u00f3\u0142 do Kuchni \/ Jadalni - jego wymiary sprawiaj\u0105, \u017ce doskonale pasuje do mniejszych przestrzeni, oferuj\u0105c wygodne miejsce do spo\u017cywania posi\u0142k\u00f3w","breadcrumb":{"@id":"https:\/\/meblekuchenne.pl\/sklep\/product\/stol-do-kuchni-jadalni-110x60-cm-rozne-kolory-meble-kam\/#breadcrumb"},"inLanguage":"pl-PL","potentialAction":[{"@type":"ReadAction","target":["https:\/\/meblekuchenne.pl\/sklep\/product\/stol-do-kuchni-jadalni-110x60-cm-rozne-kolory-meble-kam\/"]}]},{"@type":"ImageObject","inLanguage":"pl-PL","@id":"https:\/\/meblekuchenne.pl\/sklep\/product\/stol-do-kuchni-jadalni-110x60-cm-rozne-kolory-meble-kam\/#primaryimage","url":"https:\/\/meblekuchenne.pl\/sklep\/wp-content\/uploads\/2025\/02\/page46_img2_1_w-2.webp","contentUrl":"https:\/\/meblekuchenne.pl\/sklep\/wp-content\/uploads\/2025\/02\/page46_img2_1_w-2.webp","width":856,"height":476},{"@type":"BreadcrumbList","@id":"https:\/\/meblekuchenne.pl\/sklep\/product\/stol-do-kuchni-jadalni-110x60-cm-rozne-kolory-meble-kam\/#breadcrumb","itemListElement":[{"@type":"ListItem","position":1,"name":"Strona g\u0142\u00f3wna","item":"https:\/\/meblekuchenne.pl\/sklep\/"},{"@type":"ListItem","position":2,"name":"Sklep","item":"https:\/\/meblekuchenne.pl\/sklep\/sklep\/"},{"@type":"ListItem","position":3,"name":"St\u00f3\u0142 do kuchni\/jadalni &#8211; 110&#215;60 cm &#8211; r\u00f3\u017cne kolory &#8211; meble Kam"}]},{"@type":"WebSite","@id":"https:\/\/meblekuchenne.pl\/sklep\/#website","url":"https:\/\/meblekuchenne.pl\/sklep\/","name":"MebleKuchenne.PL - SKLEP","description":"","publisher":{"@id":"https:\/\/meblekuchenne.pl\/sklep\/#organization"},"potentialAction":[{"@type":"SearchAction","target":{"@type":"EntryPoint","urlTemplate":"https:\/\/meblekuchenne.pl\/sklep\/?s={search_term_string}"},"query-input":{"@type":"PropertyValueSpecification","valueRequired":true,"valueName":"search_term_string"}}],"inLanguage":"pl-PL"},{"@type":"Organization","@id":"https:\/\/meblekuchenne.pl\/sklep\/#organization","name":"MebleKuchenne.PL - SKLEP","url":"https:\/\/meblekuchenne.pl\/sklep\/","logo":{"@type":"ImageObject","inLanguage":"pl-PL","@id":"https:\/\/meblekuchenne.pl\/sklep\/#\/schema\/logo\/image\/","url":"https:\/\/meblekuchenne.pl\/sklep\/wp-content\/uploads\/2025\/06\/cropped-cropped-logo.webp","contentUrl":"https:\/\/meblekuchenne.pl\/sklep\/wp-content\/uploads\/2025\/06\/cropped-cropped-logo.webp","width":735,"height":715,"caption":"MebleKuchenne.PL - SKLEP"},"image":{"@id":"https:\/\/meblekuchenne.pl\/sklep\/#\/schema\/logo\/image\/"}}]},"product_price_amount":"497.00","product_price_currency":"PLN","og_availability":"instock","product_availability":"instock","product_condition":"new"},"_links":{"self":[{"href":"https:\/\/meblekuchenne.pl\/sklep\/wp-json\/wp\/v2\/product\/53087","targetHints":{"allow":["GET"]}}],"collection":[{"href":"https:\/\/meblekuchenne.pl\/sklep\/wp-json\/wp\/v2\/product"}],"about":[{"href":"https:\/\/meblekuchenne.pl\/sklep\/wp-json\/wp\/v2\/types\/product"}],"wp:featuredmedia":[{"embeddable":true,"href":"https:\/\/meblekuchenne.pl\/sklep\/wp-json\/wp\/v2\/media\/40047"}],"wp:attachment":[{"href":"https:\/\/meblekuchenne.pl\/sklep\/wp-json\/wp\/v2\/media?parent=53087"}],"wp:term":[{"taxonomy":"product_brand","embeddable":true,"href":"https:\/\/meblekuchenne.pl\/sklep\/wp-json\/wp\/v2\/product_brand?post=53087"},{"taxonomy":"product_cat","embeddable":true,"href":"https:\/\/meblekuchenne.pl\/sklep\/wp-json\/wp\/v2\/product_cat?post=53087"},{"taxonomy":"product_tag","embeddable":true,"href":"https:\/\/meblekuchenne.pl\/sklep\/wp-json\/wp\/v2\/product_tag?post=53087"}],"curies":[{"name":"wp","href":"https:\/\/api.w.org\/{rel}","templated":true}]}}