{"id":53086,"date":"2025-02-21T20:29:28","date_gmt":"2025-02-21T19:29:28","guid":{"rendered":"https:\/\/meblekuchenne.pl\/sklep\/?post_type=product&#038;p=53086"},"modified":"2026-04-10T10:42:04","modified_gmt":"2026-04-10T08:42:04","slug":"stol-do-kuchni-jadalni-90x70-cm-rozne-kolory-meble-kam","status":"publish","type":"product","link":"https:\/\/meblekuchenne.pl\/sklep\/product\/stol-do-kuchni-jadalni-90x70-cm-rozne-kolory-meble-kam\/","title":{"rendered":"St\u00f3\u0142  do kuchni\/jadalni &#8211; 90&#215;70 cm &#8211; r\u00f3\u017cne kolory &#8211; meble Kam"},"content":{"rendered":"<h2 data-start=\"0\" data-end=\"41\">St\u00f3\u0142 do Kuchni\/Jadalni 90&#215;70 cm &#8211; Kam<\/h2>\n<p>St\u00f3\u0142 &#8211; szer. 70 cm, d\u0142. 90 cm, wys. 75 cm<\/p>\n<p class=\"\" data-start=\"43\" data-end=\"374\">St\u00f3\u0142 <strong data-start=\"48\" data-end=\"55\">Kam<\/strong> o wymiarach 90&#215;70 cm to idealna opcja do mniejszych kuchni i jadalni, zapewniaj\u0105ca wystarczaj\u0105c\u0105 przestrze\u0144 do spo\u017cywania posi\u0142k\u00f3w, przy jednoczesnym zachowaniu funkcjonalno\u015bci i elegancji. Jego kompaktowe wymiary sprawiaj\u0105, \u017ce jest doskona\u0142y do wn\u0119trz o ograniczonej powierzchni, oferuj\u0105c przy tym wygod\u0119 u\u017cytkowania.<\/p>\n<h3 data-start=\"376\" data-end=\"395\">Wymiary Sto\u0142u:<\/h3>\n<ul data-start=\"396\" data-end=\"461\">\n<li class=\"\" data-start=\"396\" data-end=\"417\">\n<p class=\"\" data-start=\"398\" data-end=\"417\"><strong data-start=\"398\" data-end=\"410\">Wysoko\u015b\u0107<\/strong>: 75 cm<\/p>\n<\/li>\n<li class=\"\" data-start=\"418\" data-end=\"440\">\n<p class=\"\" data-start=\"420\" data-end=\"440\"><strong data-start=\"420\" data-end=\"433\">Szeroko\u015b\u0107<\/strong>: 70 cm<\/p>\n<\/li>\n<li class=\"\" data-start=\"441\" data-end=\"461\">\n<p class=\"\" data-start=\"443\" data-end=\"461\"><strong data-start=\"443\" data-end=\"454\">D\u0142ugo\u015b\u0107<\/strong>: 90 cm<\/p>\n<\/li>\n<\/ul>\n<h3 data-start=\"463\" data-end=\"479\">Kolorystyka<\/h3>\n<p class=\"\" data-start=\"480\" data-end=\"791\">St\u00f3\u0142 do Kuchni\/Jadalni 90&#215;70 cm dost\u0119pny jest w szerokiej gamie kolor\u00f3w, kt\u00f3re mo\u017cna \u0142atwo dopasowa\u0107 do r\u00f3\u017cnych aran\u017cacji wn\u0119trz. Kolory sto\u0142\u00f3w dost\u0119pne s\u0105 w wybarwieniach p\u0142yty P2, a nogi sto\u0142u mo\u017cna wybra\u0107 z r\u00f3\u017cnych opcji kolorystycznych. Mo\u017cliwo\u015b\u0107 wyboru kolorystyki sto\u0142u i n\u00f3g daje pe\u0142n\u0105 swobod\u0119 w tworzeniu sp\u00f3jnej estetyki.<\/p>\n<h3 data-start=\"793\" data-end=\"827\"><strong data-start=\"793\" data-end=\"827\">Kolory sto\u0142u (wybarwienia P2):<\/strong><\/h3>\n<ul data-start=\"828\" data-end=\"1091\">\n<li class=\"\" data-start=\"828\" data-end=\"847\">\n<p class=\"\" data-start=\"830\" data-end=\"847\"><strong data-start=\"830\" data-end=\"847\">San Sebastian<\/strong><\/p>\n<\/li>\n<li class=\"\" data-start=\"848\" data-end=\"866\">\n<p class=\"\" data-start=\"850\" data-end=\"866\"><strong data-start=\"850\" data-end=\"866\">D\u0105b Nebraska<\/strong><\/p>\n<\/li>\n<li class=\"\" data-start=\"867\" data-end=\"880\">\n<p class=\"\" data-start=\"869\" data-end=\"880\"><strong data-start=\"869\" data-end=\"880\">Jode\u0142ka<\/strong><\/p>\n<\/li>\n<li class=\"\" data-start=\"881\" data-end=\"904\">\n<p class=\"\" data-start=\"883\" data-end=\"904\"><strong data-start=\"883\" data-end=\"904\">Beton Ciemnoszary<\/strong><\/p>\n<\/li>\n<li class=\"\" data-start=\"905\" data-end=\"927\">\n<p class=\"\" data-start=\"907\" data-end=\"927\"><strong data-start=\"907\" data-end=\"927\">Beton Jasnoszary<\/strong><\/p>\n<\/li>\n<li class=\"\" data-start=\"928\" data-end=\"944\">\n<p class=\"\" data-start=\"930\" data-end=\"944\"><strong data-start=\"930\" data-end=\"944\">D\u0105b Estana<\/strong><\/p>\n<\/li>\n<li class=\"\" data-start=\"945\" data-end=\"960\">\n<p class=\"\" data-start=\"947\" data-end=\"960\"><strong data-start=\"947\" data-end=\"960\">D\u0105b Z\u0142oty<\/strong><\/p>\n<\/li>\n<li class=\"\" data-start=\"961\" data-end=\"977\">\n<p class=\"\" data-start=\"963\" data-end=\"977\"><strong data-start=\"963\" data-end=\"977\">D\u0105b Hikora<\/strong><\/p>\n<\/li>\n<li class=\"\" data-start=\"978\" data-end=\"997\">\n<p class=\"\" data-start=\"980\" data-end=\"997\"><strong data-start=\"980\" data-end=\"997\">D\u0105b Arlington<\/strong><\/p>\n<\/li>\n<li class=\"\" data-start=\"998\" data-end=\"1020\">\n<p class=\"\" data-start=\"1000\" data-end=\"1020\"><strong data-start=\"1000\" data-end=\"1020\">Marmur Calacatta<\/strong><\/p>\n<\/li>\n<li class=\"\" data-start=\"1021\" data-end=\"1038\">\n<p class=\"\" data-start=\"1023\" data-end=\"1038\"><strong data-start=\"1023\" data-end=\"1038\">D\u0105b Belmont<\/strong><\/p>\n<\/li>\n<li class=\"\" data-start=\"1039\" data-end=\"1056\">\n<p class=\"\" data-start=\"1041\" data-end=\"1056\"><strong data-start=\"1041\" data-end=\"1056\">D\u0105b Vicenza<\/strong><\/p>\n<\/li>\n<li class=\"\" data-start=\"1057\" data-end=\"1070\">\n<p class=\"\" data-start=\"1059\" data-end=\"1070\"><strong data-start=\"1059\" data-end=\"1070\">Kaszmir<\/strong><\/p>\n<\/li>\n<li class=\"\" data-start=\"1071\" data-end=\"1091\">\n<p class=\"\" data-start=\"1073\" data-end=\"1091\"><strong data-start=\"1073\" data-end=\"1091\">Marmur Crystal<\/strong><\/p>\n<\/li>\n<\/ul>\n<p class=\"\" data-start=\"1093\" data-end=\"1130\"><strong data-start=\"1093\" data-end=\"1130\">Kolory n\u00f3g (ozdobne wype\u0142nienie):<\/strong><\/p>\n<ul data-start=\"1131\" data-end=\"1219\">\n<li class=\"\" data-start=\"1131\" data-end=\"1142\">\n<p class=\"\" data-start=\"1133\" data-end=\"1142\"><strong data-start=\"1133\" data-end=\"1142\">Bia\u0142y<\/strong><\/p>\n<\/li>\n<li class=\"\" data-start=\"1143\" data-end=\"1155\">\n<p class=\"\" data-start=\"1145\" data-end=\"1155\"><strong data-start=\"1145\" data-end=\"1155\">Czarny<\/strong><\/p>\n<\/li>\n<li class=\"\" data-start=\"1156\" data-end=\"1167\">\n<p class=\"\" data-start=\"1158\" data-end=\"1167\"><strong data-start=\"1158\" data-end=\"1167\">Szary<\/strong><\/p>\n<\/li>\n<li class=\"\" data-start=\"1168\" data-end=\"1219\">\n<p class=\"\" data-start=\"1170\" data-end=\"1219\"><strong data-start=\"1170\" data-end=\"1185\">Kolor sto\u0142u<\/strong> (dopasowany do wybarwienia p\u0142yty)<\/p>\n<\/li>\n<\/ul>\n<h3 data-start=\"1221\" data-end=\"1256\">Wysoka Funkcjonalno\u015b\u0107 i Design<\/h3>\n<p class=\"\" data-start=\"1257\" data-end=\"1583\">St\u00f3\u0142 <strong data-start=\"1262\" data-end=\"1269\">Kam<\/strong> wyr\u00f3\u017cnia si\u0119 nowoczesnym designem i stabiln\u0105 konstrukcj\u0105, co sprawia, \u017ce doskonale sprawdzi si\u0119 zar\u00f3wno w codziennym u\u017cytkowaniu, jak i przy okazjach specjalnych. Nogi sto\u0142u posiadaj\u0105 ozdobne wype\u0142nienie, kt\u00f3re mo\u017ce by\u0107 dostosowane do wybranego koloru sto\u0142u, co pozwala na stworzenie sp\u00f3jnego i stylowego wygl\u0105du.<\/p>\n<h3 data-start=\"1585\" data-end=\"1602\">Zastosowanie<\/h3>\n<p class=\"\" data-start=\"1603\" data-end=\"1826\">St\u00f3\u0142 do Kuchni\/Jadalni 90&#215;70 cm to idealny wyb\u00f3r do mniejszych kuchni, jadalni, a tak\u017ce jako st\u00f3\u0142 biurowy w ograniczonych przestrzeniach. Dzi\u0119ki solidnej konstrukcji, st\u00f3\u0142 zapewnia trwa\u0142o\u015b\u0107 i komfort u\u017cytkowania przez d\u0142ugi czas.<\/p>\n<p class=\"\" data-start=\"1833\" data-end=\"2095\"><strong data-start=\"1833\" data-end=\"1845\">St\u00f3\u0142 Kam<\/strong> to elegancki i funkcjonalny wyb\u00f3r do kuchni czy jadalni, szczeg\u00f3lnie dla os\u00f3b szukaj\u0105cych praktycznego rozwi\u0105zania do mniejszych przestrzeni. Wyb\u00f3r kolor\u00f3w p\u0142yty i n\u00f3g pozwala na pe\u0142ne dopasowanie sto\u0142u do indywidualnych preferencji i stylu wn\u0119trza.<\/p>\n","protected":false},"excerpt":{"rendered":"<p>St\u00f3\u0142 <strong data-start=\"48\" data-end=\"55\">Kam<\/strong> o wymiarach 90&#215;70 cm to idealna opcja do mniejszych kuchni i jadalni, zapewniaj\u0105ca wystarczaj\u0105c\u0105 przestrze\u0144 do spo\u017cywania posi\u0142k\u00f3w, przy jednoczesnym zachowaniu funkcjonalno\u015bci i elegancji. Jego kompaktowe wymiary sprawiaj\u0105, \u017ce jest doskona\u0142y do wn\u0119trz o ograniczonej powierzchni, oferuj\u0105c przy tym wygod\u0119 u\u017cytkowania.<\/p>\n","protected":false},"featured_media":40047,"template":"","meta":[],"product_brand":[710],"product_cat":[798,759,775,454,479,505,564],"product_tag":[],"class_list":{"0":"post-53086","1":"product","2":"type-product","3":"status-publish","4":"has-post-thumbnail","6":"product_brand-meble-kam","7":"product_cat-stoly-kuchenne-sklep","8":"product_cat-stoly-prostokatne","9":"product_cat-wszystko","10":"product_cat-meble-kam-mono","11":"product_cat-elementy-wykonczeniowe","12":"product_cat-stoly-kuchenne","13":"product_cat-stol","14":"product_shipping_class-wyspy-kam","16":"first","17":"instock","18":"shipping-taxable","19":"purchasable","20":"product-type-simple"},"yoast_head":"<!-- This site is optimized with the Yoast SEO Premium plugin v25.0 (Yoast SEO v25.0) - https:\/\/yoast.com\/wordpress\/plugins\/seo\/ -->\n<title>St\u00f3\u0142 do Kuchni\/Jadalni 90x70 cm<\/title>\n<meta name=\"description\" content=\"St\u00f3\u0142 do Kuchni\/Jadalni 90x70 cm to idealna opcja do mniejszych kuchni i jadalni, zapewniaj\u0105ca wystarczaj\u0105c\u0105 przestrze\u0144 do spo\u017cywania posi\u0142k\u00f3w,\" \/>\n<meta name=\"robots\" content=\"index, follow, max-snippet:-1, max-image-preview:large, max-video-preview:-1\" \/>\n<link rel=\"canonical\" href=\"https:\/\/meblekuchenne.pl\/sklep\/product\/stol-do-kuchni-jadalni-90x70-cm-rozne-kolory-meble-kam\/\" \/>\n<meta property=\"og:locale\" content=\"pl_PL\" \/>\n<meta property=\"og:type\" content=\"article\" \/>\n<meta property=\"og:title\" content=\"St\u00f3\u0142 do kuchni\/jadalni - 90x70 cm - r\u00f3\u017cne kolory - meble Kam\" \/>\n<meta property=\"og:description\" content=\"St\u00f3\u0142 do Kuchni\/Jadalni 90x70 cm to idealna opcja do mniejszych kuchni i jadalni, zapewniaj\u0105ca wystarczaj\u0105c\u0105 przestrze\u0144 do spo\u017cywania posi\u0142k\u00f3w,\" \/>\n<meta property=\"og:url\" content=\"https:\/\/meblekuchenne.pl\/sklep\/product\/stol-do-kuchni-jadalni-90x70-cm-rozne-kolory-meble-kam\/\" \/>\n<meta property=\"og:site_name\" content=\"MebleKuchenne.PL - SKLEP\" \/>\n<meta property=\"article:modified_time\" content=\"2026-04-10T08:42:04+00:00\" \/>\n<meta property=\"og:image\" content=\"https:\/\/meblekuchenne.pl\/sklep\/wp-content\/uploads\/2025\/02\/page46_img2_1_w-2.webp\" \/>\n\t<meta property=\"og:image:width\" content=\"856\" \/>\n\t<meta property=\"og:image:height\" content=\"476\" \/>\n\t<meta property=\"og:image:type\" content=\"image\/webp\" \/>\n<meta name=\"twitter:card\" content=\"summary_large_image\" \/>\n<meta name=\"twitter:label1\" content=\"Cena\" \/>\n\t<meta name=\"twitter:data1\" content=\"493,00&nbsp;&#122;&#322;\" \/>\n\t<meta name=\"twitter:label2\" content=\"Dost\u0119pno\u015b\u0107\" \/>\n\t<meta name=\"twitter:data2\" content=\"Dost\u0119pny\" \/>\n<script type=\"application\/ld+json\" class=\"yoast-schema-graph\">{\"@context\":\"https:\/\/schema.org\",\"@graph\":[{\"@type\":\"WebPage\",\"@id\":\"https:\/\/meblekuchenne.pl\/sklep\/product\/stol-do-kuchni-jadalni-90x70-cm-rozne-kolory-meble-kam\/\",\"url\":\"https:\/\/meblekuchenne.pl\/sklep\/product\/stol-do-kuchni-jadalni-90x70-cm-rozne-kolory-meble-kam\/\",\"name\":\"St\u00f3\u0142 do Kuchni\/Jadalni 90x70 cm\",\"isPartOf\":{\"@id\":\"https:\/\/meblekuchenne.pl\/sklep\/#website\"},\"primaryImageOfPage\":{\"@id\":\"https:\/\/meblekuchenne.pl\/sklep\/product\/stol-do-kuchni-jadalni-90x70-cm-rozne-kolory-meble-kam\/#primaryimage\"},\"image\":{\"@id\":\"https:\/\/meblekuchenne.pl\/sklep\/product\/stol-do-kuchni-jadalni-90x70-cm-rozne-kolory-meble-kam\/#primaryimage\"},\"thumbnailUrl\":\"https:\/\/meblekuchenne.pl\/sklep\/wp-content\/uploads\/2025\/02\/page46_img2_1_w-2.webp\",\"datePublished\":\"2025-02-21T19:29:28+00:00\",\"dateModified\":\"2026-04-10T08:42:04+00:00\",\"description\":\"St\u00f3\u0142 do Kuchni\/Jadalni 90x70 cm to idealna opcja do mniejszych kuchni i jadalni, zapewniaj\u0105ca wystarczaj\u0105c\u0105 przestrze\u0144 do spo\u017cywania posi\u0142k\u00f3w,\",\"breadcrumb\":{\"@id\":\"https:\/\/meblekuchenne.pl\/sklep\/product\/stol-do-kuchni-jadalni-90x70-cm-rozne-kolory-meble-kam\/#breadcrumb\"},\"inLanguage\":\"pl-PL\",\"potentialAction\":[{\"@type\":\"ReadAction\",\"target\":[\"https:\/\/meblekuchenne.pl\/sklep\/product\/stol-do-kuchni-jadalni-90x70-cm-rozne-kolory-meble-kam\/\"]}]},{\"@type\":\"ImageObject\",\"inLanguage\":\"pl-PL\",\"@id\":\"https:\/\/meblekuchenne.pl\/sklep\/product\/stol-do-kuchni-jadalni-90x70-cm-rozne-kolory-meble-kam\/#primaryimage\",\"url\":\"https:\/\/meblekuchenne.pl\/sklep\/wp-content\/uploads\/2025\/02\/page46_img2_1_w-2.webp\",\"contentUrl\":\"https:\/\/meblekuchenne.pl\/sklep\/wp-content\/uploads\/2025\/02\/page46_img2_1_w-2.webp\",\"width\":856,\"height\":476},{\"@type\":\"BreadcrumbList\",\"@id\":\"https:\/\/meblekuchenne.pl\/sklep\/product\/stol-do-kuchni-jadalni-90x70-cm-rozne-kolory-meble-kam\/#breadcrumb\",\"itemListElement\":[{\"@type\":\"ListItem\",\"position\":1,\"name\":\"Strona g\u0142\u00f3wna\",\"item\":\"https:\/\/meblekuchenne.pl\/sklep\/\"},{\"@type\":\"ListItem\",\"position\":2,\"name\":\"Sklep\",\"item\":\"https:\/\/meblekuchenne.pl\/sklep\/sklep\/\"},{\"@type\":\"ListItem\",\"position\":3,\"name\":\"St\u00f3\u0142 do kuchni\/jadalni &#8211; 90&#215;70 cm &#8211; r\u00f3\u017cne kolory &#8211; meble Kam\"}]},{\"@type\":\"WebSite\",\"@id\":\"https:\/\/meblekuchenne.pl\/sklep\/#website\",\"url\":\"https:\/\/meblekuchenne.pl\/sklep\/\",\"name\":\"MebleKuchenne.PL - SKLEP\",\"description\":\"\",\"publisher\":{\"@id\":\"https:\/\/meblekuchenne.pl\/sklep\/#organization\"},\"potentialAction\":[{\"@type\":\"SearchAction\",\"target\":{\"@type\":\"EntryPoint\",\"urlTemplate\":\"https:\/\/meblekuchenne.pl\/sklep\/?s={search_term_string}\"},\"query-input\":{\"@type\":\"PropertyValueSpecification\",\"valueRequired\":true,\"valueName\":\"search_term_string\"}}],\"inLanguage\":\"pl-PL\"},{\"@type\":\"Organization\",\"@id\":\"https:\/\/meblekuchenne.pl\/sklep\/#organization\",\"name\":\"MebleKuchenne.PL - SKLEP\",\"url\":\"https:\/\/meblekuchenne.pl\/sklep\/\",\"logo\":{\"@type\":\"ImageObject\",\"inLanguage\":\"pl-PL\",\"@id\":\"https:\/\/meblekuchenne.pl\/sklep\/#\/schema\/logo\/image\/\",\"url\":\"https:\/\/meblekuchenne.pl\/sklep\/wp-content\/uploads\/2025\/06\/cropped-cropped-logo.webp\",\"contentUrl\":\"https:\/\/meblekuchenne.pl\/sklep\/wp-content\/uploads\/2025\/06\/cropped-cropped-logo.webp\",\"width\":735,\"height\":715,\"caption\":\"MebleKuchenne.PL - SKLEP\"},\"image\":{\"@id\":\"https:\/\/meblekuchenne.pl\/sklep\/#\/schema\/logo\/image\/\"}}]}<\/script>\n<meta property=\"product:price:amount\" content=\"493.00\" \/>\n<meta property=\"product:price:currency\" content=\"PLN\" \/>\n<meta property=\"og:availability\" content=\"instock\" \/>\n<meta property=\"product:availability\" content=\"instock\" \/>\n<meta property=\"product:condition\" content=\"new\" \/>\n<!-- \/ Yoast SEO Premium plugin. -->","yoast_head_json":{"title":"St\u00f3\u0142 do Kuchni\/Jadalni 90x70 cm","description":"St\u00f3\u0142 do Kuchni\/Jadalni 90x70 cm to idealna opcja do mniejszych kuchni i jadalni, zapewniaj\u0105ca wystarczaj\u0105c\u0105 przestrze\u0144 do spo\u017cywania posi\u0142k\u00f3w,","robots":{"index":"index","follow":"follow","max-snippet":"max-snippet:-1","max-image-preview":"max-image-preview:large","max-video-preview":"max-video-preview:-1"},"canonical":"https:\/\/meblekuchenne.pl\/sklep\/product\/stol-do-kuchni-jadalni-90x70-cm-rozne-kolory-meble-kam\/","og_locale":"pl_PL","og_type":"article","og_title":"St\u00f3\u0142 do kuchni\/jadalni - 90x70 cm - r\u00f3\u017cne kolory - meble Kam","og_description":"St\u00f3\u0142 do Kuchni\/Jadalni 90x70 cm to idealna opcja do mniejszych kuchni i jadalni, zapewniaj\u0105ca wystarczaj\u0105c\u0105 przestrze\u0144 do spo\u017cywania posi\u0142k\u00f3w,","og_url":"https:\/\/meblekuchenne.pl\/sklep\/product\/stol-do-kuchni-jadalni-90x70-cm-rozne-kolory-meble-kam\/","og_site_name":"MebleKuchenne.PL - SKLEP","article_modified_time":"2026-04-10T08:42:04+00:00","og_image":[{"width":856,"height":476,"url":"https:\/\/meblekuchenne.pl\/sklep\/wp-content\/uploads\/2025\/02\/page46_img2_1_w-2.webp","type":"image\/webp"}],"twitter_card":"summary_large_image","twitter_misc":{"Cena":"493,00&nbsp;&#122;&#322;","Dost\u0119pno\u015b\u0107":"Dost\u0119pny"},"schema":{"@context":"https:\/\/schema.org","@graph":[{"@type":"WebPage","@id":"https:\/\/meblekuchenne.pl\/sklep\/product\/stol-do-kuchni-jadalni-90x70-cm-rozne-kolory-meble-kam\/","url":"https:\/\/meblekuchenne.pl\/sklep\/product\/stol-do-kuchni-jadalni-90x70-cm-rozne-kolory-meble-kam\/","name":"St\u00f3\u0142 do Kuchni\/Jadalni 90x70 cm","isPartOf":{"@id":"https:\/\/meblekuchenne.pl\/sklep\/#website"},"primaryImageOfPage":{"@id":"https:\/\/meblekuchenne.pl\/sklep\/product\/stol-do-kuchni-jadalni-90x70-cm-rozne-kolory-meble-kam\/#primaryimage"},"image":{"@id":"https:\/\/meblekuchenne.pl\/sklep\/product\/stol-do-kuchni-jadalni-90x70-cm-rozne-kolory-meble-kam\/#primaryimage"},"thumbnailUrl":"https:\/\/meblekuchenne.pl\/sklep\/wp-content\/uploads\/2025\/02\/page46_img2_1_w-2.webp","datePublished":"2025-02-21T19:29:28+00:00","dateModified":"2026-04-10T08:42:04+00:00","description":"St\u00f3\u0142 do Kuchni\/Jadalni 90x70 cm to idealna opcja do mniejszych kuchni i jadalni, zapewniaj\u0105ca wystarczaj\u0105c\u0105 przestrze\u0144 do spo\u017cywania posi\u0142k\u00f3w,","breadcrumb":{"@id":"https:\/\/meblekuchenne.pl\/sklep\/product\/stol-do-kuchni-jadalni-90x70-cm-rozne-kolory-meble-kam\/#breadcrumb"},"inLanguage":"pl-PL","potentialAction":[{"@type":"ReadAction","target":["https:\/\/meblekuchenne.pl\/sklep\/product\/stol-do-kuchni-jadalni-90x70-cm-rozne-kolory-meble-kam\/"]}]},{"@type":"ImageObject","inLanguage":"pl-PL","@id":"https:\/\/meblekuchenne.pl\/sklep\/product\/stol-do-kuchni-jadalni-90x70-cm-rozne-kolory-meble-kam\/#primaryimage","url":"https:\/\/meblekuchenne.pl\/sklep\/wp-content\/uploads\/2025\/02\/page46_img2_1_w-2.webp","contentUrl":"https:\/\/meblekuchenne.pl\/sklep\/wp-content\/uploads\/2025\/02\/page46_img2_1_w-2.webp","width":856,"height":476},{"@type":"BreadcrumbList","@id":"https:\/\/meblekuchenne.pl\/sklep\/product\/stol-do-kuchni-jadalni-90x70-cm-rozne-kolory-meble-kam\/#breadcrumb","itemListElement":[{"@type":"ListItem","position":1,"name":"Strona g\u0142\u00f3wna","item":"https:\/\/meblekuchenne.pl\/sklep\/"},{"@type":"ListItem","position":2,"name":"Sklep","item":"https:\/\/meblekuchenne.pl\/sklep\/sklep\/"},{"@type":"ListItem","position":3,"name":"St\u00f3\u0142 do kuchni\/jadalni &#8211; 90&#215;70 cm &#8211; r\u00f3\u017cne kolory &#8211; meble Kam"}]},{"@type":"WebSite","@id":"https:\/\/meblekuchenne.pl\/sklep\/#website","url":"https:\/\/meblekuchenne.pl\/sklep\/","name":"MebleKuchenne.PL - SKLEP","description":"","publisher":{"@id":"https:\/\/meblekuchenne.pl\/sklep\/#organization"},"potentialAction":[{"@type":"SearchAction","target":{"@type":"EntryPoint","urlTemplate":"https:\/\/meblekuchenne.pl\/sklep\/?s={search_term_string}"},"query-input":{"@type":"PropertyValueSpecification","valueRequired":true,"valueName":"search_term_string"}}],"inLanguage":"pl-PL"},{"@type":"Organization","@id":"https:\/\/meblekuchenne.pl\/sklep\/#organization","name":"MebleKuchenne.PL - SKLEP","url":"https:\/\/meblekuchenne.pl\/sklep\/","logo":{"@type":"ImageObject","inLanguage":"pl-PL","@id":"https:\/\/meblekuchenne.pl\/sklep\/#\/schema\/logo\/image\/","url":"https:\/\/meblekuchenne.pl\/sklep\/wp-content\/uploads\/2025\/06\/cropped-cropped-logo.webp","contentUrl":"https:\/\/meblekuchenne.pl\/sklep\/wp-content\/uploads\/2025\/06\/cropped-cropped-logo.webp","width":735,"height":715,"caption":"MebleKuchenne.PL - SKLEP"},"image":{"@id":"https:\/\/meblekuchenne.pl\/sklep\/#\/schema\/logo\/image\/"}}]},"product_price_amount":"493.00","product_price_currency":"PLN","og_availability":"instock","product_availability":"instock","product_condition":"new"},"_links":{"self":[{"href":"https:\/\/meblekuchenne.pl\/sklep\/wp-json\/wp\/v2\/product\/53086","targetHints":{"allow":["GET"]}}],"collection":[{"href":"https:\/\/meblekuchenne.pl\/sklep\/wp-json\/wp\/v2\/product"}],"about":[{"href":"https:\/\/meblekuchenne.pl\/sklep\/wp-json\/wp\/v2\/types\/product"}],"wp:featuredmedia":[{"embeddable":true,"href":"https:\/\/meblekuchenne.pl\/sklep\/wp-json\/wp\/v2\/media\/40047"}],"wp:attachment":[{"href":"https:\/\/meblekuchenne.pl\/sklep\/wp-json\/wp\/v2\/media?parent=53086"}],"wp:term":[{"taxonomy":"product_brand","embeddable":true,"href":"https:\/\/meblekuchenne.pl\/sklep\/wp-json\/wp\/v2\/product_brand?post=53086"},{"taxonomy":"product_cat","embeddable":true,"href":"https:\/\/meblekuchenne.pl\/sklep\/wp-json\/wp\/v2\/product_cat?post=53086"},{"taxonomy":"product_tag","embeddable":true,"href":"https:\/\/meblekuchenne.pl\/sklep\/wp-json\/wp\/v2\/product_tag?post=53086"}],"curies":[{"name":"wp","href":"https:\/\/api.w.org\/{rel}","templated":true}]}}