{"id":52867,"date":"2025-02-21T20:24:56","date_gmt":"2025-02-21T19:24:56","guid":{"rendered":"https:\/\/meblekuchenne.pl\/sklep\/?post_type=product&#038;p=52867"},"modified":"2026-04-01T11:34:01","modified_gmt":"2026-04-01T09:34:01","slug":"szafka-wiszaca-wom1z60-90-mikrofalowka-w-zabudowie-kam-mono","status":"publish","type":"product","link":"https:\/\/meblekuchenne.pl\/sklep\/product\/szafka-wiszaca-wom1z60-90-mikrofalowka-w-zabudowie-kam-mono\/","title":{"rendered":"Szafka wisz\u0105ca WOM1Z60\/90 &#8211; mikrofal\u00f3wka w zabudowie &#8211; Kam Mono"},"content":{"rendered":"<h2 data-start=\"0\" data-end=\"75\"><strong data-start=\"4\" data-end=\"73\">Szafka wisz\u0105ca WOM1Z60\/90 &#8211; mikrofal\u00f3wka w zabudowie<\/strong><\/h2>\n<p>Szafka wisz\u0105ca z mikrofal\u0105 w zabudowie \u2013 szer. 60 cm, wys. 90 cm, g\u0142. 36 cm<\/p>\n<h3 data-start=\"77\" data-end=\"110\"><strong data-start=\"81\" data-end=\"108\">Przemy\u015blana konstrukcja<\/strong><\/h3>\n<p data-start=\"111\" data-end=\"336\">Szafka wisz\u0105ca <strong data-start=\"126\" data-end=\"140\">WOM1Z60\/90<\/strong> to praktyczne rozwi\u0105zanie do zabudowy mikrofal\u00f3wki, kt\u00f3re zapewnia estetyczny wygl\u0105d kuchni i wygod\u0119 u\u017cytkowania. Dzi\u0119ki starannemu wykonaniu idealnie komponuje si\u0119 z innymi meblami kuchennymi.<\/p>\n<h3 data-start=\"427\" data-end=\"471\"><strong data-start=\"431\" data-end=\"469\">Nowoczesna mikrofala Whirlpool M1C<\/strong><\/h3>\n<p data-start=\"472\" data-end=\"599\">W zestawie znajduje si\u0119 mikrofal\u00f3wka <strong data-start=\"509\" data-end=\"526\">Whirlpool M1C<\/strong>, charakteryzuj\u0105ca si\u0119 nowoczesnym wygl\u0105dem i zaawansowanymi funkcjami:<\/p>\n<ul>\n<li data-start=\"601\" data-end=\"815\">\u00a0Wymiary: 595 \u00d7 382 mm<\/li>\n<li data-start=\"601\" data-end=\"815\">Pojemno\u015b\u0107: 22 l<\/li>\n<li data-start=\"601\" data-end=\"815\">Moc mikrofali: 750 W<\/li>\n<li data-start=\"601\" data-end=\"815\">Moc grilla: 700 W<\/li>\n<li data-start=\"601\" data-end=\"815\">Technologia 3D \u2013 r\u00f3wnomierne podgrzewanie potraw<\/li>\n<li data-start=\"601\" data-end=\"815\">Funkcje: grill, crisp, rozmra\u017canie<\/li>\n<li data-start=\"601\" data-end=\"815\">Zintegrowany pasek LED 5W<\/li>\n<\/ul>\n<h3 data-start=\"817\" data-end=\"857\"><strong data-start=\"821\" data-end=\"855\">Dopasuj front do swojej kuchni<\/strong><\/h3>\n<p data-start=\"858\" data-end=\"993\">Szafka <strong data-start=\"865\" data-end=\"879\">WOM1Z60\/90<\/strong> dost\u0119pna jest z frontami w r\u00f3\u017cnych kolorach i wyko\u0144czeniach, co pozwala na idealne dopasowanie do stylu kuchni.<\/p>\n<h3 data-start=\"995\" data-end=\"1030\"><strong data-start=\"999\" data-end=\"1028\">Zalety szafki WOM1Z60\/90:<\/strong><\/h3>\n<ul>\n<li data-start=\"1031\" data-end=\"1157\">Elegancka zabudowa mikrofali<\/li>\n<li data-start=\"1031\" data-end=\"1157\">Funkcjonalno\u015b\u0107 i nowoczesny design<\/li>\n<li data-start=\"1031\" data-end=\"1157\">Mo\u017cliwo\u015b\u0107 wyboru front\u00f3w w szerokiej gamie kolor\u00f3w<\/li>\n<\/ul>\n<h3>Meble kuchenne KAM &#8211; rozwi\u0105zanie, kt\u00f3re cieszy oko<\/h3>\n<p data-start=\"1159\" data-end=\"1227\">To idealne rozwi\u0105zanie, kt\u00f3re \u0142\u0105czy estetyk\u0119 i wygod\u0119 u\u017cytkowania!<\/p>\n","protected":false},"excerpt":{"rendered":"<h3 data-start=\"0\" data-end=\"75\"><strong data-start=\"4\" data-end=\"73\">Szafka wisz\u0105ca WOM1Z60\/90 &#8211; mikrofal\u00f3wka w zabudowie<\/strong><\/h3>\n<p data-start=\"111\" data-end=\"336\">Szafka wisz\u0105ca <strong data-start=\"126\" data-end=\"140\">WOM1Z60\/90<\/strong> to praktyczne rozwi\u0105zanie do zabudowy mikrofal\u00f3wki, kt\u00f3re zapewnia estetyczny wygl\u0105d kuchni i wygod\u0119 u\u017cytkowania. Dzi\u0119ki starannemu wykonaniu idealnie komponuje si\u0119 z innymi meblami kuchennymi.<\/p>\n","protected":false},"featured_media":60173,"template":"","meta":[],"product_brand":[710],"product_cat":[786,775,777,454,471,485],"product_tag":[],"class_list":{"0":"post-52867","1":"product","2":"type-product","3":"status-publish","4":"has-post-thumbnail","6":"product_brand-meble-kam","7":"product_cat-pod-mikrofale-sklep","8":"product_cat-wszystko","9":"product_cat-zabudowa-agd-sklep","10":"product_cat-meble-kam-mono","11":"product_cat-szafki-agd","12":"product_cat-szafki-wiszace-do-zabudowy-mikrofali","13":"product_shipping_class-szafka-wiszaca-kam","14":"pa_front-f10","15":"pa_front-f11","16":"pa_front-f4","17":"pa_front-f6","18":"pa_front-f7","19":"pa_front-f8","20":"pa_front-fg2","21":"pa_front-k2","22":"pa_front-kc2","23":"pa_front-kc4","24":"pa_front-l4-mat","25":"pa_front-l4-polysk","26":"pa_front-m4","27":"pa_front-os_2","28":"pa_front-os_2black","29":"pa_front-p00","30":"pa_front-p2","31":"pa_front-p4","33":"first","34":"instock","35":"shipping-taxable","36":"purchasable","37":"product-type-variable"},"yoast_head":"<!-- This site is optimized with the Yoast SEO Premium plugin v25.0 (Yoast SEO v25.0) - https:\/\/yoast.com\/wordpress\/plugins\/seo\/ -->\n<title>Szafka wisz\u0105ca WOM1Z60\/90 - mikrofal\u00f3wka w zabudowie<\/title>\n<meta name=\"description\" content=\"Szafka wisz\u0105ca WOM1Z60\/90 to praktyczne rozwi\u0105zanie do zabudowy mikrofal\u00f3wki, kt\u00f3re zapewnia estetyczny wygl\u0105d kuchni i wygod\u0119 u\u017cytkowania.\" \/>\n<meta name=\"robots\" content=\"index, follow, max-snippet:-1, max-image-preview:large, max-video-preview:-1\" \/>\n<link rel=\"canonical\" href=\"https:\/\/meblekuchenne.pl\/sklep\/product\/szafka-wiszaca-wom1z60-90-mikrofalowka-w-zabudowie-kam-mono\/\" \/>\n<meta property=\"og:locale\" content=\"pl_PL\" \/>\n<meta property=\"og:type\" content=\"article\" \/>\n<meta property=\"og:title\" content=\"Szafka wisz\u0105ca WOM1Z60\/90 - mikrofal\u00f3wka w zabudowie - Kam Mono\" \/>\n<meta property=\"og:description\" content=\"Szafka wisz\u0105ca WOM1Z60\/90 to praktyczne rozwi\u0105zanie do zabudowy mikrofal\u00f3wki, kt\u00f3re zapewnia estetyczny wygl\u0105d kuchni i wygod\u0119 u\u017cytkowania.\" \/>\n<meta property=\"og:url\" content=\"https:\/\/meblekuchenne.pl\/sklep\/product\/szafka-wiszaca-wom1z60-90-mikrofalowka-w-zabudowie-kam-mono\/\" \/>\n<meta property=\"og:site_name\" content=\"MebleKuchenne.PL - SKLEP\" \/>\n<meta property=\"article:modified_time\" content=\"2026-04-01T09:34:01+00:00\" \/>\n<meta property=\"og:image\" content=\"https:\/\/meblekuchenne.pl\/sklep\/wp-content\/uploads\/2025\/02\/WOM1Z60-71-1.webp\" \/>\n\t<meta property=\"og:image:width\" content=\"1600\" \/>\n\t<meta property=\"og:image:height\" content=\"1080\" \/>\n\t<meta property=\"og:image:type\" content=\"image\/webp\" \/>\n<meta name=\"twitter:card\" content=\"summary_large_image\" \/>\n<meta name=\"twitter:label1\" content=\"Dost\u0119pno\u015b\u0107\" \/>\n\t<meta name=\"twitter:data1\" content=\"Dost\u0119pny\" \/>\n<script type=\"application\/ld+json\" class=\"yoast-schema-graph\">{\"@context\":\"https:\/\/schema.org\",\"@graph\":[{\"@type\":\"WebPage\",\"@id\":\"https:\/\/meblekuchenne.pl\/sklep\/product\/szafka-wiszaca-wom1z60-90-mikrofalowka-w-zabudowie-kam-mono\/\",\"url\":\"https:\/\/meblekuchenne.pl\/sklep\/product\/szafka-wiszaca-wom1z60-90-mikrofalowka-w-zabudowie-kam-mono\/\",\"name\":\"Szafka wisz\u0105ca WOM1Z60\/90 - mikrofal\u00f3wka w zabudowie\",\"isPartOf\":{\"@id\":\"https:\/\/meblekuchenne.pl\/sklep\/#website\"},\"primaryImageOfPage\":{\"@id\":\"https:\/\/meblekuchenne.pl\/sklep\/product\/szafka-wiszaca-wom1z60-90-mikrofalowka-w-zabudowie-kam-mono\/#primaryimage\"},\"image\":{\"@id\":\"https:\/\/meblekuchenne.pl\/sklep\/product\/szafka-wiszaca-wom1z60-90-mikrofalowka-w-zabudowie-kam-mono\/#primaryimage\"},\"thumbnailUrl\":\"https:\/\/meblekuchenne.pl\/sklep\/wp-content\/uploads\/2025\/02\/WOM1Z60-71-1.webp\",\"datePublished\":\"2025-02-21T19:24:56+00:00\",\"dateModified\":\"2026-04-01T09:34:01+00:00\",\"description\":\"Szafka wisz\u0105ca WOM1Z60\/90 to praktyczne rozwi\u0105zanie do zabudowy mikrofal\u00f3wki, kt\u00f3re zapewnia estetyczny wygl\u0105d kuchni i wygod\u0119 u\u017cytkowania.\",\"breadcrumb\":{\"@id\":\"https:\/\/meblekuchenne.pl\/sklep\/product\/szafka-wiszaca-wom1z60-90-mikrofalowka-w-zabudowie-kam-mono\/#breadcrumb\"},\"inLanguage\":\"pl-PL\",\"potentialAction\":[{\"@type\":\"ReadAction\",\"target\":[\"https:\/\/meblekuchenne.pl\/sklep\/product\/szafka-wiszaca-wom1z60-90-mikrofalowka-w-zabudowie-kam-mono\/\"]}]},{\"@type\":\"ImageObject\",\"inLanguage\":\"pl-PL\",\"@id\":\"https:\/\/meblekuchenne.pl\/sklep\/product\/szafka-wiszaca-wom1z60-90-mikrofalowka-w-zabudowie-kam-mono\/#primaryimage\",\"url\":\"https:\/\/meblekuchenne.pl\/sklep\/wp-content\/uploads\/2025\/02\/WOM1Z60-71-1.webp\",\"contentUrl\":\"https:\/\/meblekuchenne.pl\/sklep\/wp-content\/uploads\/2025\/02\/WOM1Z60-71-1.webp\",\"width\":1600,\"height\":1080},{\"@type\":\"BreadcrumbList\",\"@id\":\"https:\/\/meblekuchenne.pl\/sklep\/product\/szafka-wiszaca-wom1z60-90-mikrofalowka-w-zabudowie-kam-mono\/#breadcrumb\",\"itemListElement\":[{\"@type\":\"ListItem\",\"position\":1,\"name\":\"Strona g\u0142\u00f3wna\",\"item\":\"https:\/\/meblekuchenne.pl\/sklep\/\"},{\"@type\":\"ListItem\",\"position\":2,\"name\":\"Sklep\",\"item\":\"https:\/\/meblekuchenne.pl\/sklep\/sklep\/\"},{\"@type\":\"ListItem\",\"position\":3,\"name\":\"Szafka wisz\u0105ca WOM1Z60\/90 &#8211; mikrofal\u00f3wka w zabudowie &#8211; Kam Mono\"}]},{\"@type\":\"WebSite\",\"@id\":\"https:\/\/meblekuchenne.pl\/sklep\/#website\",\"url\":\"https:\/\/meblekuchenne.pl\/sklep\/\",\"name\":\"MebleKuchenne.PL - SKLEP\",\"description\":\"\",\"publisher\":{\"@id\":\"https:\/\/meblekuchenne.pl\/sklep\/#organization\"},\"potentialAction\":[{\"@type\":\"SearchAction\",\"target\":{\"@type\":\"EntryPoint\",\"urlTemplate\":\"https:\/\/meblekuchenne.pl\/sklep\/?s={search_term_string}\"},\"query-input\":{\"@type\":\"PropertyValueSpecification\",\"valueRequired\":true,\"valueName\":\"search_term_string\"}}],\"inLanguage\":\"pl-PL\"},{\"@type\":\"Organization\",\"@id\":\"https:\/\/meblekuchenne.pl\/sklep\/#organization\",\"name\":\"MebleKuchenne.PL - SKLEP\",\"url\":\"https:\/\/meblekuchenne.pl\/sklep\/\",\"logo\":{\"@type\":\"ImageObject\",\"inLanguage\":\"pl-PL\",\"@id\":\"https:\/\/meblekuchenne.pl\/sklep\/#\/schema\/logo\/image\/\",\"url\":\"https:\/\/meblekuchenne.pl\/sklep\/wp-content\/uploads\/2025\/06\/cropped-cropped-logo.webp\",\"contentUrl\":\"https:\/\/meblekuchenne.pl\/sklep\/wp-content\/uploads\/2025\/06\/cropped-cropped-logo.webp\",\"width\":735,\"height\":715,\"caption\":\"MebleKuchenne.PL - SKLEP\"},\"image\":{\"@id\":\"https:\/\/meblekuchenne.pl\/sklep\/#\/schema\/logo\/image\/\"}}]}<\/script>\n<meta property=\"og:availability\" content=\"instock\" \/>\n<meta property=\"product:availability\" content=\"instock\" \/>\n<meta property=\"product:retailer_item_id\" content=\"WOM1Z60\/90\" \/>\n<meta property=\"product:condition\" content=\"new\" \/>\n<!-- \/ Yoast SEO Premium plugin. -->","yoast_head_json":{"title":"Szafka wisz\u0105ca WOM1Z60\/90 - mikrofal\u00f3wka w zabudowie","description":"Szafka wisz\u0105ca WOM1Z60\/90 to praktyczne rozwi\u0105zanie do zabudowy mikrofal\u00f3wki, kt\u00f3re zapewnia estetyczny wygl\u0105d kuchni i wygod\u0119 u\u017cytkowania.","robots":{"index":"index","follow":"follow","max-snippet":"max-snippet:-1","max-image-preview":"max-image-preview:large","max-video-preview":"max-video-preview:-1"},"canonical":"https:\/\/meblekuchenne.pl\/sklep\/product\/szafka-wiszaca-wom1z60-90-mikrofalowka-w-zabudowie-kam-mono\/","og_locale":"pl_PL","og_type":"article","og_title":"Szafka wisz\u0105ca WOM1Z60\/90 - mikrofal\u00f3wka w zabudowie - Kam Mono","og_description":"Szafka wisz\u0105ca WOM1Z60\/90 to praktyczne rozwi\u0105zanie do zabudowy mikrofal\u00f3wki, kt\u00f3re zapewnia estetyczny wygl\u0105d kuchni i wygod\u0119 u\u017cytkowania.","og_url":"https:\/\/meblekuchenne.pl\/sklep\/product\/szafka-wiszaca-wom1z60-90-mikrofalowka-w-zabudowie-kam-mono\/","og_site_name":"MebleKuchenne.PL - SKLEP","article_modified_time":"2026-04-01T09:34:01+00:00","og_image":[{"width":1600,"height":1080,"url":"https:\/\/meblekuchenne.pl\/sklep\/wp-content\/uploads\/2025\/02\/WOM1Z60-71-1.webp","type":"image\/webp"}],"twitter_card":"summary_large_image","twitter_misc":{"Dost\u0119pno\u015b\u0107":"Dost\u0119pny"},"schema":{"@context":"https:\/\/schema.org","@graph":[{"@type":"WebPage","@id":"https:\/\/meblekuchenne.pl\/sklep\/product\/szafka-wiszaca-wom1z60-90-mikrofalowka-w-zabudowie-kam-mono\/","url":"https:\/\/meblekuchenne.pl\/sklep\/product\/szafka-wiszaca-wom1z60-90-mikrofalowka-w-zabudowie-kam-mono\/","name":"Szafka wisz\u0105ca WOM1Z60\/90 - mikrofal\u00f3wka w zabudowie","isPartOf":{"@id":"https:\/\/meblekuchenne.pl\/sklep\/#website"},"primaryImageOfPage":{"@id":"https:\/\/meblekuchenne.pl\/sklep\/product\/szafka-wiszaca-wom1z60-90-mikrofalowka-w-zabudowie-kam-mono\/#primaryimage"},"image":{"@id":"https:\/\/meblekuchenne.pl\/sklep\/product\/szafka-wiszaca-wom1z60-90-mikrofalowka-w-zabudowie-kam-mono\/#primaryimage"},"thumbnailUrl":"https:\/\/meblekuchenne.pl\/sklep\/wp-content\/uploads\/2025\/02\/WOM1Z60-71-1.webp","datePublished":"2025-02-21T19:24:56+00:00","dateModified":"2026-04-01T09:34:01+00:00","description":"Szafka wisz\u0105ca WOM1Z60\/90 to praktyczne rozwi\u0105zanie do zabudowy mikrofal\u00f3wki, kt\u00f3re zapewnia estetyczny wygl\u0105d kuchni i wygod\u0119 u\u017cytkowania.","breadcrumb":{"@id":"https:\/\/meblekuchenne.pl\/sklep\/product\/szafka-wiszaca-wom1z60-90-mikrofalowka-w-zabudowie-kam-mono\/#breadcrumb"},"inLanguage":"pl-PL","potentialAction":[{"@type":"ReadAction","target":["https:\/\/meblekuchenne.pl\/sklep\/product\/szafka-wiszaca-wom1z60-90-mikrofalowka-w-zabudowie-kam-mono\/"]}]},{"@type":"ImageObject","inLanguage":"pl-PL","@id":"https:\/\/meblekuchenne.pl\/sklep\/product\/szafka-wiszaca-wom1z60-90-mikrofalowka-w-zabudowie-kam-mono\/#primaryimage","url":"https:\/\/meblekuchenne.pl\/sklep\/wp-content\/uploads\/2025\/02\/WOM1Z60-71-1.webp","contentUrl":"https:\/\/meblekuchenne.pl\/sklep\/wp-content\/uploads\/2025\/02\/WOM1Z60-71-1.webp","width":1600,"height":1080},{"@type":"BreadcrumbList","@id":"https:\/\/meblekuchenne.pl\/sklep\/product\/szafka-wiszaca-wom1z60-90-mikrofalowka-w-zabudowie-kam-mono\/#breadcrumb","itemListElement":[{"@type":"ListItem","position":1,"name":"Strona g\u0142\u00f3wna","item":"https:\/\/meblekuchenne.pl\/sklep\/"},{"@type":"ListItem","position":2,"name":"Sklep","item":"https:\/\/meblekuchenne.pl\/sklep\/sklep\/"},{"@type":"ListItem","position":3,"name":"Szafka wisz\u0105ca WOM1Z60\/90 &#8211; mikrofal\u00f3wka w zabudowie &#8211; Kam Mono"}]},{"@type":"WebSite","@id":"https:\/\/meblekuchenne.pl\/sklep\/#website","url":"https:\/\/meblekuchenne.pl\/sklep\/","name":"MebleKuchenne.PL - SKLEP","description":"","publisher":{"@id":"https:\/\/meblekuchenne.pl\/sklep\/#organization"},"potentialAction":[{"@type":"SearchAction","target":{"@type":"EntryPoint","urlTemplate":"https:\/\/meblekuchenne.pl\/sklep\/?s={search_term_string}"},"query-input":{"@type":"PropertyValueSpecification","valueRequired":true,"valueName":"search_term_string"}}],"inLanguage":"pl-PL"},{"@type":"Organization","@id":"https:\/\/meblekuchenne.pl\/sklep\/#organization","name":"MebleKuchenne.PL - SKLEP","url":"https:\/\/meblekuchenne.pl\/sklep\/","logo":{"@type":"ImageObject","inLanguage":"pl-PL","@id":"https:\/\/meblekuchenne.pl\/sklep\/#\/schema\/logo\/image\/","url":"https:\/\/meblekuchenne.pl\/sklep\/wp-content\/uploads\/2025\/06\/cropped-cropped-logo.webp","contentUrl":"https:\/\/meblekuchenne.pl\/sklep\/wp-content\/uploads\/2025\/06\/cropped-cropped-logo.webp","width":735,"height":715,"caption":"MebleKuchenne.PL - SKLEP"},"image":{"@id":"https:\/\/meblekuchenne.pl\/sklep\/#\/schema\/logo\/image\/"}}]},"og_availability":"instock","product_availability":"instock","product_retailer_item_id":"WOM1Z60\/90","product_condition":"new"},"_links":{"self":[{"href":"https:\/\/meblekuchenne.pl\/sklep\/wp-json\/wp\/v2\/product\/52867","targetHints":{"allow":["GET"]}}],"collection":[{"href":"https:\/\/meblekuchenne.pl\/sklep\/wp-json\/wp\/v2\/product"}],"about":[{"href":"https:\/\/meblekuchenne.pl\/sklep\/wp-json\/wp\/v2\/types\/product"}],"wp:featuredmedia":[{"embeddable":true,"href":"https:\/\/meblekuchenne.pl\/sklep\/wp-json\/wp\/v2\/media\/60173"}],"wp:attachment":[{"href":"https:\/\/meblekuchenne.pl\/sklep\/wp-json\/wp\/v2\/media?parent=52867"}],"wp:term":[{"taxonomy":"product_brand","embeddable":true,"href":"https:\/\/meblekuchenne.pl\/sklep\/wp-json\/wp\/v2\/product_brand?post=52867"},{"taxonomy":"product_cat","embeddable":true,"href":"https:\/\/meblekuchenne.pl\/sklep\/wp-json\/wp\/v2\/product_cat?post=52867"},{"taxonomy":"product_tag","embeddable":true,"href":"https:\/\/meblekuchenne.pl\/sklep\/wp-json\/wp\/v2\/product_tag?post=52867"}],"curies":[{"name":"wp","href":"https:\/\/api.w.org\/{rel}","templated":true}]}}