{"id":51848,"date":"2025-02-21T20:12:04","date_gmt":"2025-02-21T19:12:04","guid":{"rendered":"https:\/\/meblekuchenne.pl\/sklep\/?post_type=product&#038;p=51848"},"modified":"2026-03-31T13:07:58","modified_gmt":"2026-03-31T11:07:58","slug":"szafka-wiszaca-bsnpr65-71-uzupelnienie-zabudowy-naroznej-przy-slupkach","status":"publish","type":"product","link":"https:\/\/meblekuchenne.pl\/sklep\/product\/szafka-wiszaca-bsnpr65-71-uzupelnienie-zabudowy-naroznej-przy-slupkach\/","title":{"rendered":"Szafka wisz\u0105ca BSNPR65\/71 &#8211; uzupe\u0142nienie zabudowy naro\u017cnej przy s\u0142upkach"},"content":{"rendered":"<h2 data-start=\"84\" data-end=\"166\"><strong data-start=\"88\" data-end=\"164\">Szafka wisz\u0105ca BSNPR65\/71 | KAMMONO<\/strong><\/h2>\n<p data-start=\"84\" data-end=\"166\">Szafka do zabudowy naro\u017cnej \u2013 szer. 65 cm, wys. 61 cm, g\u0142. 58 cm<\/p>\n<h3 class=\"\" data-start=\"84\" data-end=\"166\"><strong data-start=\"88\" data-end=\"164\">Uzupe\u0142nienie zabudowy naro\u017cnej przy s\u0142upkach<\/strong><\/h3>\n<p class=\"\" data-start=\"168\" data-end=\"516\">Szafka wisz\u0105ca <strong data-start=\"183\" data-end=\"197\">BSNPR65\/71<\/strong> to <strong data-start=\"201\" data-end=\"260\">doskona\u0142e rozwi\u0105zanie do uzupe\u0142nienia zabudowy naro\u017cnej<\/strong>, szczeg\u00f3lnie gdy na prostopad\u0142ej \u015bcianie znajduj\u0105 si\u0119 <strong data-start=\"315\" data-end=\"342\">g\u0142\u0119bokie szafki wisz\u0105ce<\/strong>. Dzi\u0119ki w\u0119\u017cszemu frontowi, szafka ta zosta\u0142a specjalnie zaprojektowana z my\u015bl\u0105 o takich konfiguracjach, zapewniaj\u0105c <strong data-start=\"459\" data-end=\"482\">sp\u00f3jno\u015b\u0107 estetyczn\u0105<\/strong> oraz <strong data-start=\"488\" data-end=\"506\">funkcjonalno\u015b\u0107<\/strong> w kuchni.<\/p>\n<h3 class=\"\" data-start=\"518\" data-end=\"585\"><strong data-start=\"522\" data-end=\"583\">Szafka BSNPR65\/71 \u2013 idealna do g\u0142\u0119bokich szafek wisz\u0105cych<\/strong><\/h3>\n<p class=\"\" data-start=\"587\" data-end=\"1059\">Szafki z serii <strong data-start=\"602\" data-end=\"611\">BSNPR<\/strong> s\u0105 przeznaczone do <strong data-start=\"631\" data-end=\"661\">g\u0142\u0119bokich szafek wisz\u0105cych<\/strong>, dzi\u0119ki czemu pasuj\u0105 idealnie do kuchni, w kt\u00f3rych zastosowano szafki o wi\u0119kszej g\u0142\u0119boko\u015bci. Ich <strong data-start=\"759\" data-end=\"775\">w\u0119\u017cszy front<\/strong> umo\u017cliwia lepsze dopasowanie do szafek, kt\u00f3re wisz\u0105 prostopadle, zapewniaj\u0105c w pe\u0142ni wykorzystan\u0105 przestrze\u0144 i sp\u00f3jn\u0105 zabudow\u0119. Dzi\u0119ki temu, szafka <strong data-start=\"924\" data-end=\"938\">BSNPR65\/71<\/strong> stanowi <strong data-start=\"947\" data-end=\"973\">wyj\u0105tkowe uzupe\u0142nienie<\/strong> kuchni, eliminuj\u0105c puste przestrzenie i nadaj\u0105c ca\u0142emu wn\u0119trzu <strong data-start=\"1037\" data-end=\"1058\">harmonijny wygl\u0105d<\/strong>. Meble kuchenne wygl\u0105daj\u0105 \u015bwietnie w takim ustawieniu.<\/p>\n<h3 class=\"\" data-start=\"1061\" data-end=\"1095\"><strong data-start=\"1065\" data-end=\"1093\">Zalety szafki<\/strong><\/h3>\n<ul data-start=\"1097\" data-end=\"1520\">\n<li class=\"\" data-start=\"1097\" data-end=\"1210\">\n<p class=\"\" data-start=\"1099\" data-end=\"1210\"><strong data-start=\"1099\" data-end=\"1115\">W\u0119\u017cszy front<\/strong> \u2013 dedykowana do g\u0142\u0119bokich szafek wisz\u0105cych, pasuje idealnie do szafek wisz\u0105cych prostopadle.<\/p>\n<\/li>\n<li class=\"\" data-start=\"1211\" data-end=\"1357\">\n<p class=\"\" data-start=\"1213\" data-end=\"1357\"><strong data-start=\"1213\" data-end=\"1255\">Idealne uzupe\u0142nienie zabudowy naro\u017cnej<\/strong> \u2013 uzupe\u0142nia przestrze\u0144 przy s\u0142upkach, gdy na prostopad\u0142ej \u015bcianie znajduj\u0105 si\u0119 inne szafki wisz\u0105ce.<\/p>\n<\/li>\n<li class=\"\" data-start=\"1358\" data-end=\"1448\">\n<p class=\"\" data-start=\"1360\" data-end=\"1448\"><strong data-start=\"1360\" data-end=\"1384\">Ergonomia i estetyka<\/strong> \u2013 optymalne wykorzystanie przestrzeni z zachowaniem estetyki.<\/p>\n<\/li>\n<li class=\"\" data-start=\"1449\" data-end=\"1520\">\n<p class=\"\" data-start=\"1451\" data-end=\"1520\"><strong data-start=\"1451\" data-end=\"1468\">Prosty monta\u017c<\/strong> \u2013 \u0142atwa instalacja, szybka i wygodna w u\u017cytkowaniu.<\/p>\n<\/li>\n<\/ul>\n<h3 class=\"\" data-start=\"1522\" data-end=\"1553\"><strong data-start=\"1526\" data-end=\"1551\">Materia\u0142y i wykonanie<\/strong><\/h3>\n<p class=\"\" data-start=\"1555\" data-end=\"1836\">Szafka <strong data-start=\"1562\" data-end=\"1576\">BSNPR65\/71<\/strong> jest wykonana z <strong data-start=\"1593\" data-end=\"1624\">wysokiej jako\u015bci materia\u0142\u00f3w<\/strong>, co zapewnia <strong data-start=\"1638\" data-end=\"1650\">trwa\u0142o\u015b\u0107<\/strong> i odporno\u015b\u0107 na codzienne u\u017cytkowanie. <strong data-start=\"1689\" data-end=\"1717\">Starannie dobrane fronty<\/strong> oraz solidna konstrukcja gwarantuj\u0105 <strong data-start=\"1754\" data-end=\"1772\">d\u0142ugowieczno\u015b\u0107<\/strong> mebli, a estetyczne wyko\u0144czenie nadaje kuchni elegancki wygl\u0105d.<\/p>\n<h3 class=\"\" data-start=\"2389\" data-end=\"2442\"><strong data-start=\"2393\" data-end=\"2440\">Zako\u0144czenie zabudowy naro\u017cnej przy s\u0142upkach<\/strong><\/h3>\n<p class=\"\" data-start=\"2444\" data-end=\"2855\">Szafka <strong data-start=\"2451\" data-end=\"2465\">BSNPR65\/71<\/strong> zosta\u0142a zaprojektowana z my\u015bl\u0105 o <strong data-start=\"2499\" data-end=\"2531\">uko\u0144czeniu zabudowy naro\u017cnej<\/strong>, gdy na jednej ze \u015bcian znajduj\u0105 si\u0119 ju\u017c inne szafki wisz\u0105ce. Dzi\u0119ki swojej <strong data-start=\"2608\" data-end=\"2635\">kompaktowej konstrukcji<\/strong> i <strong data-start=\"2638\" data-end=\"2659\">w\u0119\u017cszemu frontowi<\/strong>, \u015bwietnie komponuje si\u0119 w przestrzeni, w kt\u00f3rej potrzeba <strong data-start=\"2717\" data-end=\"2745\">precyzyjnego wyko\u0144czenia<\/strong>. Daje to mo\u017cliwo\u015b\u0107 estetycznego wype\u0142nienia naro\u017cnika, tworz\u0105c <strong data-start=\"2809\" data-end=\"2826\">sp\u00f3jn\u0105 ca\u0142o\u015b\u0107<\/strong> z reszt\u0105 zabudowy kuchennej.<\/p>\n<h3 class=\"\" data-start=\"2857\" data-end=\"2922\"><strong data-start=\"2861\" data-end=\"2920\">Meble kuchenne &#8211; elegancja i funkcjonalno\u015b\u0107 w jednym<\/strong><\/h3>\n<p class=\"\" data-start=\"2924\" data-end=\"3364\">Szafka <strong data-start=\"2931\" data-end=\"2945\">BSNPR65\/71<\/strong> to idealne rozwi\u0105zanie dla os\u00f3b, kt\u00f3re szukaj\u0105 <strong data-start=\"2993\" data-end=\"3055\">praktycznego i estetycznego uzupe\u0142nienia zabudowy naro\u017cnej<\/strong> w kuchni. Dzi\u0119ki <strong data-start=\"3073\" data-end=\"3094\">w\u0119\u017cszemu frontowi<\/strong> i mo\u017cliwo\u015bci wyboru <strong data-start=\"3115\" data-end=\"3126\">front\u00f3w<\/strong> oraz <strong data-start=\"3132\" data-end=\"3144\">uchwyt\u00f3w<\/strong>, szafka doskonale wpasowuje si\u0119 w nowoczesne aran\u017cacje kuchenne. Je\u015bli zale\u017cy Ci na <strong data-start=\"3229\" data-end=\"3276\">zako\u0144czeniu zabudowy naro\u017cnej przy s\u0142upkach<\/strong> i stworzeniu <strong data-start=\"3290\" data-end=\"3314\">harmonijnego wn\u0119trza<\/strong>, szafka <strong data-start=\"3323\" data-end=\"3337\">BSNPR65\/71<\/strong> b\u0119dzie doskona\u0142ym wyborem.<\/p>\n","protected":false},"excerpt":{"rendered":"<p>Szafka wisz\u0105ca <strong data-start=\"183\" data-end=\"197\">BSNPR65\/71<\/strong> to <strong data-start=\"201\" data-end=\"260\">doskona\u0142e rozwi\u0105zanie do uzupe\u0142nienia zabudowy naro\u017cnej<\/strong>, szczeg\u00f3lnie gdy na prostopad\u0142ej \u015bcianie znajduj\u0105 si\u0119 <strong data-start=\"315\" data-end=\"342\">g\u0142\u0119bokie szafki wisz\u0105ce<\/strong>. Dzi\u0119ki w\u0119\u017cszemu frontowi, szafka ta zosta\u0142a specjalnie zaprojektowana z my\u015bl\u0105 o takich konfiguracjach, zapewniaj\u0105c <strong data-start=\"459\" data-end=\"482\">sp\u00f3jno\u015b\u0107 estetyczn\u0105<\/strong> oraz <strong data-start=\"488\" data-end=\"506\">funkcjonalno\u015b\u0107<\/strong> w kuchni.<\/p>\n","protected":false},"featured_media":59984,"template":"","meta":[],"product_brand":[710],"product_cat":[791,776,775,454,473,494,533],"product_tag":[],"class_list":{"0":"post-51848","1":"product","2":"type-product","3":"status-publish","4":"has-post-thumbnail","6":"product_brand-meble-kam","7":"product_cat-narozne-wiszace-sklep","8":"product_cat-szafki-narozne-sklep","9":"product_cat-wszystko","10":"product_cat-meble-kam-mono","11":"product_cat-szafki-do-zabudowy-naroznej","12":"product_cat-szafki-uzupelniajace","13":"product_cat-szafki-uzupelniajace-71","14":"product_shipping_class-szafka-wiszaca-kam","15":"pa_front-f10","16":"pa_front-f11","17":"pa_front-f4","18":"pa_front-f6","19":"pa_front-f7","20":"pa_front-f8","21":"pa_front-fg2","22":"pa_front-k2","23":"pa_front-kc2","24":"pa_front-kc4","25":"pa_front-l4-mat","26":"pa_front-l4-polysk","27":"pa_front-m4","28":"pa_front-os_2","29":"pa_front-os_2black","30":"pa_front-p00","31":"pa_front-p2","32":"pa_front-p4","34":"first","35":"instock","36":"shipping-taxable","37":"purchasable","38":"product-type-variable"},"yoast_head":"<!-- This site is optimized with the Yoast SEO Premium plugin v25.0 (Yoast SEO v25.0) - https:\/\/yoast.com\/wordpress\/plugins\/seo\/ -->\n<title>Szafka wisz\u0105ca BSNPR65\/71<\/title>\n<meta name=\"description\" content=\"Szafka wisz\u0105ca BSNPR65\/71 to rozwi\u0105zanie do uzupe\u0142nienia zabudowy naro\u017cnej, gdy na prostopad\u0142ej \u015bcianie znajduj\u0105 si\u0119 g\u0142\u0119bokie szafki wisz\u0105ce.\" \/>\n<meta name=\"robots\" content=\"index, follow, max-snippet:-1, max-image-preview:large, max-video-preview:-1\" \/>\n<link rel=\"canonical\" href=\"https:\/\/meblekuchenne.pl\/sklep\/product\/szafka-wiszaca-bsnpr65-71-uzupelnienie-zabudowy-naroznej-przy-slupkach\/\" \/>\n<meta property=\"og:locale\" content=\"pl_PL\" \/>\n<meta property=\"og:type\" content=\"article\" \/>\n<meta property=\"og:title\" content=\"Szafka wisz\u0105ca BSNPR65\/71 - uzupe\u0142nienie zabudowy naro\u017cnej przy s\u0142upkach\" \/>\n<meta property=\"og:description\" content=\"Szafka wisz\u0105ca BSNPR65\/71 to rozwi\u0105zanie do uzupe\u0142nienia zabudowy naro\u017cnej, gdy na prostopad\u0142ej \u015bcianie znajduj\u0105 si\u0119 g\u0142\u0119bokie szafki wisz\u0105ce.\" \/>\n<meta property=\"og:url\" content=\"https:\/\/meblekuchenne.pl\/sklep\/product\/szafka-wiszaca-bsnpr65-71-uzupelnienie-zabudowy-naroznej-przy-slupkach\/\" \/>\n<meta property=\"og:site_name\" content=\"MebleKuchenne.PL - SKLEP\" \/>\n<meta property=\"article:modified_time\" content=\"2026-03-31T11:07:58+00:00\" \/>\n<meta property=\"og:image\" content=\"https:\/\/meblekuchenne.pl\/sklep\/wp-content\/uploads\/2025\/02\/snpr65-71.webp\" \/>\n\t<meta property=\"og:image:width\" content=\"1600\" \/>\n\t<meta property=\"og:image:height\" content=\"1080\" \/>\n\t<meta property=\"og:image:type\" content=\"image\/webp\" \/>\n<meta name=\"twitter:card\" content=\"summary_large_image\" \/>\n<meta name=\"twitter:label1\" content=\"Dost\u0119pno\u015b\u0107\" \/>\n\t<meta name=\"twitter:data1\" content=\"Dost\u0119pny\" \/>\n<script type=\"application\/ld+json\" class=\"yoast-schema-graph\">{\"@context\":\"https:\/\/schema.org\",\"@graph\":[{\"@type\":\"WebPage\",\"@id\":\"https:\/\/meblekuchenne.pl\/sklep\/product\/szafka-wiszaca-bsnpr65-71-uzupelnienie-zabudowy-naroznej-przy-slupkach\/\",\"url\":\"https:\/\/meblekuchenne.pl\/sklep\/product\/szafka-wiszaca-bsnpr65-71-uzupelnienie-zabudowy-naroznej-przy-slupkach\/\",\"name\":\"Szafka wisz\u0105ca BSNPR65\/71\",\"isPartOf\":{\"@id\":\"https:\/\/meblekuchenne.pl\/sklep\/#website\"},\"primaryImageOfPage\":{\"@id\":\"https:\/\/meblekuchenne.pl\/sklep\/product\/szafka-wiszaca-bsnpr65-71-uzupelnienie-zabudowy-naroznej-przy-slupkach\/#primaryimage\"},\"image\":{\"@id\":\"https:\/\/meblekuchenne.pl\/sklep\/product\/szafka-wiszaca-bsnpr65-71-uzupelnienie-zabudowy-naroznej-przy-slupkach\/#primaryimage\"},\"thumbnailUrl\":\"https:\/\/meblekuchenne.pl\/sklep\/wp-content\/uploads\/2025\/02\/snpr65-71.webp\",\"datePublished\":\"2025-02-21T19:12:04+00:00\",\"dateModified\":\"2026-03-31T11:07:58+00:00\",\"description\":\"Szafka wisz\u0105ca BSNPR65\/71 to rozwi\u0105zanie do uzupe\u0142nienia zabudowy naro\u017cnej, gdy na prostopad\u0142ej \u015bcianie znajduj\u0105 si\u0119 g\u0142\u0119bokie szafki wisz\u0105ce.\",\"breadcrumb\":{\"@id\":\"https:\/\/meblekuchenne.pl\/sklep\/product\/szafka-wiszaca-bsnpr65-71-uzupelnienie-zabudowy-naroznej-przy-slupkach\/#breadcrumb\"},\"inLanguage\":\"pl-PL\",\"potentialAction\":[{\"@type\":\"ReadAction\",\"target\":[\"https:\/\/meblekuchenne.pl\/sklep\/product\/szafka-wiszaca-bsnpr65-71-uzupelnienie-zabudowy-naroznej-przy-slupkach\/\"]}]},{\"@type\":\"ImageObject\",\"inLanguage\":\"pl-PL\",\"@id\":\"https:\/\/meblekuchenne.pl\/sklep\/product\/szafka-wiszaca-bsnpr65-71-uzupelnienie-zabudowy-naroznej-przy-slupkach\/#primaryimage\",\"url\":\"https:\/\/meblekuchenne.pl\/sklep\/wp-content\/uploads\/2025\/02\/snpr65-71.webp\",\"contentUrl\":\"https:\/\/meblekuchenne.pl\/sklep\/wp-content\/uploads\/2025\/02\/snpr65-71.webp\",\"width\":1600,\"height\":1080},{\"@type\":\"BreadcrumbList\",\"@id\":\"https:\/\/meblekuchenne.pl\/sklep\/product\/szafka-wiszaca-bsnpr65-71-uzupelnienie-zabudowy-naroznej-przy-slupkach\/#breadcrumb\",\"itemListElement\":[{\"@type\":\"ListItem\",\"position\":1,\"name\":\"Strona g\u0142\u00f3wna\",\"item\":\"https:\/\/meblekuchenne.pl\/sklep\/\"},{\"@type\":\"ListItem\",\"position\":2,\"name\":\"Sklep\",\"item\":\"https:\/\/meblekuchenne.pl\/sklep\/sklep\/\"},{\"@type\":\"ListItem\",\"position\":3,\"name\":\"Szafka wisz\u0105ca BSNPR65\/71 &#8211; uzupe\u0142nienie zabudowy naro\u017cnej przy s\u0142upkach\"}]},{\"@type\":\"WebSite\",\"@id\":\"https:\/\/meblekuchenne.pl\/sklep\/#website\",\"url\":\"https:\/\/meblekuchenne.pl\/sklep\/\",\"name\":\"MebleKuchenne.PL - SKLEP\",\"description\":\"\",\"publisher\":{\"@id\":\"https:\/\/meblekuchenne.pl\/sklep\/#organization\"},\"potentialAction\":[{\"@type\":\"SearchAction\",\"target\":{\"@type\":\"EntryPoint\",\"urlTemplate\":\"https:\/\/meblekuchenne.pl\/sklep\/?s={search_term_string}\"},\"query-input\":{\"@type\":\"PropertyValueSpecification\",\"valueRequired\":true,\"valueName\":\"search_term_string\"}}],\"inLanguage\":\"pl-PL\"},{\"@type\":\"Organization\",\"@id\":\"https:\/\/meblekuchenne.pl\/sklep\/#organization\",\"name\":\"MebleKuchenne.PL - SKLEP\",\"url\":\"https:\/\/meblekuchenne.pl\/sklep\/\",\"logo\":{\"@type\":\"ImageObject\",\"inLanguage\":\"pl-PL\",\"@id\":\"https:\/\/meblekuchenne.pl\/sklep\/#\/schema\/logo\/image\/\",\"url\":\"https:\/\/meblekuchenne.pl\/sklep\/wp-content\/uploads\/2025\/06\/cropped-cropped-logo.webp\",\"contentUrl\":\"https:\/\/meblekuchenne.pl\/sklep\/wp-content\/uploads\/2025\/06\/cropped-cropped-logo.webp\",\"width\":735,\"height\":715,\"caption\":\"MebleKuchenne.PL - SKLEP\"},\"image\":{\"@id\":\"https:\/\/meblekuchenne.pl\/sklep\/#\/schema\/logo\/image\/\"}}]}<\/script>\n<meta property=\"og:availability\" content=\"instock\" \/>\n<meta property=\"product:availability\" content=\"instock\" \/>\n<meta property=\"product:retailer_item_id\" content=\"BSNPR65\/71\" \/>\n<meta property=\"product:condition\" content=\"new\" \/>\n<!-- \/ Yoast SEO Premium plugin. -->","yoast_head_json":{"title":"Szafka wisz\u0105ca BSNPR65\/71","description":"Szafka wisz\u0105ca BSNPR65\/71 to rozwi\u0105zanie do uzupe\u0142nienia zabudowy naro\u017cnej, gdy na prostopad\u0142ej \u015bcianie znajduj\u0105 si\u0119 g\u0142\u0119bokie szafki wisz\u0105ce.","robots":{"index":"index","follow":"follow","max-snippet":"max-snippet:-1","max-image-preview":"max-image-preview:large","max-video-preview":"max-video-preview:-1"},"canonical":"https:\/\/meblekuchenne.pl\/sklep\/product\/szafka-wiszaca-bsnpr65-71-uzupelnienie-zabudowy-naroznej-przy-slupkach\/","og_locale":"pl_PL","og_type":"article","og_title":"Szafka wisz\u0105ca BSNPR65\/71 - uzupe\u0142nienie zabudowy naro\u017cnej przy s\u0142upkach","og_description":"Szafka wisz\u0105ca BSNPR65\/71 to rozwi\u0105zanie do uzupe\u0142nienia zabudowy naro\u017cnej, gdy na prostopad\u0142ej \u015bcianie znajduj\u0105 si\u0119 g\u0142\u0119bokie szafki wisz\u0105ce.","og_url":"https:\/\/meblekuchenne.pl\/sklep\/product\/szafka-wiszaca-bsnpr65-71-uzupelnienie-zabudowy-naroznej-przy-slupkach\/","og_site_name":"MebleKuchenne.PL - SKLEP","article_modified_time":"2026-03-31T11:07:58+00:00","og_image":[{"width":1600,"height":1080,"url":"https:\/\/meblekuchenne.pl\/sklep\/wp-content\/uploads\/2025\/02\/snpr65-71.webp","type":"image\/webp"}],"twitter_card":"summary_large_image","twitter_misc":{"Dost\u0119pno\u015b\u0107":"Dost\u0119pny"},"schema":{"@context":"https:\/\/schema.org","@graph":[{"@type":"WebPage","@id":"https:\/\/meblekuchenne.pl\/sklep\/product\/szafka-wiszaca-bsnpr65-71-uzupelnienie-zabudowy-naroznej-przy-slupkach\/","url":"https:\/\/meblekuchenne.pl\/sklep\/product\/szafka-wiszaca-bsnpr65-71-uzupelnienie-zabudowy-naroznej-przy-slupkach\/","name":"Szafka wisz\u0105ca BSNPR65\/71","isPartOf":{"@id":"https:\/\/meblekuchenne.pl\/sklep\/#website"},"primaryImageOfPage":{"@id":"https:\/\/meblekuchenne.pl\/sklep\/product\/szafka-wiszaca-bsnpr65-71-uzupelnienie-zabudowy-naroznej-przy-slupkach\/#primaryimage"},"image":{"@id":"https:\/\/meblekuchenne.pl\/sklep\/product\/szafka-wiszaca-bsnpr65-71-uzupelnienie-zabudowy-naroznej-przy-slupkach\/#primaryimage"},"thumbnailUrl":"https:\/\/meblekuchenne.pl\/sklep\/wp-content\/uploads\/2025\/02\/snpr65-71.webp","datePublished":"2025-02-21T19:12:04+00:00","dateModified":"2026-03-31T11:07:58+00:00","description":"Szafka wisz\u0105ca BSNPR65\/71 to rozwi\u0105zanie do uzupe\u0142nienia zabudowy naro\u017cnej, gdy na prostopad\u0142ej \u015bcianie znajduj\u0105 si\u0119 g\u0142\u0119bokie szafki wisz\u0105ce.","breadcrumb":{"@id":"https:\/\/meblekuchenne.pl\/sklep\/product\/szafka-wiszaca-bsnpr65-71-uzupelnienie-zabudowy-naroznej-przy-slupkach\/#breadcrumb"},"inLanguage":"pl-PL","potentialAction":[{"@type":"ReadAction","target":["https:\/\/meblekuchenne.pl\/sklep\/product\/szafka-wiszaca-bsnpr65-71-uzupelnienie-zabudowy-naroznej-przy-slupkach\/"]}]},{"@type":"ImageObject","inLanguage":"pl-PL","@id":"https:\/\/meblekuchenne.pl\/sklep\/product\/szafka-wiszaca-bsnpr65-71-uzupelnienie-zabudowy-naroznej-przy-slupkach\/#primaryimage","url":"https:\/\/meblekuchenne.pl\/sklep\/wp-content\/uploads\/2025\/02\/snpr65-71.webp","contentUrl":"https:\/\/meblekuchenne.pl\/sklep\/wp-content\/uploads\/2025\/02\/snpr65-71.webp","width":1600,"height":1080},{"@type":"BreadcrumbList","@id":"https:\/\/meblekuchenne.pl\/sklep\/product\/szafka-wiszaca-bsnpr65-71-uzupelnienie-zabudowy-naroznej-przy-slupkach\/#breadcrumb","itemListElement":[{"@type":"ListItem","position":1,"name":"Strona g\u0142\u00f3wna","item":"https:\/\/meblekuchenne.pl\/sklep\/"},{"@type":"ListItem","position":2,"name":"Sklep","item":"https:\/\/meblekuchenne.pl\/sklep\/sklep\/"},{"@type":"ListItem","position":3,"name":"Szafka wisz\u0105ca BSNPR65\/71 &#8211; uzupe\u0142nienie zabudowy naro\u017cnej przy s\u0142upkach"}]},{"@type":"WebSite","@id":"https:\/\/meblekuchenne.pl\/sklep\/#website","url":"https:\/\/meblekuchenne.pl\/sklep\/","name":"MebleKuchenne.PL - SKLEP","description":"","publisher":{"@id":"https:\/\/meblekuchenne.pl\/sklep\/#organization"},"potentialAction":[{"@type":"SearchAction","target":{"@type":"EntryPoint","urlTemplate":"https:\/\/meblekuchenne.pl\/sklep\/?s={search_term_string}"},"query-input":{"@type":"PropertyValueSpecification","valueRequired":true,"valueName":"search_term_string"}}],"inLanguage":"pl-PL"},{"@type":"Organization","@id":"https:\/\/meblekuchenne.pl\/sklep\/#organization","name":"MebleKuchenne.PL - SKLEP","url":"https:\/\/meblekuchenne.pl\/sklep\/","logo":{"@type":"ImageObject","inLanguage":"pl-PL","@id":"https:\/\/meblekuchenne.pl\/sklep\/#\/schema\/logo\/image\/","url":"https:\/\/meblekuchenne.pl\/sklep\/wp-content\/uploads\/2025\/06\/cropped-cropped-logo.webp","contentUrl":"https:\/\/meblekuchenne.pl\/sklep\/wp-content\/uploads\/2025\/06\/cropped-cropped-logo.webp","width":735,"height":715,"caption":"MebleKuchenne.PL - SKLEP"},"image":{"@id":"https:\/\/meblekuchenne.pl\/sklep\/#\/schema\/logo\/image\/"}}]},"og_availability":"instock","product_availability":"instock","product_retailer_item_id":"BSNPR65\/71","product_condition":"new"},"_links":{"self":[{"href":"https:\/\/meblekuchenne.pl\/sklep\/wp-json\/wp\/v2\/product\/51848","targetHints":{"allow":["GET"]}}],"collection":[{"href":"https:\/\/meblekuchenne.pl\/sklep\/wp-json\/wp\/v2\/product"}],"about":[{"href":"https:\/\/meblekuchenne.pl\/sklep\/wp-json\/wp\/v2\/types\/product"}],"wp:featuredmedia":[{"embeddable":true,"href":"https:\/\/meblekuchenne.pl\/sklep\/wp-json\/wp\/v2\/media\/59984"}],"wp:attachment":[{"href":"https:\/\/meblekuchenne.pl\/sklep\/wp-json\/wp\/v2\/media?parent=51848"}],"wp:term":[{"taxonomy":"product_brand","embeddable":true,"href":"https:\/\/meblekuchenne.pl\/sklep\/wp-json\/wp\/v2\/product_brand?post=51848"},{"taxonomy":"product_cat","embeddable":true,"href":"https:\/\/meblekuchenne.pl\/sklep\/wp-json\/wp\/v2\/product_cat?post=51848"},{"taxonomy":"product_tag","embeddable":true,"href":"https:\/\/meblekuchenne.pl\/sklep\/wp-json\/wp\/v2\/product_tag?post=51848"}],"curies":[{"name":"wp","href":"https:\/\/api.w.org\/{rel}","templated":true}]}}