{"id":51819,"date":"2025-02-21T20:11:41","date_gmt":"2025-02-21T19:11:41","guid":{"rendered":"https:\/\/meblekuchenne.pl\/sklep\/?post_type=product&#038;p=51819"},"modified":"2026-03-31T13:07:59","modified_gmt":"2026-03-31T11:07:59","slug":"szafka-wiszaca-snpr65-71-uzupelnienie-zabudowy-naroznej-przy-slupkach","status":"publish","type":"product","link":"https:\/\/meblekuchenne.pl\/sklep\/product\/szafka-wiszaca-snpr65-71-uzupelnienie-zabudowy-naroznej-przy-slupkach\/","title":{"rendered":"Szafka wisz\u0105ca SNPR65\/71 &#8211; uzupe\u0142nienie zabudowy naro\u017cnej przy s\u0142upkach"},"content":{"rendered":"<h2 data-start=\"83\" data-end=\"164\"><strong data-start=\"87\" data-end=\"162\">Szafka wisz\u0105ca SNPR65\/71 | KAMMONO<\/strong><\/h2>\n<p data-start=\"83\" data-end=\"164\">Szafka do zabudowy naro\u017cnej \u2013 szer. 65 cm, wys. 71 cm, g\u0142. 58 cm<\/p>\n<h3 class=\"\" data-start=\"83\" data-end=\"164\"><strong data-start=\"87\" data-end=\"162\">U<\/strong><strong data-start=\"87\" data-end=\"162\">zupe\u0142nienie zabudowy naro\u017cnej przy s\u0142upkach<\/strong><\/h3>\n<p class=\"\" data-start=\"166\" data-end=\"487\">Szafka wisz\u0105ca <strong data-start=\"181\" data-end=\"194\">SNPR65\/71<\/strong> to idealne rozwi\u0105zanie do <strong data-start=\"221\" data-end=\"253\">uko\u0144czenia zabudowy naro\u017cnej<\/strong> w kuchni, szczeg\u00f3lnie w przypadku, gdy na prostopad\u0142ej znajduj\u0105 si\u0119 inne szafki wisz\u0105ce o standardowej g\u0142\u0119boko\u015bci. Dzi\u0119ki swojej <strong data-start=\"359\" data-end=\"387\">uniwersalnej konstrukcji<\/strong> szafka doskonale wpasowuje si\u0119 w przestrze\u0144, zapewniaj\u0105c <strong data-start=\"445\" data-end=\"486\">estetyczne i funkcjonalne wyko\u0144czenie<\/strong>.<\/p>\n<h3 class=\"\" data-start=\"489\" data-end=\"554\"><strong data-start=\"493\" data-end=\"552\">Ko\u0144czy zabudow\u0119 przy s\u0142upkach \u2013 perfekcyjne dopasowanie<\/strong><\/h3>\n<p class=\"\" data-start=\"556\" data-end=\"971\">Szafka <strong data-start=\"563\" data-end=\"576\">SNPR65\/71<\/strong> pe\u0142ni funkcj\u0119 <b>naro\u017cnego element u wysokiej zabudowy, <\/b>kiedy na prostopad\u0142ej \u015bcianie s\u0105 szafki wisz\u0105ce. Dzi\u0119ki jej zastosowaniu <strong data-start=\"752\" data-end=\"795\">zyskujemy pe\u0142ne wyko\u0144czenie przestrzeni<\/strong>, eliminuj\u0105c puste miejsca i tworz\u0105c harmonijn\u0105 aran\u017cacj\u0119 wn\u0119trza kuchni. Jest to doskona\u0142e rozwi\u0105zanie dla os\u00f3b, kt\u00f3re pragn\u0105 maksymalnie wykorzysta\u0107 przestrze\u0144 przy s\u0142upkach. Meble kuchenne bowiem powinny by\u0107 maksymalnie funkcjonalne i ergonomiczne.<\/p>\n<h3 class=\"\" data-start=\"973\" data-end=\"1015\"><strong data-start=\"977\" data-end=\"1013\">Wysoka funkcjonalno\u015b\u0107 i estetyka<\/strong><\/h3>\n<p class=\"\" data-start=\"1017\" data-end=\"1342\">Szafka <strong data-start=\"1024\" data-end=\"1037\">SNPR65\/71<\/strong> \u0142\u0105czy w sobie <strong data-start=\"1052\" data-end=\"1077\">wysok\u0105 funkcjonalno\u015b\u0107<\/strong> oraz <strong data-start=\"1083\" data-end=\"1104\">nowoczesny design<\/strong>. Wykorzystanie wysokiej jako\u015bci materia\u0142\u00f3w oraz precyzyjne wykonanie sprawiaj\u0105, \u017ce szafka jest nie tylko trwa\u0142a, ale tak\u017ce elegancka. Dzi\u0119ki swojej konstrukcji <strong data-start=\"1265\" data-end=\"1289\">jest \u0142atwa w monta\u017cu<\/strong> i pozwala na szybkie i wygodne zako\u0144czenie zabudowy.<\/p>\n<h3 class=\"\" data-start=\"1344\" data-end=\"1377\"><strong data-start=\"1348\" data-end=\"1375\">Zalety szafki SNPR65\/71<\/strong><\/h3>\n<ul data-start=\"1378\" data-end=\"1696\">\n<li class=\"\" data-start=\"1378\" data-end=\"1464\">\n<p class=\"\" data-start=\"1380\" data-end=\"1464\"><strong data-start=\"1380\" data-end=\"1413\">Ko\u0144czy zabudow\u0119 przy s\u0142upkach<\/strong> \u2013 estetyczne wyko\u0144czenie przestrzeni w naro\u017cniku<\/p>\n<\/li>\n<li class=\"\" data-start=\"1465\" data-end=\"1536\">\n<p class=\"\" data-start=\"1467\" data-end=\"1536\"><strong data-start=\"1467\" data-end=\"1494\">Uniwersalna konstrukcja<\/strong> \u2013 dopasowanie do r\u00f3\u017cnych uk\u0142ad\u00f3w kuchni<\/p>\n<\/li>\n<li class=\"\" data-start=\"1537\" data-end=\"1604\">\n<p class=\"\" data-start=\"1539\" data-end=\"1604\"><strong data-start=\"1539\" data-end=\"1555\">\u0141atwy monta\u017c<\/strong> \u2013 szybka instalacja i mo\u017cliwo\u015b\u0107 personalizacji<\/p>\n<\/li>\n<li class=\"\" data-start=\"1605\" data-end=\"1696\">\n<p class=\"\" data-start=\"1607\" data-end=\"1696\"><strong data-start=\"1607\" data-end=\"1633\">Eleganckie wyko\u0144czenie<\/strong> \u2013 szafka harmonijnie komponuje si\u0119 z reszt\u0105 zabudowy kuchennej<\/p>\n<\/li>\n<\/ul>\n<h3 class=\"\" data-start=\"1698\" data-end=\"1729\"><strong data-start=\"1702\" data-end=\"1727\">Meble kuchenne z wysokiej jako\u015bci materia\u0142\u00f3w<\/strong><\/h3>\n<p class=\"\" data-start=\"1731\" data-end=\"2028\">Szafka <strong data-start=\"1738\" data-end=\"1751\">SNPR65\/71<\/strong> zosta\u0142a wykonana z <strong data-start=\"1771\" data-end=\"1802\">wysokiej jako\u015bci materia\u0142\u00f3w<\/strong>, kt\u00f3re zapewniaj\u0105 <strong data-start=\"1821\" data-end=\"1833\">trwa\u0142o\u015b\u0107<\/strong> i odporno\u015b\u0107 na codzienne u\u017cytkowanie. <strong data-start=\"1872\" data-end=\"1895\">Solidna konstrukcja<\/strong> gwarantuje stabilno\u015b\u0107, a mo\u017cliwo\u015b\u0107 wyboru r\u00f3\u017cnych <strong data-start=\"1946\" data-end=\"1957\">front\u00f3w<\/strong> i <strong data-start=\"1960\" data-end=\"1972\">uchwyt\u00f3w<\/strong> pozwala na pe\u0142ne dopasowanie do stylu i potrzeb kuchni.<\/p>\n<h3 class=\"\" data-start=\"2541\" data-end=\"2598\"><strong data-start=\"2545\" data-end=\"2596\">Szafka SNPR65\/71 \u2013 doskona\u0142e wyko\u0144czenie kuchni<\/strong><\/h3>\n<p class=\"\" data-start=\"2600\" data-end=\"3027\">Szafka wisz\u0105ca <strong data-start=\"2615\" data-end=\"2628\">SNPR65\/71<\/strong> to rozwi\u0105zanie, kt\u00f3re <strong data-start=\"2651\" data-end=\"2691\">doskonale uzupe\u0142nia zabudow\u0119 naro\u017cn\u0105<\/strong> w kuchni, zapewniaj\u0105c <strong data-start=\"2714\" data-end=\"2726\">sp\u00f3jno\u015b\u0107<\/strong> i <strong data-start=\"2729\" data-end=\"2741\">harmoni\u0119<\/strong> w aran\u017cacji. Dzi\u0119ki jej zastosowaniu kuchnia zyskuje <strong data-start=\"2795\" data-end=\"2816\">pe\u0142ne wyko\u0144czenie<\/strong> w obr\u0119bie s\u0142upk\u00f3w, co sprawia, \u017ce przestrze\u0144 staje si\u0119 bardziej funkcjonalna i estetyczna. Dzi\u0119ki mo\u017cliwo\u015bci wyboru <strong data-start=\"2933\" data-end=\"2944\">front\u00f3w<\/strong> i <strong data-start=\"2947\" data-end=\"2959\">uchwyt\u00f3w<\/strong>, szafka \u0142atwo dopasowuje si\u0119 do indywidualnych potrzeb u\u017cytkownika.<\/p>\n<ul>\n<li data-start=\"3029\" data-end=\"3242\"><strong data-start=\"3031\" data-end=\"3064\">Ko\u0144czy zabudow\u0119 przy s\u0142upkach<\/strong><\/li>\n<li data-start=\"3029\" data-end=\"3242\"><strong data-start=\"3069\" data-end=\"3090\">Nowoczesny design<\/strong> \u2013 estetyczne wyko\u0144czenie przestrzeni<\/li>\n<li data-start=\"3029\" data-end=\"3242\"><strong data-start=\"3132\" data-end=\"3160\">Mo\u017cliwo\u015b\u0107 personalizacji<\/strong> \u2013 r\u00f3\u017cne fronty i uchwyty<\/li>\n<li data-start=\"3029\" data-end=\"3242\"><strong data-start=\"3190\" data-end=\"3206\">\u0141atwy monta\u017c<\/strong> \u2013 szybka instalacja bez problem\u00f3w<\/li>\n<\/ul>\n<h3>Meble kuchenne &#8211; praktyczne i eleganckie<\/h3>\n<p class=\"\" data-start=\"3244\" data-end=\"3424\">Szafka <strong data-start=\"3251\" data-end=\"3264\">SNPR65\/71<\/strong> to <strong data-start=\"3268\" data-end=\"3302\">praktyczny i elegancki element<\/strong>, kt\u00f3ry doskonale zako\u0144czy zabudow\u0119 przy s\u0142upkach, wnosz\u0105c do kuchni <strong data-start=\"3371\" data-end=\"3395\">nowoczesny charakter<\/strong> i <strong data-start=\"3398\" data-end=\"3423\">wysok\u0105 funkcjonalno\u015b\u0107<\/strong>.<\/p>\n","protected":false},"excerpt":{"rendered":"<p>Szafka wisz\u0105ca <strong data-start=\"181\" data-end=\"194\">SNPR65\/71<\/strong> to idealne rozwi\u0105zanie do <strong data-start=\"221\" data-end=\"253\">uko\u0144czenia zabudowy naro\u017cnej<\/strong> w kuchni, szczeg\u00f3lnie w przypadku, gdy na prostopad\u0142ej znajduj\u0105 si\u0119 inne szafki wisz\u0105ce o standardowej g\u0142\u0119boko\u015bci. Dzi\u0119ki swojej <strong data-start=\"359\" data-end=\"387\">uniwersalnej konstrukcji<\/strong> szafka doskonale wpasowuje si\u0119 w przestrze\u0144, zapewniaj\u0105c <strong data-start=\"445\" data-end=\"486\">estetyczne i funkcjonalne wyko\u0144czenie<\/strong>.<\/p>\n","protected":false},"featured_media":59985,"template":"","meta":[],"product_brand":[710],"product_cat":[791,776,775,454,473,494,533],"product_tag":[],"class_list":{"0":"post-51819","1":"product","2":"type-product","3":"status-publish","4":"has-post-thumbnail","6":"product_brand-meble-kam","7":"product_cat-narozne-wiszace-sklep","8":"product_cat-szafki-narozne-sklep","9":"product_cat-wszystko","10":"product_cat-meble-kam-mono","11":"product_cat-szafki-do-zabudowy-naroznej","12":"product_cat-szafki-uzupelniajace","13":"product_cat-szafki-uzupelniajace-71","14":"product_shipping_class-szafka-wiszaca-kam","15":"pa_front-f10","16":"pa_front-f11","17":"pa_front-f4","18":"pa_front-f6","19":"pa_front-f7","20":"pa_front-f8","21":"pa_front-fg2","22":"pa_front-k2","23":"pa_front-kc2","24":"pa_front-kc4","25":"pa_front-l4-mat","26":"pa_front-l4-polysk","27":"pa_front-m4","28":"pa_front-os_2","29":"pa_front-os_2black","30":"pa_front-p00","31":"pa_front-p2","32":"pa_front-p4","34":"first","35":"instock","36":"shipping-taxable","37":"purchasable","38":"product-type-variable"},"yoast_head":"<!-- This site is optimized with the Yoast SEO Premium plugin v25.0 (Yoast SEO v25.0) - https:\/\/yoast.com\/wordpress\/plugins\/seo\/ -->\n<title>Szafka wisz\u0105ca SNPR65\/71<\/title>\n<meta name=\"description\" content=\"Szafka wisz\u0105ca SNPR65\/71 to idealne rozwi\u0105zanie do uko\u0144czenia zabudowy naro\u017cnej w kuchni, gdy na prostopad\u0142ej \u015bcianie znajduj\u0105 si\u0119 szafki wisz\u0105ce\" \/>\n<meta name=\"robots\" content=\"index, follow, max-snippet:-1, max-image-preview:large, max-video-preview:-1\" \/>\n<link rel=\"canonical\" href=\"https:\/\/meblekuchenne.pl\/sklep\/product\/szafka-wiszaca-snpr65-71-uzupelnienie-zabudowy-naroznej-przy-slupkach\/\" \/>\n<meta property=\"og:locale\" content=\"pl_PL\" \/>\n<meta property=\"og:type\" content=\"article\" \/>\n<meta property=\"og:title\" content=\"Szafka wisz\u0105ca SNPR65\/71 - uzupe\u0142nienie zabudowy naro\u017cnej przy s\u0142upkach\" \/>\n<meta property=\"og:description\" content=\"Szafka wisz\u0105ca SNPR65\/71 to idealne rozwi\u0105zanie do uko\u0144czenia zabudowy naro\u017cnej w kuchni, gdy na prostopad\u0142ej \u015bcianie znajduj\u0105 si\u0119 szafki wisz\u0105ce\" \/>\n<meta property=\"og:url\" content=\"https:\/\/meblekuchenne.pl\/sklep\/product\/szafka-wiszaca-snpr65-71-uzupelnienie-zabudowy-naroznej-przy-slupkach\/\" \/>\n<meta property=\"og:site_name\" content=\"MebleKuchenne.PL - SKLEP\" \/>\n<meta property=\"article:modified_time\" content=\"2026-03-31T11:07:59+00:00\" \/>\n<meta property=\"og:image\" content=\"https:\/\/meblekuchenne.pl\/sklep\/wp-content\/uploads\/2025\/02\/snpr65-71-1.webp\" \/>\n\t<meta property=\"og:image:width\" content=\"1600\" \/>\n\t<meta property=\"og:image:height\" content=\"1080\" \/>\n\t<meta property=\"og:image:type\" content=\"image\/webp\" \/>\n<meta name=\"twitter:card\" content=\"summary_large_image\" \/>\n<meta name=\"twitter:label1\" content=\"Dost\u0119pno\u015b\u0107\" \/>\n\t<meta name=\"twitter:data1\" content=\"Dost\u0119pny\" \/>\n<script type=\"application\/ld+json\" class=\"yoast-schema-graph\">{\"@context\":\"https:\/\/schema.org\",\"@graph\":[{\"@type\":\"WebPage\",\"@id\":\"https:\/\/meblekuchenne.pl\/sklep\/product\/szafka-wiszaca-snpr65-71-uzupelnienie-zabudowy-naroznej-przy-slupkach\/\",\"url\":\"https:\/\/meblekuchenne.pl\/sklep\/product\/szafka-wiszaca-snpr65-71-uzupelnienie-zabudowy-naroznej-przy-slupkach\/\",\"name\":\"Szafka wisz\u0105ca SNPR65\/71\",\"isPartOf\":{\"@id\":\"https:\/\/meblekuchenne.pl\/sklep\/#website\"},\"primaryImageOfPage\":{\"@id\":\"https:\/\/meblekuchenne.pl\/sklep\/product\/szafka-wiszaca-snpr65-71-uzupelnienie-zabudowy-naroznej-przy-slupkach\/#primaryimage\"},\"image\":{\"@id\":\"https:\/\/meblekuchenne.pl\/sklep\/product\/szafka-wiszaca-snpr65-71-uzupelnienie-zabudowy-naroznej-przy-slupkach\/#primaryimage\"},\"thumbnailUrl\":\"https:\/\/meblekuchenne.pl\/sklep\/wp-content\/uploads\/2025\/02\/snpr65-71-1.webp\",\"datePublished\":\"2025-02-21T19:11:41+00:00\",\"dateModified\":\"2026-03-31T11:07:59+00:00\",\"description\":\"Szafka wisz\u0105ca SNPR65\/71 to idealne rozwi\u0105zanie do uko\u0144czenia zabudowy naro\u017cnej w kuchni, gdy na prostopad\u0142ej \u015bcianie znajduj\u0105 si\u0119 szafki wisz\u0105ce\",\"breadcrumb\":{\"@id\":\"https:\/\/meblekuchenne.pl\/sklep\/product\/szafka-wiszaca-snpr65-71-uzupelnienie-zabudowy-naroznej-przy-slupkach\/#breadcrumb\"},\"inLanguage\":\"pl-PL\",\"potentialAction\":[{\"@type\":\"ReadAction\",\"target\":[\"https:\/\/meblekuchenne.pl\/sklep\/product\/szafka-wiszaca-snpr65-71-uzupelnienie-zabudowy-naroznej-przy-slupkach\/\"]}]},{\"@type\":\"ImageObject\",\"inLanguage\":\"pl-PL\",\"@id\":\"https:\/\/meblekuchenne.pl\/sklep\/product\/szafka-wiszaca-snpr65-71-uzupelnienie-zabudowy-naroznej-przy-slupkach\/#primaryimage\",\"url\":\"https:\/\/meblekuchenne.pl\/sklep\/wp-content\/uploads\/2025\/02\/snpr65-71-1.webp\",\"contentUrl\":\"https:\/\/meblekuchenne.pl\/sklep\/wp-content\/uploads\/2025\/02\/snpr65-71-1.webp\",\"width\":1600,\"height\":1080},{\"@type\":\"BreadcrumbList\",\"@id\":\"https:\/\/meblekuchenne.pl\/sklep\/product\/szafka-wiszaca-snpr65-71-uzupelnienie-zabudowy-naroznej-przy-slupkach\/#breadcrumb\",\"itemListElement\":[{\"@type\":\"ListItem\",\"position\":1,\"name\":\"Strona g\u0142\u00f3wna\",\"item\":\"https:\/\/meblekuchenne.pl\/sklep\/\"},{\"@type\":\"ListItem\",\"position\":2,\"name\":\"Sklep\",\"item\":\"https:\/\/meblekuchenne.pl\/sklep\/sklep\/\"},{\"@type\":\"ListItem\",\"position\":3,\"name\":\"Szafka wisz\u0105ca SNPR65\/71 &#8211; uzupe\u0142nienie zabudowy naro\u017cnej przy s\u0142upkach\"}]},{\"@type\":\"WebSite\",\"@id\":\"https:\/\/meblekuchenne.pl\/sklep\/#website\",\"url\":\"https:\/\/meblekuchenne.pl\/sklep\/\",\"name\":\"MebleKuchenne.PL - SKLEP\",\"description\":\"\",\"publisher\":{\"@id\":\"https:\/\/meblekuchenne.pl\/sklep\/#organization\"},\"potentialAction\":[{\"@type\":\"SearchAction\",\"target\":{\"@type\":\"EntryPoint\",\"urlTemplate\":\"https:\/\/meblekuchenne.pl\/sklep\/?s={search_term_string}\"},\"query-input\":{\"@type\":\"PropertyValueSpecification\",\"valueRequired\":true,\"valueName\":\"search_term_string\"}}],\"inLanguage\":\"pl-PL\"},{\"@type\":\"Organization\",\"@id\":\"https:\/\/meblekuchenne.pl\/sklep\/#organization\",\"name\":\"MebleKuchenne.PL - SKLEP\",\"url\":\"https:\/\/meblekuchenne.pl\/sklep\/\",\"logo\":{\"@type\":\"ImageObject\",\"inLanguage\":\"pl-PL\",\"@id\":\"https:\/\/meblekuchenne.pl\/sklep\/#\/schema\/logo\/image\/\",\"url\":\"https:\/\/meblekuchenne.pl\/sklep\/wp-content\/uploads\/2025\/06\/cropped-cropped-logo.webp\",\"contentUrl\":\"https:\/\/meblekuchenne.pl\/sklep\/wp-content\/uploads\/2025\/06\/cropped-cropped-logo.webp\",\"width\":735,\"height\":715,\"caption\":\"MebleKuchenne.PL - SKLEP\"},\"image\":{\"@id\":\"https:\/\/meblekuchenne.pl\/sklep\/#\/schema\/logo\/image\/\"}}]}<\/script>\n<meta property=\"og:availability\" content=\"instock\" \/>\n<meta property=\"product:availability\" content=\"instock\" \/>\n<meta property=\"product:retailer_item_id\" content=\"SNPR65\/71\" \/>\n<meta property=\"product:condition\" content=\"new\" \/>\n<!-- \/ Yoast SEO Premium plugin. -->","yoast_head_json":{"title":"Szafka wisz\u0105ca SNPR65\/71","description":"Szafka wisz\u0105ca SNPR65\/71 to idealne rozwi\u0105zanie do uko\u0144czenia zabudowy naro\u017cnej w kuchni, gdy na prostopad\u0142ej \u015bcianie znajduj\u0105 si\u0119 szafki wisz\u0105ce","robots":{"index":"index","follow":"follow","max-snippet":"max-snippet:-1","max-image-preview":"max-image-preview:large","max-video-preview":"max-video-preview:-1"},"canonical":"https:\/\/meblekuchenne.pl\/sklep\/product\/szafka-wiszaca-snpr65-71-uzupelnienie-zabudowy-naroznej-przy-slupkach\/","og_locale":"pl_PL","og_type":"article","og_title":"Szafka wisz\u0105ca SNPR65\/71 - uzupe\u0142nienie zabudowy naro\u017cnej przy s\u0142upkach","og_description":"Szafka wisz\u0105ca SNPR65\/71 to idealne rozwi\u0105zanie do uko\u0144czenia zabudowy naro\u017cnej w kuchni, gdy na prostopad\u0142ej \u015bcianie znajduj\u0105 si\u0119 szafki wisz\u0105ce","og_url":"https:\/\/meblekuchenne.pl\/sklep\/product\/szafka-wiszaca-snpr65-71-uzupelnienie-zabudowy-naroznej-przy-slupkach\/","og_site_name":"MebleKuchenne.PL - SKLEP","article_modified_time":"2026-03-31T11:07:59+00:00","og_image":[{"width":1600,"height":1080,"url":"https:\/\/meblekuchenne.pl\/sklep\/wp-content\/uploads\/2025\/02\/snpr65-71-1.webp","type":"image\/webp"}],"twitter_card":"summary_large_image","twitter_misc":{"Dost\u0119pno\u015b\u0107":"Dost\u0119pny"},"schema":{"@context":"https:\/\/schema.org","@graph":[{"@type":"WebPage","@id":"https:\/\/meblekuchenne.pl\/sklep\/product\/szafka-wiszaca-snpr65-71-uzupelnienie-zabudowy-naroznej-przy-slupkach\/","url":"https:\/\/meblekuchenne.pl\/sklep\/product\/szafka-wiszaca-snpr65-71-uzupelnienie-zabudowy-naroznej-przy-slupkach\/","name":"Szafka wisz\u0105ca SNPR65\/71","isPartOf":{"@id":"https:\/\/meblekuchenne.pl\/sklep\/#website"},"primaryImageOfPage":{"@id":"https:\/\/meblekuchenne.pl\/sklep\/product\/szafka-wiszaca-snpr65-71-uzupelnienie-zabudowy-naroznej-przy-slupkach\/#primaryimage"},"image":{"@id":"https:\/\/meblekuchenne.pl\/sklep\/product\/szafka-wiszaca-snpr65-71-uzupelnienie-zabudowy-naroznej-przy-slupkach\/#primaryimage"},"thumbnailUrl":"https:\/\/meblekuchenne.pl\/sklep\/wp-content\/uploads\/2025\/02\/snpr65-71-1.webp","datePublished":"2025-02-21T19:11:41+00:00","dateModified":"2026-03-31T11:07:59+00:00","description":"Szafka wisz\u0105ca SNPR65\/71 to idealne rozwi\u0105zanie do uko\u0144czenia zabudowy naro\u017cnej w kuchni, gdy na prostopad\u0142ej \u015bcianie znajduj\u0105 si\u0119 szafki wisz\u0105ce","breadcrumb":{"@id":"https:\/\/meblekuchenne.pl\/sklep\/product\/szafka-wiszaca-snpr65-71-uzupelnienie-zabudowy-naroznej-przy-slupkach\/#breadcrumb"},"inLanguage":"pl-PL","potentialAction":[{"@type":"ReadAction","target":["https:\/\/meblekuchenne.pl\/sklep\/product\/szafka-wiszaca-snpr65-71-uzupelnienie-zabudowy-naroznej-przy-slupkach\/"]}]},{"@type":"ImageObject","inLanguage":"pl-PL","@id":"https:\/\/meblekuchenne.pl\/sklep\/product\/szafka-wiszaca-snpr65-71-uzupelnienie-zabudowy-naroznej-przy-slupkach\/#primaryimage","url":"https:\/\/meblekuchenne.pl\/sklep\/wp-content\/uploads\/2025\/02\/snpr65-71-1.webp","contentUrl":"https:\/\/meblekuchenne.pl\/sklep\/wp-content\/uploads\/2025\/02\/snpr65-71-1.webp","width":1600,"height":1080},{"@type":"BreadcrumbList","@id":"https:\/\/meblekuchenne.pl\/sklep\/product\/szafka-wiszaca-snpr65-71-uzupelnienie-zabudowy-naroznej-przy-slupkach\/#breadcrumb","itemListElement":[{"@type":"ListItem","position":1,"name":"Strona g\u0142\u00f3wna","item":"https:\/\/meblekuchenne.pl\/sklep\/"},{"@type":"ListItem","position":2,"name":"Sklep","item":"https:\/\/meblekuchenne.pl\/sklep\/sklep\/"},{"@type":"ListItem","position":3,"name":"Szafka wisz\u0105ca SNPR65\/71 &#8211; uzupe\u0142nienie zabudowy naro\u017cnej przy s\u0142upkach"}]},{"@type":"WebSite","@id":"https:\/\/meblekuchenne.pl\/sklep\/#website","url":"https:\/\/meblekuchenne.pl\/sklep\/","name":"MebleKuchenne.PL - SKLEP","description":"","publisher":{"@id":"https:\/\/meblekuchenne.pl\/sklep\/#organization"},"potentialAction":[{"@type":"SearchAction","target":{"@type":"EntryPoint","urlTemplate":"https:\/\/meblekuchenne.pl\/sklep\/?s={search_term_string}"},"query-input":{"@type":"PropertyValueSpecification","valueRequired":true,"valueName":"search_term_string"}}],"inLanguage":"pl-PL"},{"@type":"Organization","@id":"https:\/\/meblekuchenne.pl\/sklep\/#organization","name":"MebleKuchenne.PL - SKLEP","url":"https:\/\/meblekuchenne.pl\/sklep\/","logo":{"@type":"ImageObject","inLanguage":"pl-PL","@id":"https:\/\/meblekuchenne.pl\/sklep\/#\/schema\/logo\/image\/","url":"https:\/\/meblekuchenne.pl\/sklep\/wp-content\/uploads\/2025\/06\/cropped-cropped-logo.webp","contentUrl":"https:\/\/meblekuchenne.pl\/sklep\/wp-content\/uploads\/2025\/06\/cropped-cropped-logo.webp","width":735,"height":715,"caption":"MebleKuchenne.PL - SKLEP"},"image":{"@id":"https:\/\/meblekuchenne.pl\/sklep\/#\/schema\/logo\/image\/"}}]},"og_availability":"instock","product_availability":"instock","product_retailer_item_id":"SNPR65\/71","product_condition":"new"},"_links":{"self":[{"href":"https:\/\/meblekuchenne.pl\/sklep\/wp-json\/wp\/v2\/product\/51819","targetHints":{"allow":["GET"]}}],"collection":[{"href":"https:\/\/meblekuchenne.pl\/sklep\/wp-json\/wp\/v2\/product"}],"about":[{"href":"https:\/\/meblekuchenne.pl\/sklep\/wp-json\/wp\/v2\/types\/product"}],"wp:featuredmedia":[{"embeddable":true,"href":"https:\/\/meblekuchenne.pl\/sklep\/wp-json\/wp\/v2\/media\/59985"}],"wp:attachment":[{"href":"https:\/\/meblekuchenne.pl\/sklep\/wp-json\/wp\/v2\/media?parent=51819"}],"wp:term":[{"taxonomy":"product_brand","embeddable":true,"href":"https:\/\/meblekuchenne.pl\/sklep\/wp-json\/wp\/v2\/product_brand?post=51819"},{"taxonomy":"product_cat","embeddable":true,"href":"https:\/\/meblekuchenne.pl\/sklep\/wp-json\/wp\/v2\/product_cat?post=51819"},{"taxonomy":"product_tag","embeddable":true,"href":"https:\/\/meblekuchenne.pl\/sklep\/wp-json\/wp\/v2\/product_tag?post=51819"}],"curies":[{"name":"wp","href":"https:\/\/api.w.org\/{rel}","templated":true}]}}