{"id":51788,"date":"2025-02-21T20:11:16","date_gmt":"2025-02-21T19:11:16","guid":{"rendered":"https:\/\/meblekuchenne.pl\/sklep\/?post_type=product&#038;p=51788"},"modified":"2026-03-31T13:08:00","modified_gmt":"2026-03-31T11:08:00","slug":"szafka-wiszaca-snpr65-61-uzupelnienie-zabudowy-naroznej-przy-slupkach","status":"publish","type":"product","link":"https:\/\/meblekuchenne.pl\/sklep\/product\/szafka-wiszaca-snpr65-61-uzupelnienie-zabudowy-naroznej-przy-slupkach\/","title":{"rendered":"Szafka wisz\u0105ca SNPR65\/61 &#8211; uzupe\u0142nienie zabudowy naro\u017cnej przy s\u0142upkach"},"content":{"rendered":"<h2 data-start=\"48\" data-end=\"123\"><strong data-start=\"52\" data-end=\"121\">Szafka wisz\u0105ca SNPR65\/61 | KAMMONO<\/strong><\/h2>\n<p data-start=\"48\" data-end=\"123\">Szafka do zabudowy naro\u017cnej &#8211; szer. 65 cm, wys. 61 cm, g\u0142. 58 cm<\/p>\n<h3 class=\"\" data-start=\"48\" data-end=\"123\"><strong data-start=\"52\" data-end=\"121\">Idealne uzupe\u0142nienie zabudowy naro\u017cnej<\/strong><\/h3>\n<p class=\"\" data-start=\"125\" data-end=\"399\">Szafka wisz\u0105ca <strong data-start=\"140\" data-end=\"153\">SNPR65\/61<\/strong> to funkcjonalne rozwi\u0105zanie zaprojektowane specjalnie do uzupe\u0142nienia <strong data-start=\"224\" data-end=\"259\">zabudowy naro\u017cnej przy s\u0142upkach<\/strong>. Dzi\u0119ki przemy\u015blanej konstrukcji pozwala na optymalne wykorzystanie przestrzeni, zapewniaj\u0105c <strong data-start=\"353\" data-end=\"396\">sp\u00f3jny i estetyczny wygl\u0105d ca\u0142ej kuchni<\/strong>.<\/p>\n<h3 class=\"\" data-start=\"401\" data-end=\"453\"><strong data-start=\"405\" data-end=\"451\">Doskona\u0142e dopasowanie do zabudowy naro\u017cnej<\/strong><\/h3>\n<p class=\"\" data-start=\"455\" data-end=\"741\">Szafka <strong data-start=\"462\" data-end=\"475\">SNPR65\/61<\/strong> zosta\u0142a stworzona z my\u015bl\u0105 o p\u0142ynnym przej\u015bciu pomi\u0119dzy <strong data-start=\"531\" data-end=\"552\">s\u0142upkiem<\/strong> a prostopad\u0142ymi <strong data-start=\"569\" data-end=\"591\">szafkami wisz\u0105cymi<\/strong>. Jest to element, kt\u00f3ry nie tylko uzupe\u0142nia kompozycj\u0119, ale tak\u017ce <strong data-start=\"658\" data-end=\"692\">zwi\u0119ksza funkcjonalno\u015b\u0107 kuchni<\/strong>, oferuj\u0105c dodatkowe miejsce do przechowywania. Meble kuchenne wykorzystane do ostatniego centymetra!<\/p>\n<h3 class=\"\" data-start=\"743\" data-end=\"795\"><strong data-start=\"747\" data-end=\"793\">Wysoka jako\u015b\u0107 wykonania i trwa\u0142e materia\u0142y<\/strong><\/h3>\n<ul>\n<li data-start=\"797\" data-end=\"975\"><strong data-start=\"799\" data-end=\"822\">Solidna konstrukcja<\/strong> \u2013 stabilno\u015b\u0107 i wytrzyma\u0142o\u015b\u0107 na lata<\/li>\n<li data-start=\"797\" data-end=\"975\"><strong data-start=\"863\" data-end=\"883\">Trwa\u0142e materia\u0142y<\/strong> \u2013 odporne na wilgo\u0107 i codzienne u\u017cytkowanie<\/li>\n<li data-start=\"797\" data-end=\"975\"><strong data-start=\"932\" data-end=\"973\">Sp\u00f3jno\u015b\u0107 z innymi elementami zabudowy<\/strong><\/li>\n<\/ul>\n<h3 class=\"\" data-start=\"977\" data-end=\"1030\"><strong data-start=\"981\" data-end=\"1028\">Dopasowanie do r\u00f3\u017cnych aran\u017cacji kuchennych<\/strong><\/h3>\n<p class=\"\" data-start=\"1032\" data-end=\"1254\">Szafka wisz\u0105ca <strong data-start=\"1047\" data-end=\"1060\">SNPR65\/61<\/strong> jest dost\u0119pna w szerokiej gamie kolorystycznej, dzi\u0119ki czemu mo\u017cna j\u0105 idealnie dopasowa\u0107 do pozosta\u0142ych element\u00f3w kuchni. Wyb\u00f3r r\u00f3\u017cnych <strong data-start=\"1197\" data-end=\"1219\">front\u00f3w i uchwyt\u00f3w<\/strong> pozwala na pe\u0142n\u0105 personalizacj\u0119.<\/p>\n<h3 class=\"\" data-start=\"1524\" data-end=\"1587\"><strong data-start=\"1528\" data-end=\"1585\">Szafka SNPR65\/61 \u2013 funkcjonalno\u015b\u0107 i estetyka w jednym<\/strong><\/h3>\n<p class=\"\" data-start=\"1589\" data-end=\"1832\">Szafka naro\u017cna <strong data-start=\"1604\" data-end=\"1617\">SNPR65\/61<\/strong> to kluczowy element dobrze przemy\u015blanej zabudowy kuchennej. Dzi\u0119ki niej mo\u017cna osi\u0105gn\u0105\u0107 <strong data-start=\"1705\" data-end=\"1731\">harmonijny uk\u0142ad mebli<\/strong>, unikaj\u0105c pustych przestrzeni i zapewniaj\u0105c p\u0142ynne przej\u015bcie mi\u0119dzy s\u0142upkami a szafkami wisz\u0105cymi.<\/p>\n<ul>\n<li data-start=\"1834\" data-end=\"2016\"><strong data-start=\"1836\" data-end=\"1882\">Doskona\u0142e dopasowanie do zabudowy naro\u017cnej<\/strong><\/li>\n<li data-start=\"1834\" data-end=\"2016\"><strong data-start=\"1887\" data-end=\"1929\">Dodatkowa przestrze\u0144 do przechowywania<\/strong><\/li>\n<li data-start=\"1834\" data-end=\"2016\"><strong data-start=\"1934\" data-end=\"1973\">Sp\u00f3jno\u015b\u0107 z innymi elementami kuchni<\/strong><\/li>\n<li data-start=\"1834\" data-end=\"2016\"><strong data-start=\"1978\" data-end=\"2014\">Szeroki wyb\u00f3r front\u00f3w i uchwyt\u00f3w<\/strong><\/li>\n<\/ul>\n<h3>Meble kuchenne &#8211; estetyka i funkcjonalno\u015b\u0107<\/h3>\n<p class=\"\" data-start=\"2018\" data-end=\"2155\">Zadbaj o <strong data-start=\"2027\" data-end=\"2068\">estetyczny i funkcjonalny uk\u0142ad mebli<\/strong> dzi\u0119ki szafce <strong data-start=\"2083\" data-end=\"2096\">SNPR65\/61<\/strong> \u2013 perfekcyjnemu dope\u0142nieniu naro\u017cnej zabudowy kuchennej!<\/p>\n","protected":false},"excerpt":{"rendered":"<p>Szafka wisz\u0105ca <strong data-start=\"140\" data-end=\"153\">SNPR65\/61<\/strong> to funkcjonalne rozwi\u0105zanie zaprojektowane specjalnie do uzupe\u0142nienia <strong data-start=\"224\" data-end=\"259\">zabudowy naro\u017cnej przy s\u0142upkach<\/strong>. Dzi\u0119ki przemy\u015blanej konstrukcji pozwala na optymalne wykorzystanie przestrzeni, zapewniaj\u0105c <strong data-start=\"353\" data-end=\"396\">sp\u00f3jny i estetyczny wygl\u0105d ca\u0142ej kuchni<\/strong><\/p>\n","protected":false},"featured_media":59988,"template":"","meta":[],"product_brand":[710],"product_cat":[791,776,775,454,473,494,532],"product_tag":[],"class_list":{"0":"post-51788","1":"product","2":"type-product","3":"status-publish","4":"has-post-thumbnail","6":"product_brand-meble-kam","7":"product_cat-narozne-wiszace-sklep","8":"product_cat-szafki-narozne-sklep","9":"product_cat-wszystko","10":"product_cat-meble-kam-mono","11":"product_cat-szafki-do-zabudowy-naroznej","12":"product_cat-szafki-uzupelniajace","13":"product_cat-szafki-uzupelniajace-61","14":"product_shipping_class-szafka-wiszaca-kam","15":"pa_front-f10","16":"pa_front-f11","17":"pa_front-f4","18":"pa_front-f6","19":"pa_front-f7","20":"pa_front-f8","21":"pa_front-fg2","22":"pa_front-k2","23":"pa_front-kc2","24":"pa_front-kc4","25":"pa_front-l4-mat","26":"pa_front-l4-polysk","27":"pa_front-m4","28":"pa_front-os_2","29":"pa_front-os_2black","30":"pa_front-p00","31":"pa_front-p2","32":"pa_front-p4","34":"first","35":"instock","36":"shipping-taxable","37":"purchasable","38":"product-type-variable"},"yoast_head":"<!-- This site is optimized with the Yoast SEO Premium plugin v25.0 (Yoast SEO v25.0) - https:\/\/yoast.com\/wordpress\/plugins\/seo\/ -->\n<title>Szafka wisz\u0105ca SNPR65\/61<\/title>\n<meta name=\"description\" content=\"Szafka wisz\u0105ca SNPR65\/61 o funkcjonalne rozwi\u0105zanie zaprojektowane specjalnie do uzupe\u0142nienia zabudowy naro\u017cnej przy s\u0142upkach.\" \/>\n<meta name=\"robots\" content=\"index, follow, max-snippet:-1, max-image-preview:large, max-video-preview:-1\" \/>\n<link rel=\"canonical\" href=\"https:\/\/meblekuchenne.pl\/sklep\/product\/szafka-wiszaca-snpr65-61-uzupelnienie-zabudowy-naroznej-przy-slupkach\/\" \/>\n<meta property=\"og:locale\" content=\"pl_PL\" \/>\n<meta property=\"og:type\" content=\"article\" \/>\n<meta property=\"og:title\" content=\"Szafka wisz\u0105ca SNPR65\/61 - uzupe\u0142nienie zabudowy naro\u017cnej przy s\u0142upkach\" \/>\n<meta property=\"og:description\" content=\"Szafka wisz\u0105ca SNPR65\/61 o funkcjonalne rozwi\u0105zanie zaprojektowane specjalnie do uzupe\u0142nienia zabudowy naro\u017cnej przy s\u0142upkach.\" \/>\n<meta property=\"og:url\" content=\"https:\/\/meblekuchenne.pl\/sklep\/product\/szafka-wiszaca-snpr65-61-uzupelnienie-zabudowy-naroznej-przy-slupkach\/\" \/>\n<meta property=\"og:site_name\" content=\"MebleKuchenne.PL - SKLEP\" \/>\n<meta property=\"article:modified_time\" content=\"2026-03-31T11:08:00+00:00\" \/>\n<meta property=\"og:image\" content=\"https:\/\/meblekuchenne.pl\/sklep\/wp-content\/uploads\/2025\/02\/snpr65-61-1.webp\" \/>\n\t<meta property=\"og:image:width\" content=\"1600\" \/>\n\t<meta property=\"og:image:height\" content=\"1080\" \/>\n\t<meta property=\"og:image:type\" content=\"image\/webp\" \/>\n<meta name=\"twitter:card\" content=\"summary_large_image\" \/>\n<meta name=\"twitter:label1\" content=\"Dost\u0119pno\u015b\u0107\" \/>\n\t<meta name=\"twitter:data1\" content=\"Dost\u0119pny\" \/>\n<script type=\"application\/ld+json\" class=\"yoast-schema-graph\">{\"@context\":\"https:\/\/schema.org\",\"@graph\":[{\"@type\":\"WebPage\",\"@id\":\"https:\/\/meblekuchenne.pl\/sklep\/product\/szafka-wiszaca-snpr65-61-uzupelnienie-zabudowy-naroznej-przy-slupkach\/\",\"url\":\"https:\/\/meblekuchenne.pl\/sklep\/product\/szafka-wiszaca-snpr65-61-uzupelnienie-zabudowy-naroznej-przy-slupkach\/\",\"name\":\"Szafka wisz\u0105ca SNPR65\/61\",\"isPartOf\":{\"@id\":\"https:\/\/meblekuchenne.pl\/sklep\/#website\"},\"primaryImageOfPage\":{\"@id\":\"https:\/\/meblekuchenne.pl\/sklep\/product\/szafka-wiszaca-snpr65-61-uzupelnienie-zabudowy-naroznej-przy-slupkach\/#primaryimage\"},\"image\":{\"@id\":\"https:\/\/meblekuchenne.pl\/sklep\/product\/szafka-wiszaca-snpr65-61-uzupelnienie-zabudowy-naroznej-przy-slupkach\/#primaryimage\"},\"thumbnailUrl\":\"https:\/\/meblekuchenne.pl\/sklep\/wp-content\/uploads\/2025\/02\/snpr65-61-1.webp\",\"datePublished\":\"2025-02-21T19:11:16+00:00\",\"dateModified\":\"2026-03-31T11:08:00+00:00\",\"description\":\"Szafka wisz\u0105ca SNPR65\/61 o funkcjonalne rozwi\u0105zanie zaprojektowane specjalnie do uzupe\u0142nienia zabudowy naro\u017cnej przy s\u0142upkach.\",\"breadcrumb\":{\"@id\":\"https:\/\/meblekuchenne.pl\/sklep\/product\/szafka-wiszaca-snpr65-61-uzupelnienie-zabudowy-naroznej-przy-slupkach\/#breadcrumb\"},\"inLanguage\":\"pl-PL\",\"potentialAction\":[{\"@type\":\"ReadAction\",\"target\":[\"https:\/\/meblekuchenne.pl\/sklep\/product\/szafka-wiszaca-snpr65-61-uzupelnienie-zabudowy-naroznej-przy-slupkach\/\"]}]},{\"@type\":\"ImageObject\",\"inLanguage\":\"pl-PL\",\"@id\":\"https:\/\/meblekuchenne.pl\/sklep\/product\/szafka-wiszaca-snpr65-61-uzupelnienie-zabudowy-naroznej-przy-slupkach\/#primaryimage\",\"url\":\"https:\/\/meblekuchenne.pl\/sklep\/wp-content\/uploads\/2025\/02\/snpr65-61-1.webp\",\"contentUrl\":\"https:\/\/meblekuchenne.pl\/sklep\/wp-content\/uploads\/2025\/02\/snpr65-61-1.webp\",\"width\":1600,\"height\":1080},{\"@type\":\"BreadcrumbList\",\"@id\":\"https:\/\/meblekuchenne.pl\/sklep\/product\/szafka-wiszaca-snpr65-61-uzupelnienie-zabudowy-naroznej-przy-slupkach\/#breadcrumb\",\"itemListElement\":[{\"@type\":\"ListItem\",\"position\":1,\"name\":\"Strona g\u0142\u00f3wna\",\"item\":\"https:\/\/meblekuchenne.pl\/sklep\/\"},{\"@type\":\"ListItem\",\"position\":2,\"name\":\"Sklep\",\"item\":\"https:\/\/meblekuchenne.pl\/sklep\/sklep\/\"},{\"@type\":\"ListItem\",\"position\":3,\"name\":\"Szafka wisz\u0105ca SNPR65\/61 &#8211; uzupe\u0142nienie zabudowy naro\u017cnej przy s\u0142upkach\"}]},{\"@type\":\"WebSite\",\"@id\":\"https:\/\/meblekuchenne.pl\/sklep\/#website\",\"url\":\"https:\/\/meblekuchenne.pl\/sklep\/\",\"name\":\"MebleKuchenne.PL - SKLEP\",\"description\":\"\",\"publisher\":{\"@id\":\"https:\/\/meblekuchenne.pl\/sklep\/#organization\"},\"potentialAction\":[{\"@type\":\"SearchAction\",\"target\":{\"@type\":\"EntryPoint\",\"urlTemplate\":\"https:\/\/meblekuchenne.pl\/sklep\/?s={search_term_string}\"},\"query-input\":{\"@type\":\"PropertyValueSpecification\",\"valueRequired\":true,\"valueName\":\"search_term_string\"}}],\"inLanguage\":\"pl-PL\"},{\"@type\":\"Organization\",\"@id\":\"https:\/\/meblekuchenne.pl\/sklep\/#organization\",\"name\":\"MebleKuchenne.PL - SKLEP\",\"url\":\"https:\/\/meblekuchenne.pl\/sklep\/\",\"logo\":{\"@type\":\"ImageObject\",\"inLanguage\":\"pl-PL\",\"@id\":\"https:\/\/meblekuchenne.pl\/sklep\/#\/schema\/logo\/image\/\",\"url\":\"https:\/\/meblekuchenne.pl\/sklep\/wp-content\/uploads\/2025\/06\/cropped-cropped-logo.webp\",\"contentUrl\":\"https:\/\/meblekuchenne.pl\/sklep\/wp-content\/uploads\/2025\/06\/cropped-cropped-logo.webp\",\"width\":735,\"height\":715,\"caption\":\"MebleKuchenne.PL - SKLEP\"},\"image\":{\"@id\":\"https:\/\/meblekuchenne.pl\/sklep\/#\/schema\/logo\/image\/\"}}]}<\/script>\n<meta property=\"og:availability\" content=\"instock\" \/>\n<meta property=\"product:availability\" content=\"instock\" \/>\n<meta property=\"product:retailer_item_id\" content=\"SNPR65\/61\" \/>\n<meta property=\"product:condition\" content=\"new\" \/>\n<!-- \/ Yoast SEO Premium plugin. -->","yoast_head_json":{"title":"Szafka wisz\u0105ca SNPR65\/61","description":"Szafka wisz\u0105ca SNPR65\/61 o funkcjonalne rozwi\u0105zanie zaprojektowane specjalnie do uzupe\u0142nienia zabudowy naro\u017cnej przy s\u0142upkach.","robots":{"index":"index","follow":"follow","max-snippet":"max-snippet:-1","max-image-preview":"max-image-preview:large","max-video-preview":"max-video-preview:-1"},"canonical":"https:\/\/meblekuchenne.pl\/sklep\/product\/szafka-wiszaca-snpr65-61-uzupelnienie-zabudowy-naroznej-przy-slupkach\/","og_locale":"pl_PL","og_type":"article","og_title":"Szafka wisz\u0105ca SNPR65\/61 - uzupe\u0142nienie zabudowy naro\u017cnej przy s\u0142upkach","og_description":"Szafka wisz\u0105ca SNPR65\/61 o funkcjonalne rozwi\u0105zanie zaprojektowane specjalnie do uzupe\u0142nienia zabudowy naro\u017cnej przy s\u0142upkach.","og_url":"https:\/\/meblekuchenne.pl\/sklep\/product\/szafka-wiszaca-snpr65-61-uzupelnienie-zabudowy-naroznej-przy-slupkach\/","og_site_name":"MebleKuchenne.PL - SKLEP","article_modified_time":"2026-03-31T11:08:00+00:00","og_image":[{"width":1600,"height":1080,"url":"https:\/\/meblekuchenne.pl\/sklep\/wp-content\/uploads\/2025\/02\/snpr65-61-1.webp","type":"image\/webp"}],"twitter_card":"summary_large_image","twitter_misc":{"Dost\u0119pno\u015b\u0107":"Dost\u0119pny"},"schema":{"@context":"https:\/\/schema.org","@graph":[{"@type":"WebPage","@id":"https:\/\/meblekuchenne.pl\/sklep\/product\/szafka-wiszaca-snpr65-61-uzupelnienie-zabudowy-naroznej-przy-slupkach\/","url":"https:\/\/meblekuchenne.pl\/sklep\/product\/szafka-wiszaca-snpr65-61-uzupelnienie-zabudowy-naroznej-przy-slupkach\/","name":"Szafka wisz\u0105ca SNPR65\/61","isPartOf":{"@id":"https:\/\/meblekuchenne.pl\/sklep\/#website"},"primaryImageOfPage":{"@id":"https:\/\/meblekuchenne.pl\/sklep\/product\/szafka-wiszaca-snpr65-61-uzupelnienie-zabudowy-naroznej-przy-slupkach\/#primaryimage"},"image":{"@id":"https:\/\/meblekuchenne.pl\/sklep\/product\/szafka-wiszaca-snpr65-61-uzupelnienie-zabudowy-naroznej-przy-slupkach\/#primaryimage"},"thumbnailUrl":"https:\/\/meblekuchenne.pl\/sklep\/wp-content\/uploads\/2025\/02\/snpr65-61-1.webp","datePublished":"2025-02-21T19:11:16+00:00","dateModified":"2026-03-31T11:08:00+00:00","description":"Szafka wisz\u0105ca SNPR65\/61 o funkcjonalne rozwi\u0105zanie zaprojektowane specjalnie do uzupe\u0142nienia zabudowy naro\u017cnej przy s\u0142upkach.","breadcrumb":{"@id":"https:\/\/meblekuchenne.pl\/sklep\/product\/szafka-wiszaca-snpr65-61-uzupelnienie-zabudowy-naroznej-przy-slupkach\/#breadcrumb"},"inLanguage":"pl-PL","potentialAction":[{"@type":"ReadAction","target":["https:\/\/meblekuchenne.pl\/sklep\/product\/szafka-wiszaca-snpr65-61-uzupelnienie-zabudowy-naroznej-przy-slupkach\/"]}]},{"@type":"ImageObject","inLanguage":"pl-PL","@id":"https:\/\/meblekuchenne.pl\/sklep\/product\/szafka-wiszaca-snpr65-61-uzupelnienie-zabudowy-naroznej-przy-slupkach\/#primaryimage","url":"https:\/\/meblekuchenne.pl\/sklep\/wp-content\/uploads\/2025\/02\/snpr65-61-1.webp","contentUrl":"https:\/\/meblekuchenne.pl\/sklep\/wp-content\/uploads\/2025\/02\/snpr65-61-1.webp","width":1600,"height":1080},{"@type":"BreadcrumbList","@id":"https:\/\/meblekuchenne.pl\/sklep\/product\/szafka-wiszaca-snpr65-61-uzupelnienie-zabudowy-naroznej-przy-slupkach\/#breadcrumb","itemListElement":[{"@type":"ListItem","position":1,"name":"Strona g\u0142\u00f3wna","item":"https:\/\/meblekuchenne.pl\/sklep\/"},{"@type":"ListItem","position":2,"name":"Sklep","item":"https:\/\/meblekuchenne.pl\/sklep\/sklep\/"},{"@type":"ListItem","position":3,"name":"Szafka wisz\u0105ca SNPR65\/61 &#8211; uzupe\u0142nienie zabudowy naro\u017cnej przy s\u0142upkach"}]},{"@type":"WebSite","@id":"https:\/\/meblekuchenne.pl\/sklep\/#website","url":"https:\/\/meblekuchenne.pl\/sklep\/","name":"MebleKuchenne.PL - SKLEP","description":"","publisher":{"@id":"https:\/\/meblekuchenne.pl\/sklep\/#organization"},"potentialAction":[{"@type":"SearchAction","target":{"@type":"EntryPoint","urlTemplate":"https:\/\/meblekuchenne.pl\/sklep\/?s={search_term_string}"},"query-input":{"@type":"PropertyValueSpecification","valueRequired":true,"valueName":"search_term_string"}}],"inLanguage":"pl-PL"},{"@type":"Organization","@id":"https:\/\/meblekuchenne.pl\/sklep\/#organization","name":"MebleKuchenne.PL - SKLEP","url":"https:\/\/meblekuchenne.pl\/sklep\/","logo":{"@type":"ImageObject","inLanguage":"pl-PL","@id":"https:\/\/meblekuchenne.pl\/sklep\/#\/schema\/logo\/image\/","url":"https:\/\/meblekuchenne.pl\/sklep\/wp-content\/uploads\/2025\/06\/cropped-cropped-logo.webp","contentUrl":"https:\/\/meblekuchenne.pl\/sklep\/wp-content\/uploads\/2025\/06\/cropped-cropped-logo.webp","width":735,"height":715,"caption":"MebleKuchenne.PL - SKLEP"},"image":{"@id":"https:\/\/meblekuchenne.pl\/sklep\/#\/schema\/logo\/image\/"}}]},"og_availability":"instock","product_availability":"instock","product_retailer_item_id":"SNPR65\/61","product_condition":"new"},"_links":{"self":[{"href":"https:\/\/meblekuchenne.pl\/sklep\/wp-json\/wp\/v2\/product\/51788","targetHints":{"allow":["GET"]}}],"collection":[{"href":"https:\/\/meblekuchenne.pl\/sklep\/wp-json\/wp\/v2\/product"}],"about":[{"href":"https:\/\/meblekuchenne.pl\/sklep\/wp-json\/wp\/v2\/types\/product"}],"wp:featuredmedia":[{"embeddable":true,"href":"https:\/\/meblekuchenne.pl\/sklep\/wp-json\/wp\/v2\/media\/59988"}],"wp:attachment":[{"href":"https:\/\/meblekuchenne.pl\/sklep\/wp-json\/wp\/v2\/media?parent=51788"}],"wp:term":[{"taxonomy":"product_brand","embeddable":true,"href":"https:\/\/meblekuchenne.pl\/sklep\/wp-json\/wp\/v2\/product_brand?post=51788"},{"taxonomy":"product_cat","embeddable":true,"href":"https:\/\/meblekuchenne.pl\/sklep\/wp-json\/wp\/v2\/product_cat?post=51788"},{"taxonomy":"product_tag","embeddable":true,"href":"https:\/\/meblekuchenne.pl\/sklep\/wp-json\/wp\/v2\/product_tag?post=51788"}],"curies":[{"name":"wp","href":"https:\/\/api.w.org\/{rel}","templated":true}]}}