{"id":47393,"date":"2025-02-21T19:19:56","date_gmt":"2025-02-21T18:19:56","guid":{"rendered":"https:\/\/meblekuchenne.pl\/sklep\/?post_type=product&#038;p=47393"},"modified":"2026-03-31T13:08:54","modified_gmt":"2026-03-31T11:08:54","slug":"szafka-wiszaca-gleboka-narozna-bwrp70x44-61-kammono","status":"publish","type":"product","link":"https:\/\/meblekuchenne.pl\/sklep\/product\/szafka-wiszaca-gleboka-narozna-bwrp70x44-61-kammono\/","title":{"rendered":"Szafka wisz\u0105ca g\u0142\u0119boka naro\u017cna BWRP70x45\/61 &#8211; KamMono"},"content":{"rendered":"<h3 data-start=\"0\" data-end=\"51\"><strong data-start=\"4\" data-end=\"51\">Szafka wisz\u0105ca g\u0142\u0119boka naro\u017cna BWRP70x45\/61<\/strong><\/h3>\n<p>Szafka wisz\u0105ca naro\u017cna &#8211; szer. 70 x 45 cm, wys. 61 cm, g\u0142. 32 cm<\/p>\n<p data-start=\"53\" data-end=\"482\">Szafka <strong data-start=\"84\" data-end=\"100\">BWRP70x45\/61<\/strong> to doskona\u0142e rozwi\u0105zanie do kuchni, kt\u00f3re pozwala w pe\u0142ni wykorzysta\u0107 naro\u017cne przestrzenie. Dzi\u0119ki g\u0142\u0119boko\u015bci 36 cm i szeroko\u015bci 70&#215;45 cm, zapewnia nie tylko optymaln\u0105 przestronno\u015b\u0107, ale tak\u017ce wygodny dost\u0119p do przechowywanych przedmiot\u00f3w. Jest cz\u0119\u015bci\u0105 systemu <strong data-start=\"362\" data-end=\"373\">KAMMONO<\/strong> od <strong data-start=\"377\" data-end=\"390\">Meble KAM<\/strong>, co gwarantuje estetyk\u0119 i funkcjonalno\u015b\u0107, idealnie dopasowan\u0105 do innych element\u00f3w zabudowy.<\/p>\n<h3 data-start=\"489\" data-end=\"517\"><strong data-start=\"493\" data-end=\"517\">Najwa\u017cniejsze cechy:<\/strong><\/h3>\n<ul data-start=\"519\" data-end=\"1100\">\n<li data-start=\"519\" data-end=\"642\"><strong data-start=\"521\" data-end=\"542\">Rozmiar: 70&#215;45 cm<\/strong> \u2013 oferuje du\u017c\u0105 przestronno\u015b\u0107 w kuchni, umo\u017cliwiaj\u0105c przechowywanie wi\u0119kszych akcesori\u00f3w kuchennych.<\/li>\n<li data-start=\"643\" data-end=\"757\"><strong data-start=\"645\" data-end=\"665\">G\u0142\u0119boko\u015b\u0107: 36 cm<\/strong> \u2013 zapewnia wygodny dost\u0119p do wn\u0119trza szafki, umo\u017cliwiaj\u0105c przechowywanie r\u00f3\u017cnych produkt\u00f3w.<\/li>\n<li data-start=\"758\" data-end=\"858\"><strong data-start=\"760\" data-end=\"780\">Zabudowa naro\u017cna<\/strong> \u2013 idealne rozwi\u0105zanie dla optymalizacji przestrzeni w naro\u017cnikach kuchennych.<\/li>\n<li data-start=\"859\" data-end=\"931\"><strong data-start=\"861\" data-end=\"880\">Wysoko\u015b\u0107: 61 cm<\/strong> \u2013 klasyczny wymiar, zgodny z systemem <strong data-start=\"919\" data-end=\"930\">KAMMONO<\/strong>.<\/li>\n<li data-start=\"932\" data-end=\"996\"><strong data-start=\"934\" data-end=\"954\">Trwa\u0142e materia\u0142y<\/strong> \u2013 wytrzyma\u0142o\u015b\u0107 na intensywne u\u017cytkowanie.<\/li>\n<li data-start=\"997\" data-end=\"1100\"><strong data-start=\"999\" data-end=\"1015\">\u0141atwy monta\u017c<\/strong> \u2013 szafka jest prosta w monta\u017cu, co sprawia, \u017ce jej instalacja nie sprawia problem\u00f3w.<\/li>\n<\/ul>\n<h3 data-start=\"1107\" data-end=\"1157\"><strong data-start=\"1111\" data-end=\"1157\">Dlaczego warto wybra\u0107 szafk\u0119 BWRP70x45\/61?<\/strong><\/h3>\n<ul data-start=\"1159\" data-end=\"1630\">\n<li data-start=\"1159\" data-end=\"1311\"><strong data-start=\"1161\" data-end=\"1199\">Optymalizacja przestrzeni naro\u017cnej<\/strong> \u2013 idealnie wykorzystuje przestrze\u0144 w naro\u017cnikach, tworz\u0105c miejsce na przechowywanie bez utraty funkcjonalno\u015bci.<\/li>\n<li data-start=\"1312\" data-end=\"1412\"><strong data-start=\"1314\" data-end=\"1336\">Du\u017ca przestronno\u015b\u0107<\/strong> \u2013 dzi\u0119ki szeroko\u015bci 70&#215;45 cm szafka pomie\u015bci r\u00f3\u017cnorodne akcesoria kuchenne.<\/li>\n<li data-start=\"1413\" data-end=\"1552\"><strong data-start=\"1415\" data-end=\"1442\">Wysoka jako\u015b\u0107 wykonania<\/strong> \u2013 system <strong data-start=\"1452\" data-end=\"1463\">KAMMONO<\/strong> gwarantuje trwa\u0142o\u015b\u0107 i estetyczny wygl\u0105d, kt\u00f3ry pasuje do nowoczesnych wn\u0119trz kuchennych.<\/li>\n<li data-start=\"1553\" data-end=\"1630\"><strong data-start=\"1555\" data-end=\"1572\">Prosty monta\u017c<\/strong> \u2013 intuicyjna instalacja szafki pozwala zaoszcz\u0119dzi\u0107 czas.<\/li>\n<\/ul>\n<h3 data-start=\"1637\" data-end=\"1705\"><strong data-start=\"1641\" data-end=\"1705\">Idealne rozwi\u0105zanie do ma\u0142ych kuchni i przestrzeni naro\u017cnych<\/strong><\/h3>\n<p data-start=\"1707\" data-end=\"2023\" data-is-last-node=\"\" data-is-only-node=\"\">Szafka wisz\u0105ca g\u0142\u0119boka naro\u017cna <strong data-start=\"1738\" data-end=\"1754\">BWRP70x45\/61<\/strong> to \u015bwietny wyb\u00f3r do kuchni, kt\u00f3re maj\u0105 ograniczon\u0105 przestrze\u0144, ale potrzebuj\u0105 funkcjonalnych rozwi\u0105za\u0144 do przechowywania. Jej konstrukcja pozwala na maksymalne wykorzystanie naro\u017cnik\u00f3w, co czyni j\u0105 nie tylko praktycznym, ale i estetycznym rozwi\u0105zaniem w ka\u017cdej kuchni.<\/p>\n","protected":false},"excerpt":{"rendered":"<p>Szafka wisz\u0105ca g\u0142\u0119boka naro\u017cna <strong data-start=\"84\" data-end=\"100\">BWRP70x45\/61<\/strong> to doskona\u0142e rozwi\u0105zanie do kuchni, kt\u00f3re pozwala w pe\u0142ni wykorzysta\u0107 naro\u017cne przestrzenie. Dzi\u0119ki g\u0142\u0119boko\u015bci 36 cm i szeroko\u015bci 70&#215;45 cm, zapewnia nie tylko optymaln\u0105 przestronno\u015b\u0107, ale tak\u017ce wygodny dost\u0119p do przechowywanych przedmiot\u00f3w. Jest cz\u0119\u015bci\u0105 systemu <strong data-start=\"362\" data-end=\"373\">KAMMONO<\/strong> od <strong data-start=\"377\" data-end=\"390\">Meble KAM<\/strong>, co gwarantuje estetyk\u0119 i funkcjonalno\u015b\u0107, idealnie dopasowan\u0105 do innych element\u00f3w zabudowy.<\/p>\n","protected":false},"featured_media":62035,"template":"","meta":[],"product_brand":[710],"product_cat":[778,775,454,474,495,537],"product_tag":[],"class_list":{"0":"post-47393","1":"product","2":"type-product","3":"status-publish","4":"has-post-thumbnail","6":"product_brand-meble-kam","7":"product_cat-szafki-kuchenne-wiszace-sklep","8":"product_cat-wszystko","9":"product_cat-meble-kam-mono","10":"product_cat-szafki-wiszace","11":"product_cat-szafki-wiszace-61","12":"product_cat-szafki-wiszace-bw-glebokosc-36-cm","13":"product_shipping_class-szafka-wiszaca-kam","14":"pa_front-f10","15":"pa_front-f11","16":"pa_front-f4","17":"pa_front-f6","18":"pa_front-f7","19":"pa_front-f8","20":"pa_front-fg2","21":"pa_front-k2","22":"pa_front-kc2","23":"pa_front-kc4","24":"pa_front-l4-mat","25":"pa_front-l4-polysk","26":"pa_front-m4","27":"pa_front-os_2","28":"pa_front-os_2black","29":"pa_front-p00","30":"pa_front-p2","31":"pa_front-p4","33":"first","34":"instock","35":"shipping-taxable","36":"purchasable","37":"product-type-variable"},"yoast_head":"<!-- This site is optimized with the Yoast SEO Premium plugin v25.0 (Yoast SEO v25.0) - https:\/\/yoast.com\/wordpress\/plugins\/seo\/ -->\n<title>Szafka wisz\u0105ca g\u0142\u0119boka naro\u017cna BWRP70x45\/61<\/title>\n<meta name=\"description\" content=\"Szafka wisz\u0105ca g\u0142\u0119boka naro\u017cna BWRP70x45\/61 to doskona\u0142e rozwi\u0105zanie do kuchni, kt\u00f3re pozwala w pe\u0142ni wykorzysta\u0107 naro\u017cne przestrzenie\" \/>\n<meta name=\"robots\" content=\"index, follow, max-snippet:-1, max-image-preview:large, max-video-preview:-1\" \/>\n<link rel=\"canonical\" href=\"https:\/\/meblekuchenne.pl\/sklep\/product\/szafka-wiszaca-gleboka-narozna-bwrp70x44-61-kammono\/\" \/>\n<meta property=\"og:locale\" content=\"pl_PL\" \/>\n<meta property=\"og:type\" content=\"article\" \/>\n<meta property=\"og:title\" content=\"Szafka wisz\u0105ca g\u0142\u0119boka naro\u017cna BWRP70x45\/61 - KamMono\" \/>\n<meta property=\"og:description\" content=\"Szafka wisz\u0105ca g\u0142\u0119boka naro\u017cna BWRP70x45\/61 to doskona\u0142e rozwi\u0105zanie do kuchni, kt\u00f3re pozwala w pe\u0142ni wykorzysta\u0107 naro\u017cne przestrzenie\" \/>\n<meta property=\"og:url\" content=\"https:\/\/meblekuchenne.pl\/sklep\/product\/szafka-wiszaca-gleboka-narozna-bwrp70x44-61-kammono\/\" \/>\n<meta property=\"og:site_name\" content=\"MebleKuchenne.PL - SKLEP\" \/>\n<meta property=\"article:modified_time\" content=\"2026-03-31T11:08:54+00:00\" \/>\n<meta property=\"og:image\" content=\"https:\/\/meblekuchenne.pl\/sklep\/wp-content\/uploads\/2025\/02\/W.1-61-SPEC-21-61-4.webp\" \/>\n\t<meta property=\"og:image:width\" content=\"1600\" \/>\n\t<meta property=\"og:image:height\" content=\"1080\" \/>\n\t<meta property=\"og:image:type\" content=\"image\/webp\" \/>\n<meta name=\"twitter:card\" content=\"summary_large_image\" \/>\n<meta name=\"twitter:label1\" content=\"Dost\u0119pno\u015b\u0107\" \/>\n\t<meta name=\"twitter:data1\" content=\"Dost\u0119pny\" \/>\n<script type=\"application\/ld+json\" class=\"yoast-schema-graph\">{\"@context\":\"https:\/\/schema.org\",\"@graph\":[{\"@type\":\"WebPage\",\"@id\":\"https:\/\/meblekuchenne.pl\/sklep\/product\/szafka-wiszaca-gleboka-narozna-bwrp70x44-61-kammono\/\",\"url\":\"https:\/\/meblekuchenne.pl\/sklep\/product\/szafka-wiszaca-gleboka-narozna-bwrp70x44-61-kammono\/\",\"name\":\"Szafka wisz\u0105ca g\u0142\u0119boka naro\u017cna BWRP70x45\/61\",\"isPartOf\":{\"@id\":\"https:\/\/meblekuchenne.pl\/sklep\/#website\"},\"primaryImageOfPage\":{\"@id\":\"https:\/\/meblekuchenne.pl\/sklep\/product\/szafka-wiszaca-gleboka-narozna-bwrp70x44-61-kammono\/#primaryimage\"},\"image\":{\"@id\":\"https:\/\/meblekuchenne.pl\/sklep\/product\/szafka-wiszaca-gleboka-narozna-bwrp70x44-61-kammono\/#primaryimage\"},\"thumbnailUrl\":\"https:\/\/meblekuchenne.pl\/sklep\/wp-content\/uploads\/2025\/02\/W.1-61-SPEC-21-61-4.webp\",\"datePublished\":\"2025-02-21T18:19:56+00:00\",\"dateModified\":\"2026-03-31T11:08:54+00:00\",\"description\":\"Szafka wisz\u0105ca g\u0142\u0119boka naro\u017cna BWRP70x45\/61 to doskona\u0142e rozwi\u0105zanie do kuchni, kt\u00f3re pozwala w pe\u0142ni wykorzysta\u0107 naro\u017cne przestrzenie\",\"breadcrumb\":{\"@id\":\"https:\/\/meblekuchenne.pl\/sklep\/product\/szafka-wiszaca-gleboka-narozna-bwrp70x44-61-kammono\/#breadcrumb\"},\"inLanguage\":\"pl-PL\",\"potentialAction\":[{\"@type\":\"ReadAction\",\"target\":[\"https:\/\/meblekuchenne.pl\/sklep\/product\/szafka-wiszaca-gleboka-narozna-bwrp70x44-61-kammono\/\"]}]},{\"@type\":\"ImageObject\",\"inLanguage\":\"pl-PL\",\"@id\":\"https:\/\/meblekuchenne.pl\/sklep\/product\/szafka-wiszaca-gleboka-narozna-bwrp70x44-61-kammono\/#primaryimage\",\"url\":\"https:\/\/meblekuchenne.pl\/sklep\/wp-content\/uploads\/2025\/02\/W.1-61-SPEC-21-61-4.webp\",\"contentUrl\":\"https:\/\/meblekuchenne.pl\/sklep\/wp-content\/uploads\/2025\/02\/W.1-61-SPEC-21-61-4.webp\",\"width\":1600,\"height\":1080},{\"@type\":\"BreadcrumbList\",\"@id\":\"https:\/\/meblekuchenne.pl\/sklep\/product\/szafka-wiszaca-gleboka-narozna-bwrp70x44-61-kammono\/#breadcrumb\",\"itemListElement\":[{\"@type\":\"ListItem\",\"position\":1,\"name\":\"Strona g\u0142\u00f3wna\",\"item\":\"https:\/\/meblekuchenne.pl\/sklep\/\"},{\"@type\":\"ListItem\",\"position\":2,\"name\":\"Sklep\",\"item\":\"https:\/\/meblekuchenne.pl\/sklep\/sklep\/\"},{\"@type\":\"ListItem\",\"position\":3,\"name\":\"Szafka wisz\u0105ca g\u0142\u0119boka naro\u017cna BWRP70x45\/61 &#8211; KamMono\"}]},{\"@type\":\"WebSite\",\"@id\":\"https:\/\/meblekuchenne.pl\/sklep\/#website\",\"url\":\"https:\/\/meblekuchenne.pl\/sklep\/\",\"name\":\"MebleKuchenne.PL - SKLEP\",\"description\":\"\",\"publisher\":{\"@id\":\"https:\/\/meblekuchenne.pl\/sklep\/#organization\"},\"potentialAction\":[{\"@type\":\"SearchAction\",\"target\":{\"@type\":\"EntryPoint\",\"urlTemplate\":\"https:\/\/meblekuchenne.pl\/sklep\/?s={search_term_string}\"},\"query-input\":{\"@type\":\"PropertyValueSpecification\",\"valueRequired\":true,\"valueName\":\"search_term_string\"}}],\"inLanguage\":\"pl-PL\"},{\"@type\":\"Organization\",\"@id\":\"https:\/\/meblekuchenne.pl\/sklep\/#organization\",\"name\":\"MebleKuchenne.PL - SKLEP\",\"url\":\"https:\/\/meblekuchenne.pl\/sklep\/\",\"logo\":{\"@type\":\"ImageObject\",\"inLanguage\":\"pl-PL\",\"@id\":\"https:\/\/meblekuchenne.pl\/sklep\/#\/schema\/logo\/image\/\",\"url\":\"https:\/\/meblekuchenne.pl\/sklep\/wp-content\/uploads\/2025\/06\/cropped-cropped-logo.webp\",\"contentUrl\":\"https:\/\/meblekuchenne.pl\/sklep\/wp-content\/uploads\/2025\/06\/cropped-cropped-logo.webp\",\"width\":735,\"height\":715,\"caption\":\"MebleKuchenne.PL - SKLEP\"},\"image\":{\"@id\":\"https:\/\/meblekuchenne.pl\/sklep\/#\/schema\/logo\/image\/\"}}]}<\/script>\n<meta property=\"og:availability\" content=\"instock\" \/>\n<meta property=\"product:availability\" content=\"instock\" \/>\n<meta property=\"product:retailer_item_id\" content=\"BWRP70x45\/61\" \/>\n<meta property=\"product:condition\" content=\"new\" \/>\n<!-- \/ Yoast SEO Premium plugin. -->","yoast_head_json":{"title":"Szafka wisz\u0105ca g\u0142\u0119boka naro\u017cna BWRP70x45\/61","description":"Szafka wisz\u0105ca g\u0142\u0119boka naro\u017cna BWRP70x45\/61 to doskona\u0142e rozwi\u0105zanie do kuchni, kt\u00f3re pozwala w pe\u0142ni wykorzysta\u0107 naro\u017cne przestrzenie","robots":{"index":"index","follow":"follow","max-snippet":"max-snippet:-1","max-image-preview":"max-image-preview:large","max-video-preview":"max-video-preview:-1"},"canonical":"https:\/\/meblekuchenne.pl\/sklep\/product\/szafka-wiszaca-gleboka-narozna-bwrp70x44-61-kammono\/","og_locale":"pl_PL","og_type":"article","og_title":"Szafka wisz\u0105ca g\u0142\u0119boka naro\u017cna BWRP70x45\/61 - KamMono","og_description":"Szafka wisz\u0105ca g\u0142\u0119boka naro\u017cna BWRP70x45\/61 to doskona\u0142e rozwi\u0105zanie do kuchni, kt\u00f3re pozwala w pe\u0142ni wykorzysta\u0107 naro\u017cne przestrzenie","og_url":"https:\/\/meblekuchenne.pl\/sklep\/product\/szafka-wiszaca-gleboka-narozna-bwrp70x44-61-kammono\/","og_site_name":"MebleKuchenne.PL - SKLEP","article_modified_time":"2026-03-31T11:08:54+00:00","og_image":[{"width":1600,"height":1080,"url":"https:\/\/meblekuchenne.pl\/sklep\/wp-content\/uploads\/2025\/02\/W.1-61-SPEC-21-61-4.webp","type":"image\/webp"}],"twitter_card":"summary_large_image","twitter_misc":{"Dost\u0119pno\u015b\u0107":"Dost\u0119pny"},"schema":{"@context":"https:\/\/schema.org","@graph":[{"@type":"WebPage","@id":"https:\/\/meblekuchenne.pl\/sklep\/product\/szafka-wiszaca-gleboka-narozna-bwrp70x44-61-kammono\/","url":"https:\/\/meblekuchenne.pl\/sklep\/product\/szafka-wiszaca-gleboka-narozna-bwrp70x44-61-kammono\/","name":"Szafka wisz\u0105ca g\u0142\u0119boka naro\u017cna BWRP70x45\/61","isPartOf":{"@id":"https:\/\/meblekuchenne.pl\/sklep\/#website"},"primaryImageOfPage":{"@id":"https:\/\/meblekuchenne.pl\/sklep\/product\/szafka-wiszaca-gleboka-narozna-bwrp70x44-61-kammono\/#primaryimage"},"image":{"@id":"https:\/\/meblekuchenne.pl\/sklep\/product\/szafka-wiszaca-gleboka-narozna-bwrp70x44-61-kammono\/#primaryimage"},"thumbnailUrl":"https:\/\/meblekuchenne.pl\/sklep\/wp-content\/uploads\/2025\/02\/W.1-61-SPEC-21-61-4.webp","datePublished":"2025-02-21T18:19:56+00:00","dateModified":"2026-03-31T11:08:54+00:00","description":"Szafka wisz\u0105ca g\u0142\u0119boka naro\u017cna BWRP70x45\/61 to doskona\u0142e rozwi\u0105zanie do kuchni, kt\u00f3re pozwala w pe\u0142ni wykorzysta\u0107 naro\u017cne przestrzenie","breadcrumb":{"@id":"https:\/\/meblekuchenne.pl\/sklep\/product\/szafka-wiszaca-gleboka-narozna-bwrp70x44-61-kammono\/#breadcrumb"},"inLanguage":"pl-PL","potentialAction":[{"@type":"ReadAction","target":["https:\/\/meblekuchenne.pl\/sklep\/product\/szafka-wiszaca-gleboka-narozna-bwrp70x44-61-kammono\/"]}]},{"@type":"ImageObject","inLanguage":"pl-PL","@id":"https:\/\/meblekuchenne.pl\/sklep\/product\/szafka-wiszaca-gleboka-narozna-bwrp70x44-61-kammono\/#primaryimage","url":"https:\/\/meblekuchenne.pl\/sklep\/wp-content\/uploads\/2025\/02\/W.1-61-SPEC-21-61-4.webp","contentUrl":"https:\/\/meblekuchenne.pl\/sklep\/wp-content\/uploads\/2025\/02\/W.1-61-SPEC-21-61-4.webp","width":1600,"height":1080},{"@type":"BreadcrumbList","@id":"https:\/\/meblekuchenne.pl\/sklep\/product\/szafka-wiszaca-gleboka-narozna-bwrp70x44-61-kammono\/#breadcrumb","itemListElement":[{"@type":"ListItem","position":1,"name":"Strona g\u0142\u00f3wna","item":"https:\/\/meblekuchenne.pl\/sklep\/"},{"@type":"ListItem","position":2,"name":"Sklep","item":"https:\/\/meblekuchenne.pl\/sklep\/sklep\/"},{"@type":"ListItem","position":3,"name":"Szafka wisz\u0105ca g\u0142\u0119boka naro\u017cna BWRP70x45\/61 &#8211; KamMono"}]},{"@type":"WebSite","@id":"https:\/\/meblekuchenne.pl\/sklep\/#website","url":"https:\/\/meblekuchenne.pl\/sklep\/","name":"MebleKuchenne.PL - SKLEP","description":"","publisher":{"@id":"https:\/\/meblekuchenne.pl\/sklep\/#organization"},"potentialAction":[{"@type":"SearchAction","target":{"@type":"EntryPoint","urlTemplate":"https:\/\/meblekuchenne.pl\/sklep\/?s={search_term_string}"},"query-input":{"@type":"PropertyValueSpecification","valueRequired":true,"valueName":"search_term_string"}}],"inLanguage":"pl-PL"},{"@type":"Organization","@id":"https:\/\/meblekuchenne.pl\/sklep\/#organization","name":"MebleKuchenne.PL - SKLEP","url":"https:\/\/meblekuchenne.pl\/sklep\/","logo":{"@type":"ImageObject","inLanguage":"pl-PL","@id":"https:\/\/meblekuchenne.pl\/sklep\/#\/schema\/logo\/image\/","url":"https:\/\/meblekuchenne.pl\/sklep\/wp-content\/uploads\/2025\/06\/cropped-cropped-logo.webp","contentUrl":"https:\/\/meblekuchenne.pl\/sklep\/wp-content\/uploads\/2025\/06\/cropped-cropped-logo.webp","width":735,"height":715,"caption":"MebleKuchenne.PL - SKLEP"},"image":{"@id":"https:\/\/meblekuchenne.pl\/sklep\/#\/schema\/logo\/image\/"}}]},"og_availability":"instock","product_availability":"instock","product_retailer_item_id":"BWRP70x45\/61","product_condition":"new"},"_links":{"self":[{"href":"https:\/\/meblekuchenne.pl\/sklep\/wp-json\/wp\/v2\/product\/47393","targetHints":{"allow":["GET"]}}],"collection":[{"href":"https:\/\/meblekuchenne.pl\/sklep\/wp-json\/wp\/v2\/product"}],"about":[{"href":"https:\/\/meblekuchenne.pl\/sklep\/wp-json\/wp\/v2\/types\/product"}],"wp:featuredmedia":[{"embeddable":true,"href":"https:\/\/meblekuchenne.pl\/sklep\/wp-json\/wp\/v2\/media\/62035"}],"wp:attachment":[{"href":"https:\/\/meblekuchenne.pl\/sklep\/wp-json\/wp\/v2\/media?parent=47393"}],"wp:term":[{"taxonomy":"product_brand","embeddable":true,"href":"https:\/\/meblekuchenne.pl\/sklep\/wp-json\/wp\/v2\/product_brand?post=47393"},{"taxonomy":"product_cat","embeddable":true,"href":"https:\/\/meblekuchenne.pl\/sklep\/wp-json\/wp\/v2\/product_cat?post=47393"},{"taxonomy":"product_tag","embeddable":true,"href":"https:\/\/meblekuchenne.pl\/sklep\/wp-json\/wp\/v2\/product_tag?post=47393"}],"curies":[{"name":"wp","href":"https:\/\/api.w.org\/{rel}","templated":true}]}}