{"id":46583,"date":"2025-02-21T19:10:30","date_gmt":"2025-02-21T18:10:30","guid":{"rendered":"https:\/\/meblekuchenne.pl\/sklep\/?post_type=product&#038;p=46583"},"modified":"2026-03-31T13:09:07","modified_gmt":"2026-03-31T11:09:07","slug":"slupek-sdp60ss3-71-piekarnik-w-zabudowie-3-szuflady-slim-kammono","status":"publish","type":"product","link":"https:\/\/meblekuchenne.pl\/sklep\/product\/slupek-sdp60ss3-71-piekarnik-w-zabudowie-3-szuflady-slim-kammono\/","title":{"rendered":"S\u0142upek SDP60SS3\/71 &#8211; piekarnik w zabudowie &#8211; 3 szuflady slim &#8211; KamMono"},"content":{"rendered":"<h3 data-start=\"0\" data-end=\"66\">S\u0142upek SDP60SS3\/71 \u2013 Piekarnik w zabudowie z 3 szufladami Slim<\/h3>\n<p>S\u0142upek do zabudowy piekarnika &#8211; szer. 60 cm, wys. 199 cm, g\u0142. 58 cm<\/p>\n<p data-start=\"68\" data-end=\"510\"><strong data-start=\"68\" data-end=\"90\">S\u0142upek SDP60SS3\/71<\/strong> to nowoczesne rozwi\u0105zanie do zabudowy piekarnika w kuchni. Zosta\u0142 zaprojektowany z my\u015bl\u0105 o u\u017cytkownikach, kt\u00f3rzy szukaj\u0105 funkcjonalnego i estetycznego mebla, kt\u00f3ry pomie\u015bci piekarnik w zabudowie, a jednocze\u015bnie oferuje dodatkow\u0105 przestrze\u0144 do przechowywania. Dzi\u0119ki zastosowaniu <strong data-start=\"370\" data-end=\"388\">3 szuflad Slim<\/strong>, jest to mebel idealny do kuchni, w kt\u00f3rych przestrze\u0144 jest ograniczona, ale nie mo\u017cna rezygnowa\u0107 z komfortu u\u017cytkowania.<\/p>\n<h3 data-start=\"512\" data-end=\"548\">G\u0142\u00f3wne cechy:<\/h3>\n<ol data-start=\"550\" data-end=\"1615\">\n<li data-start=\"550\" data-end=\"832\">\n<p data-start=\"553\" data-end=\"832\"><strong data-start=\"553\" data-end=\"578\">Piekarnik w zabudowie<\/strong> \u2013 S\u0142upek SDP60SS3\/71 pozwala na monta\u017c standardowego piekarnika w zabudowie, co sprawia, \u017ce staje si\u0119 on \u0142atwy do obs\u0142ugi i dost\u0119pny na wygodnej wysoko\u015bci. Jest to doskona\u0142e rozwi\u0105zanie do kuchni, w kt\u00f3rych liczy si\u0119 optymalne wykorzystanie przestrzeni.<\/p>\n<\/li>\n<li data-start=\"834\" data-end=\"1130\">\n<p data-start=\"837\" data-end=\"1130\"><strong data-start=\"837\" data-end=\"856\">3 szuflady Slim<\/strong> \u2013 Dzi\u0119ki <strong data-start=\"866\" data-end=\"886\">3 szufladom Slim<\/strong>, kt\u00f3re zajmuj\u0105 minimaln\u0105 ilo\u015b\u0107 miejsca, mo\u017cliwe jest przechowywanie akcesori\u00f3w kuchennych, drobnych sprz\u0119t\u00f3w czy produkt\u00f3w spo\u017cywczych. W\u0105ska budowa szuflad pozwala na ich umiejscowienie w zabudowie, bez zabierania cennej przestrzeni roboczej.<\/p>\n<\/li>\n<li data-start=\"1132\" data-end=\"1352\">\n<p data-start=\"1135\" data-end=\"1352\"><strong data-start=\"1135\" data-end=\"1158\">Solidna konstrukcja<\/strong> \u2013 S\u0142upek jest wykonany z wysokiej jako\u015bci materia\u0142\u00f3w, kt\u00f3re zapewniaj\u0105 trwa\u0142o\u015b\u0107 i odporno\u015b\u0107 na uszkodzenia. Solidna budowa gwarantuje d\u0142ugowieczno\u015b\u0107 mebla i komfort u\u017cytkowania przez wiele lat.<\/p>\n<\/li>\n<li data-start=\"1354\" data-end=\"1615\">\n<p data-start=\"1357\" data-end=\"1615\"><strong data-start=\"1357\" data-end=\"1378\">Estetyczny design<\/strong> \u2013 <strong data-start=\"1381\" data-end=\"1403\">S\u0142upek SDP60SS3\/71<\/strong> ma nowoczesny wygl\u0105d, kt\u00f3ry doskonale komponuje si\u0119 z innymi elementami zabudowy kuchennej, szczeg\u00f3lnie z szafkami wisz\u0105cymi. Jest dost\u0119pny w r\u00f3\u017cnych wyko\u0144czeniach, co pozwala dopasowa\u0107 go do stylistyki wn\u0119trza.<\/p>\n<\/li>\n<\/ol>\n<h3 data-start=\"1617\" data-end=\"1662\">Dlaczego warto wybra\u0107 s\u0142upek SDP60SS3\/71?<\/h3>\n<ul data-start=\"1664\" data-end=\"2401\">\n<li data-start=\"1664\" data-end=\"1869\"><strong data-start=\"1666\" data-end=\"1684\">Funkcjonalno\u015b\u0107<\/strong> \u2013 Dzi\u0119ki zastosowaniu 3 w\u0105skich szuflad, s\u0142upek pozwala na przechowywanie drobnych akcesori\u00f3w kuchennych, co jest bardzo wa\u017cne w kuchniach, gdzie liczy si\u0119 ka\u017cdy centymetr przestrzeni.<\/li>\n<li data-start=\"1870\" data-end=\"2041\"><strong data-start=\"1872\" data-end=\"1904\">Wygodny dost\u0119p do piekarnika<\/strong> \u2013 Zabudowa piekarnika w s\u0142upku zapewnia \u0142atwy dost\u0119p do urz\u0105dzenia, poprawiaj\u0105c komfort u\u017cytkowania i organizacj\u0119 przestrzeni kuchennej.<\/li>\n<li data-start=\"2042\" data-end=\"2245\"><strong data-start=\"2044\" data-end=\"2071\">Wysoka jako\u015b\u0107 wykonania<\/strong> \u2013 S\u0142upek SDP60SS3\/71 charakteryzuje si\u0119 solidn\u0105 konstrukcj\u0105 i estetycznym wyko\u0144czeniem, co sprawia, \u017ce jest trwa\u0142y, odporny na uszkodzenia i pasuje do r\u00f3\u017cnych styl\u00f3w wn\u0119trz.<\/li>\n<li data-start=\"2246\" data-end=\"2401\"><strong data-start=\"2248\" data-end=\"2287\">Optymalne wykorzystanie przestrzeni<\/strong> \u2013 To idealne rozwi\u0105zanie do mniejszych kuchni, kt\u00f3re wymagaj\u0105 efektywnego zagospodarowania dost\u0119pnej przestrzeni.<\/li>\n<\/ul>\n<p data-start=\"2403\" data-end=\"2620\" data-is-last-node=\"\" data-is-only-node=\"\"><strong data-start=\"2403\" data-end=\"2425\">S\u0142upek SDP60SS3\/71<\/strong> to funkcjonalne i estetyczne rozwi\u0105zanie do zabudowy piekarnika, kt\u00f3re umo\u017cliwia przechowywanie akcesori\u00f3w kuchennych w 3 w\u0105skich szufladach Slim, tworz\u0105c harmonijn\u0105 ca\u0142o\u015b\u0107 w nowoczesnej kuchni.<\/p>\n","protected":false},"excerpt":{"rendered":"<p><strong data-start=\"68\" data-end=\"90\">S\u0142upek SDP60SS3\/71<\/strong> to nowoczesne rozwi\u0105zanie do zabudowy piekarnika w kuchni. Zosta\u0142 zaprojektowany z my\u015bl\u0105 o u\u017cytkownikach, kt\u00f3rzy szukaj\u0105 funkcjonalnego i estetycznego mebla, kt\u00f3ry pomie\u015bci piekarnik w zabudowie, a jednocze\u015bnie oferuje dodatkow\u0105 przestrze\u0144 do przechowywania. Dzi\u0119ki zastosowaniu <strong data-start=\"370\" data-end=\"388\">3 szuflad Slim<\/strong>, jest to mebel idealny do kuchni, w kt\u00f3rych przestrze\u0144 jest ograniczona, ale nie mo\u017cna rezygnowa\u0107 z komfortu u\u017cytkowania.<\/p>\n","protected":false},"featured_media":59919,"template":"","meta":[],"product_brand":[710],"product_cat":[775,777,454,471,483,522],"product_tag":[],"class_list":{"0":"post-46583","1":"product","2":"type-product","3":"status-publish","4":"has-post-thumbnail","6":"product_brand-meble-kam","7":"product_cat-wszystko","8":"product_cat-zabudowa-agd-sklep","9":"product_cat-meble-kam-mono","10":"product_cat-szafki-agd","11":"product_cat-slupki-agd","12":"product_cat-slupki-pasujace-do-szafek-wiszacych-71-slupki-agd","13":"product_shipping_class-slupki-kam","14":"pa_front-f10","15":"pa_front-f11","16":"pa_front-f4","17":"pa_front-f6","18":"pa_front-f7","19":"pa_front-f8","20":"pa_front-fg2","21":"pa_front-k2","22":"pa_front-kc2","23":"pa_front-kc4","24":"pa_front-l4-mat","25":"pa_front-l4-polysk","26":"pa_front-m4","27":"pa_front-os_2","28":"pa_front-os_2black","29":"pa_front-p00","30":"pa_front-p2","31":"pa_front-p4","33":"first","34":"instock","35":"shipping-taxable","36":"purchasable","37":"product-type-variable"},"yoast_head":"<!-- This site is optimized with the Yoast SEO Premium plugin v25.0 (Yoast SEO v25.0) - https:\/\/yoast.com\/wordpress\/plugins\/seo\/ -->\n<title>S\u0142upek SDP60SS3\/71 \u2013 Piekarnik w zabudowie<\/title>\n<meta name=\"description\" content=\"S\u0142upek SDP60SS3\/71 \u2013 Piekarnik w zabudowie z 3 szufladami Slim pomie\u015bci piekarnik w zabudowie, a jednocze\u015bnie oferuje dodatkow\u0105 przestrze\u0144 do przechowywania\" \/>\n<meta name=\"robots\" content=\"index, follow, max-snippet:-1, max-image-preview:large, max-video-preview:-1\" \/>\n<link rel=\"canonical\" href=\"https:\/\/meblekuchenne.pl\/sklep\/product\/slupek-sdp60ss3-71-piekarnik-w-zabudowie-3-szuflady-slim-kammono\/\" \/>\n<meta property=\"og:locale\" content=\"pl_PL\" \/>\n<meta property=\"og:type\" content=\"article\" \/>\n<meta property=\"og:title\" content=\"S\u0142upek SDP60SS3\/71 - piekarnik w zabudowie - 3 szuflady slim - KamMono\" \/>\n<meta property=\"og:description\" content=\"S\u0142upek SDP60SS3\/71 \u2013 Piekarnik w zabudowie z 3 szufladami Slim pomie\u015bci piekarnik w zabudowie, a jednocze\u015bnie oferuje dodatkow\u0105 przestrze\u0144 do przechowywania\" \/>\n<meta property=\"og:url\" content=\"https:\/\/meblekuchenne.pl\/sklep\/product\/slupek-sdp60ss3-71-piekarnik-w-zabudowie-3-szuflady-slim-kammono\/\" \/>\n<meta property=\"og:site_name\" content=\"MebleKuchenne.PL - SKLEP\" \/>\n<meta property=\"article:modified_time\" content=\"2026-03-31T11:09:07+00:00\" \/>\n<meta property=\"og:image\" content=\"https:\/\/meblekuchenne.pl\/sklep\/wp-content\/uploads\/2025\/02\/SDP60SS3-71-2.webp\" \/>\n\t<meta property=\"og:image:width\" content=\"1600\" \/>\n\t<meta property=\"og:image:height\" content=\"1080\" \/>\n\t<meta property=\"og:image:type\" content=\"image\/webp\" \/>\n<meta name=\"twitter:card\" content=\"summary_large_image\" \/>\n<meta name=\"twitter:label1\" content=\"Dost\u0119pno\u015b\u0107\" \/>\n\t<meta name=\"twitter:data1\" content=\"Dost\u0119pny\" \/>\n<script type=\"application\/ld+json\" class=\"yoast-schema-graph\">{\"@context\":\"https:\/\/schema.org\",\"@graph\":[{\"@type\":\"WebPage\",\"@id\":\"https:\/\/meblekuchenne.pl\/sklep\/product\/slupek-sdp60ss3-71-piekarnik-w-zabudowie-3-szuflady-slim-kammono\/\",\"url\":\"https:\/\/meblekuchenne.pl\/sklep\/product\/slupek-sdp60ss3-71-piekarnik-w-zabudowie-3-szuflady-slim-kammono\/\",\"name\":\"S\u0142upek SDP60SS3\/71 \u2013 Piekarnik w zabudowie\",\"isPartOf\":{\"@id\":\"https:\/\/meblekuchenne.pl\/sklep\/#website\"},\"primaryImageOfPage\":{\"@id\":\"https:\/\/meblekuchenne.pl\/sklep\/product\/slupek-sdp60ss3-71-piekarnik-w-zabudowie-3-szuflady-slim-kammono\/#primaryimage\"},\"image\":{\"@id\":\"https:\/\/meblekuchenne.pl\/sklep\/product\/slupek-sdp60ss3-71-piekarnik-w-zabudowie-3-szuflady-slim-kammono\/#primaryimage\"},\"thumbnailUrl\":\"https:\/\/meblekuchenne.pl\/sklep\/wp-content\/uploads\/2025\/02\/SDP60SS3-71-2.webp\",\"datePublished\":\"2025-02-21T18:10:30+00:00\",\"dateModified\":\"2026-03-31T11:09:07+00:00\",\"description\":\"S\u0142upek SDP60SS3\/71 \u2013 Piekarnik w zabudowie z 3 szufladami Slim pomie\u015bci piekarnik w zabudowie, a jednocze\u015bnie oferuje dodatkow\u0105 przestrze\u0144 do przechowywania\",\"breadcrumb\":{\"@id\":\"https:\/\/meblekuchenne.pl\/sklep\/product\/slupek-sdp60ss3-71-piekarnik-w-zabudowie-3-szuflady-slim-kammono\/#breadcrumb\"},\"inLanguage\":\"pl-PL\",\"potentialAction\":[{\"@type\":\"ReadAction\",\"target\":[\"https:\/\/meblekuchenne.pl\/sklep\/product\/slupek-sdp60ss3-71-piekarnik-w-zabudowie-3-szuflady-slim-kammono\/\"]}]},{\"@type\":\"ImageObject\",\"inLanguage\":\"pl-PL\",\"@id\":\"https:\/\/meblekuchenne.pl\/sklep\/product\/slupek-sdp60ss3-71-piekarnik-w-zabudowie-3-szuflady-slim-kammono\/#primaryimage\",\"url\":\"https:\/\/meblekuchenne.pl\/sklep\/wp-content\/uploads\/2025\/02\/SDP60SS3-71-2.webp\",\"contentUrl\":\"https:\/\/meblekuchenne.pl\/sklep\/wp-content\/uploads\/2025\/02\/SDP60SS3-71-2.webp\",\"width\":1600,\"height\":1080},{\"@type\":\"BreadcrumbList\",\"@id\":\"https:\/\/meblekuchenne.pl\/sklep\/product\/slupek-sdp60ss3-71-piekarnik-w-zabudowie-3-szuflady-slim-kammono\/#breadcrumb\",\"itemListElement\":[{\"@type\":\"ListItem\",\"position\":1,\"name\":\"Strona g\u0142\u00f3wna\",\"item\":\"https:\/\/meblekuchenne.pl\/sklep\/\"},{\"@type\":\"ListItem\",\"position\":2,\"name\":\"Sklep\",\"item\":\"https:\/\/meblekuchenne.pl\/sklep\/sklep\/\"},{\"@type\":\"ListItem\",\"position\":3,\"name\":\"S\u0142upek SDP60SS3\/71 &#8211; piekarnik w zabudowie &#8211; 3 szuflady slim &#8211; KamMono\"}]},{\"@type\":\"WebSite\",\"@id\":\"https:\/\/meblekuchenne.pl\/sklep\/#website\",\"url\":\"https:\/\/meblekuchenne.pl\/sklep\/\",\"name\":\"MebleKuchenne.PL - SKLEP\",\"description\":\"\",\"publisher\":{\"@id\":\"https:\/\/meblekuchenne.pl\/sklep\/#organization\"},\"potentialAction\":[{\"@type\":\"SearchAction\",\"target\":{\"@type\":\"EntryPoint\",\"urlTemplate\":\"https:\/\/meblekuchenne.pl\/sklep\/?s={search_term_string}\"},\"query-input\":{\"@type\":\"PropertyValueSpecification\",\"valueRequired\":true,\"valueName\":\"search_term_string\"}}],\"inLanguage\":\"pl-PL\"},{\"@type\":\"Organization\",\"@id\":\"https:\/\/meblekuchenne.pl\/sklep\/#organization\",\"name\":\"MebleKuchenne.PL - SKLEP\",\"url\":\"https:\/\/meblekuchenne.pl\/sklep\/\",\"logo\":{\"@type\":\"ImageObject\",\"inLanguage\":\"pl-PL\",\"@id\":\"https:\/\/meblekuchenne.pl\/sklep\/#\/schema\/logo\/image\/\",\"url\":\"https:\/\/meblekuchenne.pl\/sklep\/wp-content\/uploads\/2025\/06\/cropped-cropped-logo.webp\",\"contentUrl\":\"https:\/\/meblekuchenne.pl\/sklep\/wp-content\/uploads\/2025\/06\/cropped-cropped-logo.webp\",\"width\":735,\"height\":715,\"caption\":\"MebleKuchenne.PL - SKLEP\"},\"image\":{\"@id\":\"https:\/\/meblekuchenne.pl\/sklep\/#\/schema\/logo\/image\/\"}}]}<\/script>\n<meta property=\"og:availability\" content=\"instock\" \/>\n<meta property=\"product:availability\" content=\"instock\" \/>\n<meta property=\"product:retailer_item_id\" content=\"SDP60SS3\/71\" \/>\n<meta property=\"product:condition\" content=\"new\" \/>\n<!-- \/ Yoast SEO Premium plugin. -->","yoast_head_json":{"title":"S\u0142upek SDP60SS3\/71 \u2013 Piekarnik w zabudowie","description":"S\u0142upek SDP60SS3\/71 \u2013 Piekarnik w zabudowie z 3 szufladami Slim pomie\u015bci piekarnik w zabudowie, a jednocze\u015bnie oferuje dodatkow\u0105 przestrze\u0144 do przechowywania","robots":{"index":"index","follow":"follow","max-snippet":"max-snippet:-1","max-image-preview":"max-image-preview:large","max-video-preview":"max-video-preview:-1"},"canonical":"https:\/\/meblekuchenne.pl\/sklep\/product\/slupek-sdp60ss3-71-piekarnik-w-zabudowie-3-szuflady-slim-kammono\/","og_locale":"pl_PL","og_type":"article","og_title":"S\u0142upek SDP60SS3\/71 - piekarnik w zabudowie - 3 szuflady slim - KamMono","og_description":"S\u0142upek SDP60SS3\/71 \u2013 Piekarnik w zabudowie z 3 szufladami Slim pomie\u015bci piekarnik w zabudowie, a jednocze\u015bnie oferuje dodatkow\u0105 przestrze\u0144 do przechowywania","og_url":"https:\/\/meblekuchenne.pl\/sklep\/product\/slupek-sdp60ss3-71-piekarnik-w-zabudowie-3-szuflady-slim-kammono\/","og_site_name":"MebleKuchenne.PL - SKLEP","article_modified_time":"2026-03-31T11:09:07+00:00","og_image":[{"width":1600,"height":1080,"url":"https:\/\/meblekuchenne.pl\/sklep\/wp-content\/uploads\/2025\/02\/SDP60SS3-71-2.webp","type":"image\/webp"}],"twitter_card":"summary_large_image","twitter_misc":{"Dost\u0119pno\u015b\u0107":"Dost\u0119pny"},"schema":{"@context":"https:\/\/schema.org","@graph":[{"@type":"WebPage","@id":"https:\/\/meblekuchenne.pl\/sklep\/product\/slupek-sdp60ss3-71-piekarnik-w-zabudowie-3-szuflady-slim-kammono\/","url":"https:\/\/meblekuchenne.pl\/sklep\/product\/slupek-sdp60ss3-71-piekarnik-w-zabudowie-3-szuflady-slim-kammono\/","name":"S\u0142upek SDP60SS3\/71 \u2013 Piekarnik w zabudowie","isPartOf":{"@id":"https:\/\/meblekuchenne.pl\/sklep\/#website"},"primaryImageOfPage":{"@id":"https:\/\/meblekuchenne.pl\/sklep\/product\/slupek-sdp60ss3-71-piekarnik-w-zabudowie-3-szuflady-slim-kammono\/#primaryimage"},"image":{"@id":"https:\/\/meblekuchenne.pl\/sklep\/product\/slupek-sdp60ss3-71-piekarnik-w-zabudowie-3-szuflady-slim-kammono\/#primaryimage"},"thumbnailUrl":"https:\/\/meblekuchenne.pl\/sklep\/wp-content\/uploads\/2025\/02\/SDP60SS3-71-2.webp","datePublished":"2025-02-21T18:10:30+00:00","dateModified":"2026-03-31T11:09:07+00:00","description":"S\u0142upek SDP60SS3\/71 \u2013 Piekarnik w zabudowie z 3 szufladami Slim pomie\u015bci piekarnik w zabudowie, a jednocze\u015bnie oferuje dodatkow\u0105 przestrze\u0144 do przechowywania","breadcrumb":{"@id":"https:\/\/meblekuchenne.pl\/sklep\/product\/slupek-sdp60ss3-71-piekarnik-w-zabudowie-3-szuflady-slim-kammono\/#breadcrumb"},"inLanguage":"pl-PL","potentialAction":[{"@type":"ReadAction","target":["https:\/\/meblekuchenne.pl\/sklep\/product\/slupek-sdp60ss3-71-piekarnik-w-zabudowie-3-szuflady-slim-kammono\/"]}]},{"@type":"ImageObject","inLanguage":"pl-PL","@id":"https:\/\/meblekuchenne.pl\/sklep\/product\/slupek-sdp60ss3-71-piekarnik-w-zabudowie-3-szuflady-slim-kammono\/#primaryimage","url":"https:\/\/meblekuchenne.pl\/sklep\/wp-content\/uploads\/2025\/02\/SDP60SS3-71-2.webp","contentUrl":"https:\/\/meblekuchenne.pl\/sklep\/wp-content\/uploads\/2025\/02\/SDP60SS3-71-2.webp","width":1600,"height":1080},{"@type":"BreadcrumbList","@id":"https:\/\/meblekuchenne.pl\/sklep\/product\/slupek-sdp60ss3-71-piekarnik-w-zabudowie-3-szuflady-slim-kammono\/#breadcrumb","itemListElement":[{"@type":"ListItem","position":1,"name":"Strona g\u0142\u00f3wna","item":"https:\/\/meblekuchenne.pl\/sklep\/"},{"@type":"ListItem","position":2,"name":"Sklep","item":"https:\/\/meblekuchenne.pl\/sklep\/sklep\/"},{"@type":"ListItem","position":3,"name":"S\u0142upek SDP60SS3\/71 &#8211; piekarnik w zabudowie &#8211; 3 szuflady slim &#8211; KamMono"}]},{"@type":"WebSite","@id":"https:\/\/meblekuchenne.pl\/sklep\/#website","url":"https:\/\/meblekuchenne.pl\/sklep\/","name":"MebleKuchenne.PL - SKLEP","description":"","publisher":{"@id":"https:\/\/meblekuchenne.pl\/sklep\/#organization"},"potentialAction":[{"@type":"SearchAction","target":{"@type":"EntryPoint","urlTemplate":"https:\/\/meblekuchenne.pl\/sklep\/?s={search_term_string}"},"query-input":{"@type":"PropertyValueSpecification","valueRequired":true,"valueName":"search_term_string"}}],"inLanguage":"pl-PL"},{"@type":"Organization","@id":"https:\/\/meblekuchenne.pl\/sklep\/#organization","name":"MebleKuchenne.PL - SKLEP","url":"https:\/\/meblekuchenne.pl\/sklep\/","logo":{"@type":"ImageObject","inLanguage":"pl-PL","@id":"https:\/\/meblekuchenne.pl\/sklep\/#\/schema\/logo\/image\/","url":"https:\/\/meblekuchenne.pl\/sklep\/wp-content\/uploads\/2025\/06\/cropped-cropped-logo.webp","contentUrl":"https:\/\/meblekuchenne.pl\/sklep\/wp-content\/uploads\/2025\/06\/cropped-cropped-logo.webp","width":735,"height":715,"caption":"MebleKuchenne.PL - SKLEP"},"image":{"@id":"https:\/\/meblekuchenne.pl\/sklep\/#\/schema\/logo\/image\/"}}]},"og_availability":"instock","product_availability":"instock","product_retailer_item_id":"SDP60SS3\/71","product_condition":"new"},"_links":{"self":[{"href":"https:\/\/meblekuchenne.pl\/sklep\/wp-json\/wp\/v2\/product\/46583","targetHints":{"allow":["GET"]}}],"collection":[{"href":"https:\/\/meblekuchenne.pl\/sklep\/wp-json\/wp\/v2\/product"}],"about":[{"href":"https:\/\/meblekuchenne.pl\/sklep\/wp-json\/wp\/v2\/types\/product"}],"wp:featuredmedia":[{"embeddable":true,"href":"https:\/\/meblekuchenne.pl\/sklep\/wp-json\/wp\/v2\/media\/59919"}],"wp:attachment":[{"href":"https:\/\/meblekuchenne.pl\/sklep\/wp-json\/wp\/v2\/media?parent=46583"}],"wp:term":[{"taxonomy":"product_brand","embeddable":true,"href":"https:\/\/meblekuchenne.pl\/sklep\/wp-json\/wp\/v2\/product_brand?post=46583"},{"taxonomy":"product_cat","embeddable":true,"href":"https:\/\/meblekuchenne.pl\/sklep\/wp-json\/wp\/v2\/product_cat?post=46583"},{"taxonomy":"product_tag","embeddable":true,"href":"https:\/\/meblekuchenne.pl\/sklep\/wp-json\/wp\/v2\/product_tag?post=46583"}],"curies":[{"name":"wp","href":"https:\/\/api.w.org\/{rel}","templated":true}]}}