{"id":45443,"date":"2025-02-21T18:57:25","date_gmt":"2025-02-21T17:57:25","guid":{"rendered":"https:\/\/meblekuchenne.pl\/sklep\/?post_type=product&#038;p=45443"},"modified":"2026-04-01T13:37:11","modified_gmt":"2026-04-01T11:37:11","slug":"slupek-sd-ss2-szer-40-60-cm-spizarnia-2-szuflady-slim-kammono","status":"publish","type":"product","link":"https:\/\/meblekuchenne.pl\/sklep\/product\/slupek-sd-ss2-szer-40-60-cm-spizarnia-2-szuflady-slim-kammono\/","title":{"rendered":"S\u0142upek SD&#8230;SS2- szer. 40-60 cm &#8211; spi\u017carnia &#8211; 2 szuflady Slim &#8211; KamMono"},"content":{"rendered":"<h2 data-start=\"0\" data-end=\"74\"><strong data-start=\"4\" data-end=\"72\">S\u0142upek SD&#8230;SS2\/61 \u2013 spi\u017carnia z 2 szufladami Slim (szer. 40-60 cm)<\/strong><\/h2>\n<p>S\u0142upek spi\u017carnia &#8211; szer. 40, 50, 60 cm, wys. 189 cm, g\u0142. 58 cm<\/p>\n<h3 data-start=\"76\" data-end=\"127\"><strong data-start=\"81\" data-end=\"125\">Praktyczne rozwi\u0105zanie do przechowywania<\/strong><\/h3>\n<p data-start=\"128\" data-end=\"521\">S\u0142upek SD&#8230;SS2\/61 &#8211; spi\u017carnia to idealny wyb\u00f3r dla os\u00f3b, kt\u00f3re szukaj\u0105 <strong data-start=\"185\" data-end=\"211\">funkcjonalnej spi\u017carni<\/strong> w kuchni, a jednocze\u015bnie zale\u017cy im na <strong data-start=\"250\" data-end=\"274\">oszcz\u0119dno\u015bci miejsca<\/strong>. Dzi\u0119ki <strong data-start=\"283\" data-end=\"303\">2 szufladom Slim<\/strong>, zaprojektowanym z my\u015bl\u0105 o przechowywaniu produkt\u00f3w spo\u017cywczych, przypraw czy innych akcesori\u00f3w kuchennych, ten s\u0142upek zapewnia <strong data-start=\"432\" data-end=\"448\">\u0142atwy dost\u0119p<\/strong> i <strong data-start=\"451\" data-end=\"488\">doskona\u0142\u0105 organizacj\u0119 przestrzeni<\/strong>, nawet w w\u0105skich przestrzeniach.<\/p>\n<h3 data-start=\"528\" data-end=\"573\"><strong data-start=\"532\" data-end=\"571\">Najwa\u017cniejsze cechy s\u0142upka SD&#8230;SS2\/61<\/strong><\/h3>\n<ul data-start=\"575\" data-end=\"1232\">\n<li data-start=\"575\" data-end=\"737\"><strong data-start=\"577\" data-end=\"596\">2 szuflady Slim<\/strong> \u2013 przestronne szuflady o w\u0105skim profilu, zapewniaj\u0105ce <strong data-start=\"651\" data-end=\"669\">wygodny dost\u0119p<\/strong> do przechowywanych przedmiot\u00f3w bez zajmowania zbyt wiele miejsca.<\/li>\n<li data-start=\"738\" data-end=\"890\"><strong data-start=\"740\" data-end=\"762\">Szeroko\u015b\u0107 40-60 cm<\/strong> \u2013 mo\u017cliwo\u015b\u0107 wyboru szeroko\u015bci w zale\u017cno\u015bci od dost\u0119pnej przestrzeni, co pozwala na <strong data-start=\"846\" data-end=\"887\">dopasowanie do r\u00f3\u017cnych uk\u0142ad\u00f3w kuchni<\/strong>.<\/li>\n<li data-start=\"891\" data-end=\"1040\"><strong data-start=\"893\" data-end=\"920\">Wysoka jako\u015b\u0107 wykonania<\/strong> \u2013 solidna konstrukcja gwarantuje <strong data-start=\"954\" data-end=\"966\">trwa\u0142o\u015b\u0107<\/strong> i odporno\u015b\u0107 na codzienne u\u017cytkowanie, co zapewnia d\u0142ugowieczno\u015b\u0107 mebla.<\/li>\n<li data-start=\"1041\" data-end=\"1232\"><strong data-start=\"1043\" data-end=\"1127\">Idealne do przechowywania drobnych artyku\u0142\u00f3w spo\u017cywczych i akcesori\u00f3w kuchennych<\/strong> \u2013 doskonale sprawdza si\u0119 w przechowywaniu produkt\u00f3w w opakowaniach, przypraw czy mniejszych przedmiot\u00f3w.<\/li>\n<\/ul>\n<h3 data-start=\"1239\" data-end=\"1280\"><strong data-start=\"1243\" data-end=\"1278\">Ergonomia i komfort u\u017cytkowania<\/strong><\/h3>\n<ul data-start=\"1282\" data-end=\"1645\">\n<li data-start=\"1282\" data-end=\"1487\"><strong data-start=\"1284\" data-end=\"1312\">P\u0142ynne wysuwanie szuflad<\/strong> \u2013 szuflady Slim zapewniaj\u0105 <strong data-start=\"1340\" data-end=\"1356\">\u0142atwy dost\u0119p<\/strong> do zawarto\u015bci, a system <strong data-start=\"1381\" data-end=\"1395\">soft close<\/strong> gwarantuje <strong data-start=\"1407\" data-end=\"1439\">ciche i bezpieczne zamykanie<\/strong>, co zwi\u0119ksza komfort codziennego u\u017cytkowania.<\/li>\n<li data-start=\"1488\" data-end=\"1645\"><strong data-start=\"1490\" data-end=\"1532\">Optymalne zagospodarowanie przestrzeni<\/strong> \u2013 szuflady o w\u0105skim profilu pozwalaj\u0105 na przechowywanie drobnych przedmiot\u00f3w w spos\u00f3b uporz\u0105dkowany i efektywny.<\/li>\n<\/ul>\n<h3 data-start=\"1652\" data-end=\"1687\"><strong data-start=\"1656\" data-end=\"1685\">Estetyka i funkcjonalno\u015b\u0107<\/strong><\/h3>\n<ul data-start=\"1689\" data-end=\"2004\">\n<li data-start=\"1689\" data-end=\"1850\"><strong data-start=\"1691\" data-end=\"1712\">Nowoczesny wygl\u0105d<\/strong> s\u0142upka sprawia, \u017ce b\u0119dzie doskonale komponowa\u0142 si\u0119 w ka\u017cdej kuchni, w tym w stylach minimalistycznych, skandynawskich oraz klasycznych.<\/li>\n<li data-start=\"1851\" data-end=\"2004\"><strong data-start=\"1853\" data-end=\"1869\">Praktyczno\u015b\u0107<\/strong> po\u0142\u0105czona z estetyk\u0105 sprawia, \u017ce s\u0142upek SD&#8230;SS2\/61 jest zar\u00f3wno funkcjonalnym, jak i eleganckim rozwi\u0105zaniem do przechowywania w kuchni.<\/li>\n<\/ul>\n<h3 data-start=\"2011\" data-end=\"2055\"><strong data-start=\"2015\" data-end=\"2053\">Idealne dopasowanie do przestrzeni<\/strong><\/h3>\n<ul data-start=\"2057\" data-end=\"2373\">\n<li data-start=\"2057\" data-end=\"2251\"><strong data-start=\"2059\" data-end=\"2082\">Szeroko\u015bci 40-60 cm<\/strong> daj\u0105 mo\u017cliwo\u015b\u0107 dopasowania s\u0142upka do ka\u017cdej kuchni, nawet w przypadku mniejszych pomieszcze\u0144, gdzie liczy si\u0119 <strong data-start=\"2193\" data-end=\"2248\">maksymalna funkcjonalno\u015b\u0107 przy oszcz\u0119dno\u015bci miejsca<\/strong>.<\/li>\n<li data-start=\"2252\" data-end=\"2373\">Dzi\u0119ki w\u0105skim szufladom Slim, mo\u017cna efektywnie przechowywa\u0107 produkty, zachowuj\u0105c przy tym estetyczny porz\u0105dek w kuchni.<\/li>\n<\/ul>\n","protected":false},"excerpt":{"rendered":"<p>S\u0142upek SD&#8230;SS2\/61 &#8211; spi\u017carnia to idealny wyb\u00f3r dla os\u00f3b, kt\u00f3re szukaj\u0105 <strong data-start=\"185\" data-end=\"211\">funkcjonalnej spi\u017carni<\/strong> w kuchni, a jednocze\u015bnie zale\u017cy im na <strong data-start=\"250\" data-end=\"274\">oszcz\u0119dno\u015bci miejsca<\/strong>. Dzi\u0119ki <strong data-start=\"283\" data-end=\"303\">2 szufladom Slim<\/strong>, zaprojektowanym z my\u015bl\u0105 o przechowywaniu produkt\u00f3w spo\u017cywczych, przypraw czy innych akcesori\u00f3w kuchennych, ten s\u0142upek zapewnia <strong data-start=\"432\" data-end=\"448\">\u0142atwy dost\u0119p<\/strong> i <strong data-start=\"451\" data-end=\"488\">doskona\u0142\u0105 organizacj\u0119 przestrzeni<\/strong>, nawet w w\u0105skich przestrzeniach.<\/p>\n","protected":false},"featured_media":59968,"template":"","meta":[],"product_brand":[710],"product_cat":[779,783,775,781,454,472,489],"product_tag":[],"class_list":{"0":"post-45443","1":"product","2":"type-product","3":"status-publish","4":"has-post-thumbnail","6":"product_brand-meble-kam","7":"product_cat-slupki-kuchenne-sklep","8":"product_cat-spizarnie-sklep","9":"product_cat-wszystko","10":"product_cat-z-szufladami-sklep","11":"product_cat-meble-kam-mono","12":"product_cat-slupki-spizarnie","13":"product_cat-slupki-pasujace-do-szafek-wiszacych-61","14":"product_shipping_class-slupki-kam","15":"pa_front-f10","16":"pa_front-f11","17":"pa_front-f4","18":"pa_front-f6","19":"pa_front-f7","20":"pa_front-f8","21":"pa_front-fg2","22":"pa_front-k2","23":"pa_front-kc2","24":"pa_front-kc4","25":"pa_front-l4-mat","26":"pa_front-l4-polysk","27":"pa_front-m4","28":"pa_front-os_2","29":"pa_front-os_2black","30":"pa_front-p00","31":"pa_front-p2","32":"pa_front-p4","33":"pa_rozmiar-40-cm","34":"pa_rozmiar-50-cm","35":"pa_rozmiar-60-cm","37":"first","38":"instock","39":"shipping-taxable","40":"purchasable","41":"product-type-variable"},"yoast_head":"<!-- This site is optimized with the Yoast SEO Premium plugin v25.0 (Yoast SEO v25.0) - https:\/\/yoast.com\/wordpress\/plugins\/seo\/ -->\n<title>S\u0142upek SD...SS2 \u2013 spi\u017carnia<\/title>\n<meta name=\"description\" content=\"S\u0142upek SD...SS2 \u2013 spi\u017carnia to idealny wyb\u00f3r dla os\u00f3b, kt\u00f3re szukaj\u0105 funkcjonalnej spi\u017carni w kuchni, a jednocze\u015bnie zale\u017cy im na oszcz\u0119dno\u015bci miejsca.\" \/>\n<meta name=\"robots\" content=\"index, follow, max-snippet:-1, max-image-preview:large, max-video-preview:-1\" \/>\n<link rel=\"canonical\" href=\"https:\/\/meblekuchenne.pl\/sklep\/product\/slupek-sd-ss2-szer-40-60-cm-spizarnia-2-szuflady-slim-kammono\/\" \/>\n<meta property=\"og:locale\" content=\"pl_PL\" \/>\n<meta property=\"og:type\" content=\"article\" \/>\n<meta property=\"og:title\" content=\"S\u0142upek SD...SS2- szer. 40-60 cm - spi\u017carnia - 2 szuflady Slim - KamMono\" \/>\n<meta property=\"og:description\" content=\"S\u0142upek SD...SS2 \u2013 spi\u017carnia to idealny wyb\u00f3r dla os\u00f3b, kt\u00f3re szukaj\u0105 funkcjonalnej spi\u017carni w kuchni, a jednocze\u015bnie zale\u017cy im na oszcz\u0119dno\u015bci miejsca.\" \/>\n<meta property=\"og:url\" content=\"https:\/\/meblekuchenne.pl\/sklep\/product\/slupek-sd-ss2-szer-40-60-cm-spizarnia-2-szuflady-slim-kammono\/\" \/>\n<meta property=\"og:site_name\" content=\"MebleKuchenne.PL - SKLEP\" \/>\n<meta property=\"article:modified_time\" content=\"2026-04-01T11:37:11+00:00\" \/>\n<meta property=\"og:image\" content=\"https:\/\/meblekuchenne.pl\/sklep\/wp-content\/uploads\/2025\/02\/sd50ss2-71-3.webp\" \/>\n\t<meta property=\"og:image:width\" content=\"1600\" \/>\n\t<meta property=\"og:image:height\" content=\"1080\" \/>\n\t<meta property=\"og:image:type\" content=\"image\/webp\" \/>\n<meta name=\"twitter:card\" content=\"summary_large_image\" \/>\n<meta name=\"twitter:label1\" content=\"Dost\u0119pno\u015b\u0107\" \/>\n\t<meta name=\"twitter:data1\" content=\"Dost\u0119pny\" \/>\n<script type=\"application\/ld+json\" class=\"yoast-schema-graph\">{\"@context\":\"https:\/\/schema.org\",\"@graph\":[{\"@type\":\"WebPage\",\"@id\":\"https:\/\/meblekuchenne.pl\/sklep\/product\/slupek-sd-ss2-szer-40-60-cm-spizarnia-2-szuflady-slim-kammono\/\",\"url\":\"https:\/\/meblekuchenne.pl\/sklep\/product\/slupek-sd-ss2-szer-40-60-cm-spizarnia-2-szuflady-slim-kammono\/\",\"name\":\"S\u0142upek SD...SS2 \u2013 spi\u017carnia\",\"isPartOf\":{\"@id\":\"https:\/\/meblekuchenne.pl\/sklep\/#website\"},\"primaryImageOfPage\":{\"@id\":\"https:\/\/meblekuchenne.pl\/sklep\/product\/slupek-sd-ss2-szer-40-60-cm-spizarnia-2-szuflady-slim-kammono\/#primaryimage\"},\"image\":{\"@id\":\"https:\/\/meblekuchenne.pl\/sklep\/product\/slupek-sd-ss2-szer-40-60-cm-spizarnia-2-szuflady-slim-kammono\/#primaryimage\"},\"thumbnailUrl\":\"https:\/\/meblekuchenne.pl\/sklep\/wp-content\/uploads\/2025\/02\/sd50ss2-71-3.webp\",\"datePublished\":\"2025-02-21T17:57:25+00:00\",\"dateModified\":\"2026-04-01T11:37:11+00:00\",\"description\":\"S\u0142upek SD...SS2 \u2013 spi\u017carnia to idealny wyb\u00f3r dla os\u00f3b, kt\u00f3re szukaj\u0105 funkcjonalnej spi\u017carni w kuchni, a jednocze\u015bnie zale\u017cy im na oszcz\u0119dno\u015bci miejsca.\",\"breadcrumb\":{\"@id\":\"https:\/\/meblekuchenne.pl\/sklep\/product\/slupek-sd-ss2-szer-40-60-cm-spizarnia-2-szuflady-slim-kammono\/#breadcrumb\"},\"inLanguage\":\"pl-PL\",\"potentialAction\":[{\"@type\":\"ReadAction\",\"target\":[\"https:\/\/meblekuchenne.pl\/sklep\/product\/slupek-sd-ss2-szer-40-60-cm-spizarnia-2-szuflady-slim-kammono\/\"]}]},{\"@type\":\"ImageObject\",\"inLanguage\":\"pl-PL\",\"@id\":\"https:\/\/meblekuchenne.pl\/sklep\/product\/slupek-sd-ss2-szer-40-60-cm-spizarnia-2-szuflady-slim-kammono\/#primaryimage\",\"url\":\"https:\/\/meblekuchenne.pl\/sklep\/wp-content\/uploads\/2025\/02\/sd50ss2-71-3.webp\",\"contentUrl\":\"https:\/\/meblekuchenne.pl\/sklep\/wp-content\/uploads\/2025\/02\/sd50ss2-71-3.webp\",\"width\":1600,\"height\":1080},{\"@type\":\"BreadcrumbList\",\"@id\":\"https:\/\/meblekuchenne.pl\/sklep\/product\/slupek-sd-ss2-szer-40-60-cm-spizarnia-2-szuflady-slim-kammono\/#breadcrumb\",\"itemListElement\":[{\"@type\":\"ListItem\",\"position\":1,\"name\":\"Strona g\u0142\u00f3wna\",\"item\":\"https:\/\/meblekuchenne.pl\/sklep\/\"},{\"@type\":\"ListItem\",\"position\":2,\"name\":\"Sklep\",\"item\":\"https:\/\/meblekuchenne.pl\/sklep\/sklep\/\"},{\"@type\":\"ListItem\",\"position\":3,\"name\":\"S\u0142upek SD&#8230;SS2- szer. 40-60 cm &#8211; spi\u017carnia &#8211; 2 szuflady Slim &#8211; KamMono\"}]},{\"@type\":\"WebSite\",\"@id\":\"https:\/\/meblekuchenne.pl\/sklep\/#website\",\"url\":\"https:\/\/meblekuchenne.pl\/sklep\/\",\"name\":\"MebleKuchenne.PL - SKLEP\",\"description\":\"\",\"publisher\":{\"@id\":\"https:\/\/meblekuchenne.pl\/sklep\/#organization\"},\"potentialAction\":[{\"@type\":\"SearchAction\",\"target\":{\"@type\":\"EntryPoint\",\"urlTemplate\":\"https:\/\/meblekuchenne.pl\/sklep\/?s={search_term_string}\"},\"query-input\":{\"@type\":\"PropertyValueSpecification\",\"valueRequired\":true,\"valueName\":\"search_term_string\"}}],\"inLanguage\":\"pl-PL\"},{\"@type\":\"Organization\",\"@id\":\"https:\/\/meblekuchenne.pl\/sklep\/#organization\",\"name\":\"MebleKuchenne.PL - SKLEP\",\"url\":\"https:\/\/meblekuchenne.pl\/sklep\/\",\"logo\":{\"@type\":\"ImageObject\",\"inLanguage\":\"pl-PL\",\"@id\":\"https:\/\/meblekuchenne.pl\/sklep\/#\/schema\/logo\/image\/\",\"url\":\"https:\/\/meblekuchenne.pl\/sklep\/wp-content\/uploads\/2025\/06\/cropped-cropped-logo.webp\",\"contentUrl\":\"https:\/\/meblekuchenne.pl\/sklep\/wp-content\/uploads\/2025\/06\/cropped-cropped-logo.webp\",\"width\":735,\"height\":715,\"caption\":\"MebleKuchenne.PL - SKLEP\"},\"image\":{\"@id\":\"https:\/\/meblekuchenne.pl\/sklep\/#\/schema\/logo\/image\/\"}}]}<\/script>\n<meta property=\"og:availability\" content=\"instock\" \/>\n<meta property=\"product:availability\" content=\"instock\" \/>\n<meta property=\"product:retailer_item_id\" content=\"SDSS2\" \/>\n<meta property=\"product:condition\" content=\"new\" \/>\n<!-- \/ Yoast SEO Premium plugin. -->","yoast_head_json":{"title":"S\u0142upek SD...SS2 \u2013 spi\u017carnia","description":"S\u0142upek SD...SS2 \u2013 spi\u017carnia to idealny wyb\u00f3r dla os\u00f3b, kt\u00f3re szukaj\u0105 funkcjonalnej spi\u017carni w kuchni, a jednocze\u015bnie zale\u017cy im na oszcz\u0119dno\u015bci miejsca.","robots":{"index":"index","follow":"follow","max-snippet":"max-snippet:-1","max-image-preview":"max-image-preview:large","max-video-preview":"max-video-preview:-1"},"canonical":"https:\/\/meblekuchenne.pl\/sklep\/product\/slupek-sd-ss2-szer-40-60-cm-spizarnia-2-szuflady-slim-kammono\/","og_locale":"pl_PL","og_type":"article","og_title":"S\u0142upek SD...SS2- szer. 40-60 cm - spi\u017carnia - 2 szuflady Slim - KamMono","og_description":"S\u0142upek SD...SS2 \u2013 spi\u017carnia to idealny wyb\u00f3r dla os\u00f3b, kt\u00f3re szukaj\u0105 funkcjonalnej spi\u017carni w kuchni, a jednocze\u015bnie zale\u017cy im na oszcz\u0119dno\u015bci miejsca.","og_url":"https:\/\/meblekuchenne.pl\/sklep\/product\/slupek-sd-ss2-szer-40-60-cm-spizarnia-2-szuflady-slim-kammono\/","og_site_name":"MebleKuchenne.PL - SKLEP","article_modified_time":"2026-04-01T11:37:11+00:00","og_image":[{"width":1600,"height":1080,"url":"https:\/\/meblekuchenne.pl\/sklep\/wp-content\/uploads\/2025\/02\/sd50ss2-71-3.webp","type":"image\/webp"}],"twitter_card":"summary_large_image","twitter_misc":{"Dost\u0119pno\u015b\u0107":"Dost\u0119pny"},"schema":{"@context":"https:\/\/schema.org","@graph":[{"@type":"WebPage","@id":"https:\/\/meblekuchenne.pl\/sklep\/product\/slupek-sd-ss2-szer-40-60-cm-spizarnia-2-szuflady-slim-kammono\/","url":"https:\/\/meblekuchenne.pl\/sklep\/product\/slupek-sd-ss2-szer-40-60-cm-spizarnia-2-szuflady-slim-kammono\/","name":"S\u0142upek SD...SS2 \u2013 spi\u017carnia","isPartOf":{"@id":"https:\/\/meblekuchenne.pl\/sklep\/#website"},"primaryImageOfPage":{"@id":"https:\/\/meblekuchenne.pl\/sklep\/product\/slupek-sd-ss2-szer-40-60-cm-spizarnia-2-szuflady-slim-kammono\/#primaryimage"},"image":{"@id":"https:\/\/meblekuchenne.pl\/sklep\/product\/slupek-sd-ss2-szer-40-60-cm-spizarnia-2-szuflady-slim-kammono\/#primaryimage"},"thumbnailUrl":"https:\/\/meblekuchenne.pl\/sklep\/wp-content\/uploads\/2025\/02\/sd50ss2-71-3.webp","datePublished":"2025-02-21T17:57:25+00:00","dateModified":"2026-04-01T11:37:11+00:00","description":"S\u0142upek SD...SS2 \u2013 spi\u017carnia to idealny wyb\u00f3r dla os\u00f3b, kt\u00f3re szukaj\u0105 funkcjonalnej spi\u017carni w kuchni, a jednocze\u015bnie zale\u017cy im na oszcz\u0119dno\u015bci miejsca.","breadcrumb":{"@id":"https:\/\/meblekuchenne.pl\/sklep\/product\/slupek-sd-ss2-szer-40-60-cm-spizarnia-2-szuflady-slim-kammono\/#breadcrumb"},"inLanguage":"pl-PL","potentialAction":[{"@type":"ReadAction","target":["https:\/\/meblekuchenne.pl\/sklep\/product\/slupek-sd-ss2-szer-40-60-cm-spizarnia-2-szuflady-slim-kammono\/"]}]},{"@type":"ImageObject","inLanguage":"pl-PL","@id":"https:\/\/meblekuchenne.pl\/sklep\/product\/slupek-sd-ss2-szer-40-60-cm-spizarnia-2-szuflady-slim-kammono\/#primaryimage","url":"https:\/\/meblekuchenne.pl\/sklep\/wp-content\/uploads\/2025\/02\/sd50ss2-71-3.webp","contentUrl":"https:\/\/meblekuchenne.pl\/sklep\/wp-content\/uploads\/2025\/02\/sd50ss2-71-3.webp","width":1600,"height":1080},{"@type":"BreadcrumbList","@id":"https:\/\/meblekuchenne.pl\/sklep\/product\/slupek-sd-ss2-szer-40-60-cm-spizarnia-2-szuflady-slim-kammono\/#breadcrumb","itemListElement":[{"@type":"ListItem","position":1,"name":"Strona g\u0142\u00f3wna","item":"https:\/\/meblekuchenne.pl\/sklep\/"},{"@type":"ListItem","position":2,"name":"Sklep","item":"https:\/\/meblekuchenne.pl\/sklep\/sklep\/"},{"@type":"ListItem","position":3,"name":"S\u0142upek SD&#8230;SS2- szer. 40-60 cm &#8211; spi\u017carnia &#8211; 2 szuflady Slim &#8211; KamMono"}]},{"@type":"WebSite","@id":"https:\/\/meblekuchenne.pl\/sklep\/#website","url":"https:\/\/meblekuchenne.pl\/sklep\/","name":"MebleKuchenne.PL - SKLEP","description":"","publisher":{"@id":"https:\/\/meblekuchenne.pl\/sklep\/#organization"},"potentialAction":[{"@type":"SearchAction","target":{"@type":"EntryPoint","urlTemplate":"https:\/\/meblekuchenne.pl\/sklep\/?s={search_term_string}"},"query-input":{"@type":"PropertyValueSpecification","valueRequired":true,"valueName":"search_term_string"}}],"inLanguage":"pl-PL"},{"@type":"Organization","@id":"https:\/\/meblekuchenne.pl\/sklep\/#organization","name":"MebleKuchenne.PL - SKLEP","url":"https:\/\/meblekuchenne.pl\/sklep\/","logo":{"@type":"ImageObject","inLanguage":"pl-PL","@id":"https:\/\/meblekuchenne.pl\/sklep\/#\/schema\/logo\/image\/","url":"https:\/\/meblekuchenne.pl\/sklep\/wp-content\/uploads\/2025\/06\/cropped-cropped-logo.webp","contentUrl":"https:\/\/meblekuchenne.pl\/sklep\/wp-content\/uploads\/2025\/06\/cropped-cropped-logo.webp","width":735,"height":715,"caption":"MebleKuchenne.PL - SKLEP"},"image":{"@id":"https:\/\/meblekuchenne.pl\/sklep\/#\/schema\/logo\/image\/"}}]},"og_availability":"instock","product_availability":"instock","product_retailer_item_id":"SDSS2","product_condition":"new"},"_links":{"self":[{"href":"https:\/\/meblekuchenne.pl\/sklep\/wp-json\/wp\/v2\/product\/45443","targetHints":{"allow":["GET"]}}],"collection":[{"href":"https:\/\/meblekuchenne.pl\/sklep\/wp-json\/wp\/v2\/product"}],"about":[{"href":"https:\/\/meblekuchenne.pl\/sklep\/wp-json\/wp\/v2\/types\/product"}],"wp:featuredmedia":[{"embeddable":true,"href":"https:\/\/meblekuchenne.pl\/sklep\/wp-json\/wp\/v2\/media\/59968"}],"wp:attachment":[{"href":"https:\/\/meblekuchenne.pl\/sklep\/wp-json\/wp\/v2\/media?parent=45443"}],"wp:term":[{"taxonomy":"product_brand","embeddable":true,"href":"https:\/\/meblekuchenne.pl\/sklep\/wp-json\/wp\/v2\/product_brand?post=45443"},{"taxonomy":"product_cat","embeddable":true,"href":"https:\/\/meblekuchenne.pl\/sklep\/wp-json\/wp\/v2\/product_cat?post=45443"},{"taxonomy":"product_tag","embeddable":true,"href":"https:\/\/meblekuchenne.pl\/sklep\/wp-json\/wp\/v2\/product_tag?post=45443"}],"curies":[{"name":"wp","href":"https:\/\/api.w.org\/{rel}","templated":true}]}}