{"id":43103,"date":"2025-02-21T18:31:10","date_gmt":"2025-02-21T17:31:10","guid":{"rendered":"https:\/\/meblekuchenne.pl\/sklep\/?post_type=product&#038;p=43103"},"modified":"2026-04-01T13:29:01","modified_gmt":"2026-04-01T11:29:01","slug":"szafka-dolna-kam-mono-d-szer-30-60-cm","status":"publish","type":"product","link":"https:\/\/meblekuchenne.pl\/sklep\/product\/szafka-dolna-kam-mono-d-szer-30-60-cm\/","title":{"rendered":"Szafka dolna Kam Mono D\u2026 szer. 30-60 cm"},"content":{"rendered":"<h2>Szafka dolna D&#8230; .1 &#8211; szer. 30 &#8211; 60 cm | KAMMONO<\/h2>\n<p>Szafka dolna &#8211; szer. 30, 35, 40, 45, 50, 55, 60 cm, wys. 71 cm, g\u0142. 51 cm<\/p>\n<h3>Nowoczesny i funkcjonalny mebel<\/h3>\n<p>Szafka dolna D&#8230; .1 &#8211; szer. 30 &#8211; 60 cm z jednym frontem wyst\u0119puje w kilku szeroko\u015bciach do wyboru. To rozwi\u0105zanie zapewnia jeszcze lepsze dopasowanie do wymiar\u00f3w Twojej kuchni i wychodzi naprzeciw Twoim potrzebom.<\/p>\n<p>Dost\u0119pne szeroko\u015bci szafki dolnej Kam Mono:<\/p>\n<ul>\n<li>30 cm<\/li>\n<li>35 cm<\/li>\n<li>40 cm<\/li>\n<li>45 cm<\/li>\n<li>50 cm<\/li>\n<li>55 cm<\/li>\n<li>60 cm<\/li>\n<\/ul>\n<h3>Szafka dolna D&#8230; .1 &#8211; szer. 30 &#8211; 60 cm specyfikacja:<\/h3>\n<ul>\n<li>g\u0142\u0119boko\u015b\u0107 z frontem 51 cm<\/li>\n<li>n\u00f3\u017cki z regulacj\u0105 wysoko\u015bci do wyboru &#8211; 10 lub 15 cm<\/li>\n<li>Ca\u0142kowita wysoko\u015b\u0107 szafki: 71 cm + n\u00f3\u017cki regulowane o wysoko\u015bci 10 cm lub 15 cm<\/li>\n<li>korpus wykonany z p\u0142yty 16 mm w kilku kolorach do wyboru<\/li>\n<li>grubo\u015b\u0107 frontu zale\u017cy od wybranej kolekcji (dla frontu F4, F6, F8, F10, F11 &#8211; 16 mm, fronty z grupy P2, P4 K2, KC2, KC4 &#8211; 18 mm, fronty M &#8211; 18 mm, fronty lakierowane L &#8211; 19 mm)<\/li>\n<li>uchwyty meblowe do wyboru<\/li>\n<li>wewn\u0105trz szafki dolnej jedna p\u00f3\u0142ka &#8211; mo\u017cliwo\u015b\u0107 regulacji jej po\u0142o\u017cenia<\/li>\n<li>zawiasy z cichym domkiem zapobiegaj\u0105 trzaskaniu i sprawiaj\u0105, \u017ce meble kuchenne maj\u0105 d\u0142u\u017csz\u0105 \u017cywotno\u015b\u0107<\/li>\n<li>szafka do samodzielnego monta\u017cu przy pomocy do\u0142\u0105czonej instrukcji &#8211; w komplecie wszystkie niezb\u0119dne elementy monta\u017cowe<\/li>\n<\/ul>\n<h3>Szafka dolna KamMono to nowoczesny i funkcjonalny mebel, kt\u00f3ry doskonale sprawdzi si\u0119 w ka\u017cdej kuchni.<\/h3>\n<p><strong><em>Zosta\u0142a wykonana z trwa\u0142ych i wysokiej jako\u015bci materia\u0142\u00f3w i <\/em><\/strong>zapewnia solidno\u015b\u0107 i odporno\u015b\u0107 na codzienne u\u017cytkowanie. Producent znany jest z precyzji wykonania i dba\u0142o\u015bci o detale, co gwarantuje niezawodno\u015b\u0107. Dzi\u0119ki wieloletniemu do\u015bwiadczeniu firma zyska\u0142a zaufanie klient\u00f3w i oferuje produkty \u0142\u0105cz\u0105ce estetyk\u0119 z funkcjonalno\u015bci\u0105.<\/p>\n<p>Postaw na meble Kam i ciesz si\u0119 pi\u0119kn\u0105 kuchni\u0105 przez d\u0142ugie lata!<\/p>\n","protected":false},"excerpt":{"rendered":"<p>Szafka dolna KamMono D30.1-D60.1 cm \u2013 dost\u0119pna w szeroko\u015bciach od 30 do 60 cm, z regulowanymi n\u00f3\u017ckami i cichym domykiem. Idealna do ka\u017cdej kuchni, trwa\u0142a i funkcjonalna. Wykonana z wysokiej jako\u015bci materia\u0142\u00f3w, zapewnia d\u0142ugowieczno\u015b\u0107 i odporno\u015b\u0107 na codzienne u\u017cytkowanie. Prosty monta\u017c i mo\u017cliwo\u015b\u0107 dopasowania do r\u00f3\u017cnych aran\u017cacji wn\u0119trz.<\/p>\n","protected":false},"featured_media":59877,"template":"","meta":[],"product_brand":[710],"product_cat":[773,780,454,468,480],"product_tag":[],"class_list":{"0":"post-43103","1":"product","2":"type-product","3":"status-publish","4":"has-post-thumbnail","6":"product_brand-meble-kam","7":"product_cat-szafki-kuchenne-stojace-ogolne","8":"product_cat-z-polkami-sklep","9":"product_cat-meble-kam-mono","10":"product_cat-szafka-kuchenna-stojaca","11":"product_cat-szafki-dolne-d-glebokosc-51-cm","12":"product_shipping_class-szafka-dolna-kam","13":"pa_front-f10","14":"pa_front-f11","15":"pa_front-f4","16":"pa_front-f6","17":"pa_front-f7","18":"pa_front-f8","19":"pa_front-fg2","20":"pa_front-k2","21":"pa_front-kc2","22":"pa_front-kc4","23":"pa_front-l4-mat","24":"pa_front-l4-polysk","25":"pa_front-m4","26":"pa_front-os_2","27":"pa_front-os_2black","28":"pa_front-p00","29":"pa_front-p2","30":"pa_front-p4","31":"pa_rozmiar-30-cm","32":"pa_rozmiar-35-cm","33":"pa_rozmiar-40-cm","34":"pa_rozmiar-45-cm","35":"pa_rozmiar-50-cm","36":"pa_rozmiar-55-cm","37":"pa_rozmiar-60-cm","39":"first","40":"instock","41":"shipping-taxable","42":"purchasable","43":"product-type-variable"},"yoast_head":"<!-- This site is optimized with the Yoast SEO Premium plugin v25.0 (Yoast SEO v25.0) - https:\/\/yoast.com\/wordpress\/plugins\/seo\/ -->\n<title>Szafka dolna D... .1 - szer. 30 - 60 cm<\/title>\n<meta name=\"description\" content=\"Szafka dolna D... .1 - szer. 30 - 60 cm idealna do ka\u017cdej kuchni, trwa\u0142a i funkcjonalna. Wykonana z wysokiej jako\u015bci materia\u0142\u00f3w,\" \/>\n<meta name=\"robots\" content=\"index, follow, max-snippet:-1, max-image-preview:large, max-video-preview:-1\" \/>\n<link rel=\"canonical\" href=\"https:\/\/meblekuchenne.pl\/sklep\/product\/szafka-dolna-kam-mono-d-szer-30-60-cm\/\" \/>\n<meta property=\"og:locale\" content=\"pl_PL\" \/>\n<meta property=\"og:type\" content=\"article\" \/>\n<meta property=\"og:title\" content=\"Szafka dolna Kam Mono D\u2026 szer. 30-60 cm\" \/>\n<meta property=\"og:description\" content=\"Szafka dolna D... .1 - szer. 30 - 60 cm idealna do ka\u017cdej kuchni, trwa\u0142a i funkcjonalna. Wykonana z wysokiej jako\u015bci materia\u0142\u00f3w,\" \/>\n<meta property=\"og:url\" content=\"https:\/\/meblekuchenne.pl\/sklep\/product\/szafka-dolna-kam-mono-d-szer-30-60-cm\/\" \/>\n<meta property=\"og:site_name\" content=\"MebleKuchenne.PL - SKLEP\" \/>\n<meta property=\"article:modified_time\" content=\"2026-04-01T11:29:01+00:00\" \/>\n<meta property=\"og:image\" content=\"https:\/\/meblekuchenne.pl\/sklep\/wp-content\/uploads\/2025\/02\/d45-1-1.webp\" \/>\n\t<meta property=\"og:image:width\" content=\"1600\" \/>\n\t<meta property=\"og:image:height\" content=\"1080\" \/>\n\t<meta property=\"og:image:type\" content=\"image\/webp\" \/>\n<meta name=\"twitter:card\" content=\"summary_large_image\" \/>\n<meta name=\"twitter:label1\" content=\"Dost\u0119pno\u015b\u0107\" \/>\n\t<meta name=\"twitter:data1\" content=\"Dost\u0119pny\" \/>\n<script type=\"application\/ld+json\" class=\"yoast-schema-graph\">{\"@context\":\"https:\/\/schema.org\",\"@graph\":[{\"@type\":\"WebPage\",\"@id\":\"https:\/\/meblekuchenne.pl\/sklep\/product\/szafka-dolna-kam-mono-d-szer-30-60-cm\/\",\"url\":\"https:\/\/meblekuchenne.pl\/sklep\/product\/szafka-dolna-kam-mono-d-szer-30-60-cm\/\",\"name\":\"Szafka dolna D... .1 - szer. 30 - 60 cm\",\"isPartOf\":{\"@id\":\"https:\/\/meblekuchenne.pl\/sklep\/#website\"},\"primaryImageOfPage\":{\"@id\":\"https:\/\/meblekuchenne.pl\/sklep\/product\/szafka-dolna-kam-mono-d-szer-30-60-cm\/#primaryimage\"},\"image\":{\"@id\":\"https:\/\/meblekuchenne.pl\/sklep\/product\/szafka-dolna-kam-mono-d-szer-30-60-cm\/#primaryimage\"},\"thumbnailUrl\":\"https:\/\/meblekuchenne.pl\/sklep\/wp-content\/uploads\/2025\/02\/d45-1-1.webp\",\"datePublished\":\"2025-02-21T17:31:10+00:00\",\"dateModified\":\"2026-04-01T11:29:01+00:00\",\"description\":\"Szafka dolna D... .1 - szer. 30 - 60 cm idealna do ka\u017cdej kuchni, trwa\u0142a i funkcjonalna. Wykonana z wysokiej jako\u015bci materia\u0142\u00f3w,\",\"breadcrumb\":{\"@id\":\"https:\/\/meblekuchenne.pl\/sklep\/product\/szafka-dolna-kam-mono-d-szer-30-60-cm\/#breadcrumb\"},\"inLanguage\":\"pl-PL\",\"potentialAction\":[{\"@type\":\"ReadAction\",\"target\":[\"https:\/\/meblekuchenne.pl\/sklep\/product\/szafka-dolna-kam-mono-d-szer-30-60-cm\/\"]}]},{\"@type\":\"ImageObject\",\"inLanguage\":\"pl-PL\",\"@id\":\"https:\/\/meblekuchenne.pl\/sklep\/product\/szafka-dolna-kam-mono-d-szer-30-60-cm\/#primaryimage\",\"url\":\"https:\/\/meblekuchenne.pl\/sklep\/wp-content\/uploads\/2025\/02\/d45-1-1.webp\",\"contentUrl\":\"https:\/\/meblekuchenne.pl\/sklep\/wp-content\/uploads\/2025\/02\/d45-1-1.webp\",\"width\":1600,\"height\":1080},{\"@type\":\"BreadcrumbList\",\"@id\":\"https:\/\/meblekuchenne.pl\/sklep\/product\/szafka-dolna-kam-mono-d-szer-30-60-cm\/#breadcrumb\",\"itemListElement\":[{\"@type\":\"ListItem\",\"position\":1,\"name\":\"Strona g\u0142\u00f3wna\",\"item\":\"https:\/\/meblekuchenne.pl\/sklep\/\"},{\"@type\":\"ListItem\",\"position\":2,\"name\":\"Sklep\",\"item\":\"https:\/\/meblekuchenne.pl\/sklep\/sklep\/\"},{\"@type\":\"ListItem\",\"position\":3,\"name\":\"Szafka dolna Kam Mono D\u2026 szer. 30-60 cm\"}]},{\"@type\":\"WebSite\",\"@id\":\"https:\/\/meblekuchenne.pl\/sklep\/#website\",\"url\":\"https:\/\/meblekuchenne.pl\/sklep\/\",\"name\":\"MebleKuchenne.PL - SKLEP\",\"description\":\"\",\"publisher\":{\"@id\":\"https:\/\/meblekuchenne.pl\/sklep\/#organization\"},\"potentialAction\":[{\"@type\":\"SearchAction\",\"target\":{\"@type\":\"EntryPoint\",\"urlTemplate\":\"https:\/\/meblekuchenne.pl\/sklep\/?s={search_term_string}\"},\"query-input\":{\"@type\":\"PropertyValueSpecification\",\"valueRequired\":true,\"valueName\":\"search_term_string\"}}],\"inLanguage\":\"pl-PL\"},{\"@type\":\"Organization\",\"@id\":\"https:\/\/meblekuchenne.pl\/sklep\/#organization\",\"name\":\"MebleKuchenne.PL - SKLEP\",\"url\":\"https:\/\/meblekuchenne.pl\/sklep\/\",\"logo\":{\"@type\":\"ImageObject\",\"inLanguage\":\"pl-PL\",\"@id\":\"https:\/\/meblekuchenne.pl\/sklep\/#\/schema\/logo\/image\/\",\"url\":\"https:\/\/meblekuchenne.pl\/sklep\/wp-content\/uploads\/2025\/06\/cropped-cropped-logo.webp\",\"contentUrl\":\"https:\/\/meblekuchenne.pl\/sklep\/wp-content\/uploads\/2025\/06\/cropped-cropped-logo.webp\",\"width\":735,\"height\":715,\"caption\":\"MebleKuchenne.PL - SKLEP\"},\"image\":{\"@id\":\"https:\/\/meblekuchenne.pl\/sklep\/#\/schema\/logo\/image\/\"}}]}<\/script>\n<meta property=\"og:availability\" content=\"instock\" \/>\n<meta property=\"product:availability\" content=\"instock\" \/>\n<meta property=\"product:retailer_item_id\" content=\"D.1\" \/>\n<meta property=\"product:condition\" content=\"new\" \/>\n<!-- \/ Yoast SEO Premium plugin. -->","yoast_head_json":{"title":"Szafka dolna D... .1 - szer. 30 - 60 cm","description":"Szafka dolna D... .1 - szer. 30 - 60 cm idealna do ka\u017cdej kuchni, trwa\u0142a i funkcjonalna. Wykonana z wysokiej jako\u015bci materia\u0142\u00f3w,","robots":{"index":"index","follow":"follow","max-snippet":"max-snippet:-1","max-image-preview":"max-image-preview:large","max-video-preview":"max-video-preview:-1"},"canonical":"https:\/\/meblekuchenne.pl\/sklep\/product\/szafka-dolna-kam-mono-d-szer-30-60-cm\/","og_locale":"pl_PL","og_type":"article","og_title":"Szafka dolna Kam Mono D\u2026 szer. 30-60 cm","og_description":"Szafka dolna D... .1 - szer. 30 - 60 cm idealna do ka\u017cdej kuchni, trwa\u0142a i funkcjonalna. Wykonana z wysokiej jako\u015bci materia\u0142\u00f3w,","og_url":"https:\/\/meblekuchenne.pl\/sklep\/product\/szafka-dolna-kam-mono-d-szer-30-60-cm\/","og_site_name":"MebleKuchenne.PL - SKLEP","article_modified_time":"2026-04-01T11:29:01+00:00","og_image":[{"width":1600,"height":1080,"url":"https:\/\/meblekuchenne.pl\/sklep\/wp-content\/uploads\/2025\/02\/d45-1-1.webp","type":"image\/webp"}],"twitter_card":"summary_large_image","twitter_misc":{"Dost\u0119pno\u015b\u0107":"Dost\u0119pny"},"schema":{"@context":"https:\/\/schema.org","@graph":[{"@type":"WebPage","@id":"https:\/\/meblekuchenne.pl\/sklep\/product\/szafka-dolna-kam-mono-d-szer-30-60-cm\/","url":"https:\/\/meblekuchenne.pl\/sklep\/product\/szafka-dolna-kam-mono-d-szer-30-60-cm\/","name":"Szafka dolna D... .1 - szer. 30 - 60 cm","isPartOf":{"@id":"https:\/\/meblekuchenne.pl\/sklep\/#website"},"primaryImageOfPage":{"@id":"https:\/\/meblekuchenne.pl\/sklep\/product\/szafka-dolna-kam-mono-d-szer-30-60-cm\/#primaryimage"},"image":{"@id":"https:\/\/meblekuchenne.pl\/sklep\/product\/szafka-dolna-kam-mono-d-szer-30-60-cm\/#primaryimage"},"thumbnailUrl":"https:\/\/meblekuchenne.pl\/sklep\/wp-content\/uploads\/2025\/02\/d45-1-1.webp","datePublished":"2025-02-21T17:31:10+00:00","dateModified":"2026-04-01T11:29:01+00:00","description":"Szafka dolna D... .1 - szer. 30 - 60 cm idealna do ka\u017cdej kuchni, trwa\u0142a i funkcjonalna. Wykonana z wysokiej jako\u015bci materia\u0142\u00f3w,","breadcrumb":{"@id":"https:\/\/meblekuchenne.pl\/sklep\/product\/szafka-dolna-kam-mono-d-szer-30-60-cm\/#breadcrumb"},"inLanguage":"pl-PL","potentialAction":[{"@type":"ReadAction","target":["https:\/\/meblekuchenne.pl\/sklep\/product\/szafka-dolna-kam-mono-d-szer-30-60-cm\/"]}]},{"@type":"ImageObject","inLanguage":"pl-PL","@id":"https:\/\/meblekuchenne.pl\/sklep\/product\/szafka-dolna-kam-mono-d-szer-30-60-cm\/#primaryimage","url":"https:\/\/meblekuchenne.pl\/sklep\/wp-content\/uploads\/2025\/02\/d45-1-1.webp","contentUrl":"https:\/\/meblekuchenne.pl\/sklep\/wp-content\/uploads\/2025\/02\/d45-1-1.webp","width":1600,"height":1080},{"@type":"BreadcrumbList","@id":"https:\/\/meblekuchenne.pl\/sklep\/product\/szafka-dolna-kam-mono-d-szer-30-60-cm\/#breadcrumb","itemListElement":[{"@type":"ListItem","position":1,"name":"Strona g\u0142\u00f3wna","item":"https:\/\/meblekuchenne.pl\/sklep\/"},{"@type":"ListItem","position":2,"name":"Sklep","item":"https:\/\/meblekuchenne.pl\/sklep\/sklep\/"},{"@type":"ListItem","position":3,"name":"Szafka dolna Kam Mono D\u2026 szer. 30-60 cm"}]},{"@type":"WebSite","@id":"https:\/\/meblekuchenne.pl\/sklep\/#website","url":"https:\/\/meblekuchenne.pl\/sklep\/","name":"MebleKuchenne.PL - SKLEP","description":"","publisher":{"@id":"https:\/\/meblekuchenne.pl\/sklep\/#organization"},"potentialAction":[{"@type":"SearchAction","target":{"@type":"EntryPoint","urlTemplate":"https:\/\/meblekuchenne.pl\/sklep\/?s={search_term_string}"},"query-input":{"@type":"PropertyValueSpecification","valueRequired":true,"valueName":"search_term_string"}}],"inLanguage":"pl-PL"},{"@type":"Organization","@id":"https:\/\/meblekuchenne.pl\/sklep\/#organization","name":"MebleKuchenne.PL - SKLEP","url":"https:\/\/meblekuchenne.pl\/sklep\/","logo":{"@type":"ImageObject","inLanguage":"pl-PL","@id":"https:\/\/meblekuchenne.pl\/sklep\/#\/schema\/logo\/image\/","url":"https:\/\/meblekuchenne.pl\/sklep\/wp-content\/uploads\/2025\/06\/cropped-cropped-logo.webp","contentUrl":"https:\/\/meblekuchenne.pl\/sklep\/wp-content\/uploads\/2025\/06\/cropped-cropped-logo.webp","width":735,"height":715,"caption":"MebleKuchenne.PL - SKLEP"},"image":{"@id":"https:\/\/meblekuchenne.pl\/sklep\/#\/schema\/logo\/image\/"}}]},"og_availability":"instock","product_availability":"instock","product_retailer_item_id":"D.1","product_condition":"new"},"_links":{"self":[{"href":"https:\/\/meblekuchenne.pl\/sklep\/wp-json\/wp\/v2\/product\/43103","targetHints":{"allow":["GET"]}}],"collection":[{"href":"https:\/\/meblekuchenne.pl\/sklep\/wp-json\/wp\/v2\/product"}],"about":[{"href":"https:\/\/meblekuchenne.pl\/sklep\/wp-json\/wp\/v2\/types\/product"}],"wp:featuredmedia":[{"embeddable":true,"href":"https:\/\/meblekuchenne.pl\/sklep\/wp-json\/wp\/v2\/media\/59877"}],"wp:attachment":[{"href":"https:\/\/meblekuchenne.pl\/sklep\/wp-json\/wp\/v2\/media?parent=43103"}],"wp:term":[{"taxonomy":"product_brand","embeddable":true,"href":"https:\/\/meblekuchenne.pl\/sklep\/wp-json\/wp\/v2\/product_brand?post=43103"},{"taxonomy":"product_cat","embeddable":true,"href":"https:\/\/meblekuchenne.pl\/sklep\/wp-json\/wp\/v2\/product_cat?post=43103"},{"taxonomy":"product_tag","embeddable":true,"href":"https:\/\/meblekuchenne.pl\/sklep\/wp-json\/wp\/v2\/product_tag?post=43103"}],"curies":[{"name":"wp","href":"https:\/\/api.w.org\/{rel}","templated":true}]}}